{"id":4813,"date":"2018-08-13T07:17:29","date_gmt":"2018-08-13T05:17:29","guid":{"rendered":"https:\/\/www.topohvar.at\/?page_id=4813"},"modified":"2021-04-10T09:56:29","modified_gmt":"2021-04-10T07:56:29","slug":"sg-tr-52-1","status":"publish","type":"page","link":"https:\/\/www.topohvar.at\/topo\/orte\/sg\/sg-tr-52-1\/","title":{"rendered":"STARI GRAD &#8211; Trim \u00bbSG-TR-52\u00ab"},"content":{"rendered":"<p><a name=\"seite_oben\"><\/a><br \/>\n<img loading=\"lazy\" decoding=\"async\" class=\"alignnone wp-image-4531 size-large\" src=\"https:\/\/www.topohvar.at\/wp-content\/uploads\/2018\/08\/sg-tr-52-0-1024x503.jpg\" alt=\"\" width=\"640\" height=\"314\" srcset=\"https:\/\/www.topohvar.at\/wp-content\/uploads\/2018\/08\/sg-tr-52-0-1024x503.jpg 1024w, https:\/\/www.topohvar.at\/wp-content\/uploads\/2018\/08\/sg-tr-52-0-300x147.jpg 300w, https:\/\/www.topohvar.at\/wp-content\/uploads\/2018\/08\/sg-tr-52-0-768x377.jpg 768w, https:\/\/www.topohvar.at\/wp-content\/uploads\/2018\/08\/sg-tr-52-0.jpg 1080w\" sizes=\"auto, (max-width: 640px) 100vw, 640px\" \/><\/p>\n<p><strong>Ime \/ Name<br \/>\n<\/strong>Trim \u00bbSG-TR-52\u00ab<br \/>\n<strong>Code: <\/strong>SG-TR-52\u00a0 \u00a0 \u00a0 \u00a0 \u00a0 \u00a0 \u00a0 \u00a0 \u00a0 \u00a0 \u00a0 \u00a0 \u00a0 \u00a0 \u00a0 \u00a0 \u00a0 \u00a0 \u00a0 \u00a0\u00a0<strong><a href=\"https:\/\/www.topohvar.at\/orte\/sg\/sg-tr-00-1\/\"><img loading=\"lazy\" decoding=\"async\" class=\"alignnone wp-image-12300 size-full\" src=\"https:\/\/www.topohvar.at\/wp-content\/uploads\/2018\/09\/push-vor-30.jpg\" alt=\"\" width=\"61\" height=\"30\" \/><\/a> <a href=\"https:\/\/www.topohvar.at\/orte\/sg\/sg-tr-51-1\/\"><img loading=\"lazy\" decoding=\"async\" class=\"alignnone wp-image-533 size-full\" src=\"https:\/\/www.topohvar.at\/wp-content\/uploads\/2018\/07\/push-l-30.jpg\" alt=\"\" width=\"61\" height=\"30\" \/><\/a> <a href=\"https:\/\/www.topohvar.at\/orte\/sg\/\"><img loading=\"lazy\" decoding=\"async\" class=\"alignnone wp-image-535 size-full\" src=\"https:\/\/www.topohvar.at\/wp-content\/uploads\/2018\/07\/push-o-30.jpg\" alt=\"\" width=\"61\" height=\"30\" \/><\/a> <a href=\"https:\/\/www.topohvar.at\/orte\/sg\/sg-tr-a6-1\/\"><img loading=\"lazy\" decoding=\"async\" class=\"alignnone wp-image-536 size-full\" src=\"https:\/\/www.topohvar.at\/wp-content\/uploads\/2018\/07\/push-r-30.jpg\" alt=\"\" width=\"61\" height=\"30\" \/><\/a><\/strong><\/p>\n<hr \/>\n<p><strong>Adresa \/ Adresse<br \/>\n<\/strong>Stari Grad, Polje, Kaladi\u0107<\/p>\n<p><strong>Lokacija \/ Position<a href=\"https:\/\/goo.gl\/maps\/jLWqbqsKNdVnauF4A\"><img loading=\"lazy\" decoding=\"async\" class=\"alignright wp-image-5208\" src=\"https:\/\/www.topohvar.at\/wp-content\/uploads\/2018\/08\/0693.jpg\" alt=\"\" width=\"133\" height=\"100\" \/><\/a><br \/>\n<\/strong><span style=\"color: #3366ff;\"><a style=\"color: #3366ff;\" href=\"https:\/\/goo.gl\/maps\/jLWqbqsKNdVnauF4A\">Latitude: N 43,19201\u00b0\u00a0 \u00a0Longitude: E 16,62786\u00b0<\/a> <\/span><strong><br \/>\n<\/strong>Visina \/ H\u00f6he: 16 m<\/p>\n<p><strong>Katastarska \u010destica \/ Grundst\u00fccke<br \/>\n<\/strong>5999<div class='content-column one_half'><div style=\"padding-right:6px;\"><p><strong>Datum snimanja \/ Erfassungsdatum<br \/>\n<\/strong>09.05.2015 11:15:06<\/p>\n<hr \/>\n<p><strong>Informacije<\/strong><\/p>\n<p>Trim s jednom stepenicom nalazi se na terenskoj terasi u suhom kamenom zidu. Na sljede\u0107i vi\u0161i nivo maslinika dolazite kroz kamenih blokova desno od ulaza. S obje strane ulaza, zidovi trima su o\u017ebukani. Trim se mo\u017ee zaklju\u010dati s drvenim vratima i unutra\u0161njost ima tri zidne ni\u0161e.<\/p><\/div><\/div><div class='content-column one_half last_column'><div style=\"padding-right:0px;padding-left:6px;\"><p><strong>Stupanj za\u0161tite \/ Schutzstellung<br \/>\n<\/strong>&#8211;<\/p>\n<hr \/>\n<p><strong>Info<\/strong><\/p>\n<p>Der einstufige Trim befindet sich an einer Gel\u00e4ndestufe in einer Trockensteinmauer. Zur n\u00e4chsth\u00f6heren Ebene des Olivengartens kommt man \u00fcber Steinbl\u00f6cke rechts vom Eingang. Beiderseits des Einganges sind die Trimw\u00e4nde verputzt. Der Trim ist mit einer Holzt\u00fcre verschlie\u00dfbar und besitzt in seinem Inneren drei Wandnischen.<\/p><\/div><\/div><div class='clear_column'><\/div><div class='content-column one_half'><div style=\"padding-right:6px;\"><p>Broj &#8222;21&#8220; iz evidencije KO u Splitu. Teren sa studentima krajobrazne arhitekture UNIZG, studeni 2013.<\/p><\/div><\/div><div class='content-column one_half last_column'><div style=\"padding-right:0px;padding-left:6px;\"><p>Die Nummer &#8222;21&#8220; ist in Evidenz KO in Split. Das Gel\u00e4nde wurde von Studenten der Landschaftsarchitektur UNIZG im November 2013 besucht.<\/p><\/div><\/div><div class='clear_column'><\/div><div class='content-column one_half'><div style=\"padding-right:6px;\"><div id=\"attachment_21905\" style=\"width: 310px\" class=\"wp-caption aligncenter\"><img loading=\"lazy\" decoding=\"async\" aria-describedby=\"caption-attachment-21905\" class=\"wp-image-21905\" src=\"https:\/\/www.topohvar.at\/wp-content\/uploads\/2019\/04\/sg-tr-52-11.jpg\" alt=\"\" width=\"300\" height=\"300\" srcset=\"https:\/\/www.topohvar.at\/wp-content\/uploads\/2019\/04\/sg-tr-52-11.jpg 530w, https:\/\/www.topohvar.at\/wp-content\/uploads\/2019\/04\/sg-tr-52-11-150x150.jpg 150w, https:\/\/www.topohvar.at\/wp-content\/uploads\/2019\/04\/sg-tr-52-11-300x300.jpg 300w\" sizes=\"auto, (max-width: 300px) 100vw, 300px\" \/><p id=\"caption-attachment-21905\" class=\"wp-caption-text\">Ulaz \/ Eingang<\/p><\/div>\n<p>Dana 02.10.2018 trim je posje\u0107en i ustanovljeno je sljede\u0107e:<\/p>\n<p>Lokacija: maslinik<br \/>\nPodloga: ravna<br \/>\nPovezan s: kamenim zidom<br \/>\nUpotreba: u upotrebi s mogu\u0107no\u0161\u0107u zaklju\u010davanja<br \/>\nStanje: dobro sa\u010duvan<br \/>\nBroj stepenica trima: 1<br \/>\nDodatni kameni prsten: nema kamenog prstena<br \/>\nStepeni\u0161te: nema<br \/>\nOblik kamena: zaokru\u017een<br \/>\nPodru\u010dje ispred ulaza: lako dostupno<br \/>\nOrijentacija ulaza: I (90\u00b0)<br \/>\nPromjer trima (cm): 390<br \/>\nVisina trima (cm): 240<br \/>\nVisina stepenica (cm): stepenica 1: 185<br \/>\nDebljina zida (cm): 80<br \/>\n\u0160irina vrata (cm): 75<br \/>\nVisina vrata (cm): 125<br \/>\n\u0160irina unutra (cm): 230<br \/>\nVisina unutra (cm): 220<br \/>\nVolumen iznutra (m3): 6,46<br \/>\nNi\u0161a 1 (P\/\u0160\/V\/D) (cm): 50 \/ 40 \/ 45 \/ 45<br \/>\nni\u0161a 2 (P\/\u0160\/V\/D) (cm): 70 \/ 30 \/ 40 \/ 50<br \/>\nni\u0161a 3 (P\/\u0160\/V\/D) (cm): 50 \/ 35 \/ 35 \/ 35<\/p><\/div><\/div><div class='content-column one_half last_column'><div style=\"padding-right:0px;padding-left:6px;\"><div id=\"attachment_21906\" style=\"width: 310px\" class=\"wp-caption aligncenter\"><img loading=\"lazy\" decoding=\"async\" aria-describedby=\"caption-attachment-21906\" class=\"wp-image-21906\" src=\"https:\/\/www.topohvar.at\/wp-content\/uploads\/2019\/04\/sg-tr-52-12.jpg\" alt=\"\" width=\"300\" height=\"300\" srcset=\"https:\/\/www.topohvar.at\/wp-content\/uploads\/2019\/04\/sg-tr-52-12.jpg 530w, https:\/\/www.topohvar.at\/wp-content\/uploads\/2019\/04\/sg-tr-52-12-150x150.jpg 150w, https:\/\/www.topohvar.at\/wp-content\/uploads\/2019\/04\/sg-tr-52-12-300x300.jpg 300w\" sizes=\"auto, (max-width: 300px) 100vw, 300px\" \/><p id=\"caption-attachment-21906\" class=\"wp-caption-text\">Trim 2018<\/p><\/div>\n<p>Am 02.10.2018 wurde der Trim besucht und n\u00e4her untersucht:<\/p>\n<p>Standort: Olivenhain<br \/>\nUntergrund: eben<br \/>\nVerbunden mit: Steinmauer<br \/>\nNutzung: genutzt, verschlie\u00dfbar<br \/>\nZustand: gut erhalten<br \/>\nAnzahl der Trimstufen: 1<br \/>\nZus\u00e4tzlicher Steinring: kein Steinring<br \/>\nStiege: keine<br \/>\nSteinform: rundlich<br \/>\nEingangsbereich: frei<br \/>\nEingangsseite: O (90\u00b0)<br \/>\nTrimdurchmesser (cm): 390<br \/>\nTrimh\u00f6he (cm): 240<br \/>\nH\u00f6he der Trimstufen (cm): Stufe 1: 185<br \/>\nWandst\u00e4rke (cm): 80<br \/>\nT\u00fcrbreite (cm): 75<br \/>\nT\u00fcrh\u00f6he (cm): 125<br \/>\nInnenraumbreite (cm): 230<br \/>\nInnenraumh\u00f6he (cm): 220<br \/>\nRaumvolumen (m3): 6,46<br \/>\nNische 1 (P\/B\/H\/T) (cm): 50 \/ 40 \/ 45 \/ 45<br \/>\nNische 2 (P\/B\/H\/T) (cm): 70 \/ 30 \/ 40 \/ 50<br \/>\nNische 3 (P\/B\/H\/T) (cm): 50 \/ 35 \/ 35 \/ 35<\/p><\/div><\/div><div class='clear_column'><\/div> <img loading=\"lazy\" decoding=\"async\" class=\"alignnone size-full wp-image-13339\" src=\"https:\/\/www.topohvar.at\/wp-content\/uploads\/2018\/12\/sg-tr-52-sca.jpg\" alt=\"\" width=\"600\" height=\"900\" srcset=\"https:\/\/www.topohvar.at\/wp-content\/uploads\/2018\/12\/sg-tr-52-sca.jpg 600w, https:\/\/www.topohvar.at\/wp-content\/uploads\/2018\/12\/sg-tr-52-sca-200x300.jpg 200w\" sizes=\"auto, (max-width: 600px) 100vw, 600px\" \/><\/p>\n<p style=\"text-align: right;\"><a href=\"#seite_oben\">natrag na vrh \/ Seitenanfang<\/a><\/p>\n<hr \/>\n<p><strong>Linkovi \/ Links<\/strong><\/p>\n<p>&#8211;<\/p>\n","protected":false},"excerpt":{"rendered":"<p>Ime \/ Name Trim \u00bbSG-TR-52\u00ab Code: SG-TR-52\u00a0 \u00a0 \u00a0 \u00a0 \u00a0 \u00a0 \u00a0 \u00a0 \u00a0 \u00a0 \u00a0 \u00a0 \u00a0 \u00a0 \u00a0 \u00a0 \u00a0 \u00a0 \u00a0 \u00a0\u00a0 Adresa \/ Adresse Stari Grad, Polje, Kaladi\u0107 Lokacija \/ Position Latitude: N 43,19201\u00b0\u00a0 \u00a0Longitude: &hellip; <a href=\"https:\/\/www.topohvar.at\/topo\/orte\/sg\/sg-tr-52-1\/\">Weiterlesen <span class=\"meta-nav\">&rarr;<\/span><\/a><\/p>\n","protected":false},"author":1,"featured_media":0,"parent":99,"menu_order":0,"comment_status":"closed","ping_status":"closed","template":"","meta":{"footnotes":""},"class_list":["post-4813","page","type-page","status-publish","hentry"],"_links":{"self":[{"href":"https:\/\/www.topohvar.at\/topo\/wp-json\/wp\/v2\/pages\/4813","targetHints":{"allow":["GET"]}}],"collection":[{"href":"https:\/\/www.topohvar.at\/topo\/wp-json\/wp\/v2\/pages"}],"about":[{"href":"https:\/\/www.topohvar.at\/topo\/wp-json\/wp\/v2\/types\/page"}],"author":[{"embeddable":true,"href":"https:\/\/www.topohvar.at\/topo\/wp-json\/wp\/v2\/users\/1"}],"replies":[{"embeddable":true,"href":"https:\/\/www.topohvar.at\/topo\/wp-json\/wp\/v2\/comments?post=4813"}],"version-history":[{"count":16,"href":"https:\/\/www.topohvar.at\/topo\/wp-json\/wp\/v2\/pages\/4813\/revisions"}],"predecessor-version":[{"id":47568,"href":"https:\/\/www.topohvar.at\/topo\/wp-json\/wp\/v2\/pages\/4813\/revisions\/47568"}],"up":[{"embeddable":true,"href":"https:\/\/www.topohvar.at\/topo\/wp-json\/wp\/v2\/pages\/99"}],"wp:attachment":[{"href":"https:\/\/www.topohvar.at\/topo\/wp-json\/wp\/v2\/media?parent=4813"}],"curies":[{"name":"wp","href":"https:\/\/api.w.org\/{rel}","templated":true}]}}

<p><a name="seite_oben"></a><br />
<img loading="lazy" decoding="async" class="alignnone wp-image-4531 size-large" src="https://www.topohvar.at/wp-content/uploads/2018/08/sg-tr-52-0-1024x503.jpg" alt="" width="640" height="314" srcset="https://www.topohvar.at/wp-content/uploads/2018/08/sg-tr-52-0-1024x503.jpg 1024w, https://www.topohvar.at/wp-content/uploads/2018/08/sg-tr-52-0-300x147.jpg 300w, https://www.topohvar.at/wp-content/uploads/2018/08/sg-tr-52-0-768x377.jpg 768w, https://www.topohvar.at/wp-content/uploads/2018/08/sg-tr-52-0.jpg 1080w" sizes="auto, (max-width: 640px) 100vw, 640px" /></p>
<p><strong>Ime / Name<br />
</strong>Trim »SG-TR-52«<br />
<strong>Code: </strong>SG-TR-52                                        <strong><a href="https://www.topohvar.at/orte/sg/sg-tr-00-1/"><img loading="lazy" decoding="async" class="alignnone wp-image-12300 size-full" src="https://www.topohvar.at/wp-content/uploads/2018/09/push-vor-30.jpg" alt="" width="61" height="30" /></a> <a href="https://www.topohvar.at/orte/sg/sg-tr-51-1/"><img loading="lazy" decoding="async" class="alignnone wp-image-533 size-full" src="https://www.topohvar.at/wp-content/uploads/2018/07/push-l-30.jpg" alt="" width="61" height="30" /></a> <a href="https://www.topohvar.at/orte/sg/"><img loading="lazy" decoding="async" class="alignnone wp-image-535 size-full" src="https://www.topohvar.at/wp-content/uploads/2018/07/push-o-30.jpg" alt="" width="61" height="30" /></a> <a href="https://www.topohvar.at/orte/sg/sg-tr-a6-1/"><img loading="lazy" decoding="async" class="alignnone wp-image-536 size-full" src="https://www.topohvar.at/wp-content/uploads/2018/07/push-r-30.jpg" alt="" width="61" height="30" /></a></strong></p>
<hr />
<p><strong>Adresa / Adresse<br />
</strong>Stari Grad, Polje, Kaladić</p>
<p><strong>Lokacija / Position<a href="https://goo.gl/maps/jLWqbqsKNdVnauF4A"><img loading="lazy" decoding="async" class="alignright wp-image-5208" src="https://www.topohvar.at/wp-content/uploads/2018/08/0693.jpg" alt="" width="133" height="100" /></a><br />
</strong><span style="color: #3366ff;"><a style="color: #3366ff;" href="https://goo.gl/maps/jLWqbqsKNdVnauF4A">Latitude: N 43,19201°   Longitude: E 16,62786°</a> </span><strong><br />
</strong>Visina / Höhe: 16 m</p>
<p><strong>Katastarska čestica / Grundstücke<br />
</strong>5999<div class='content-column one_half'><div style="padding-right:6px;"><p><strong>Datum snimanja / Erfassungsdatum<br />
</strong>09.05.2015 11:15:06</p>
<hr />
<p><strong>Informacije</strong></p>
<p>Trim s jednom stepenicom nalazi se na terenskoj terasi u suhom kamenom zidu. Na sljedeći viši nivo maslinika dolazite kroz kamenih blokova desno od ulaza. S obje strane ulaza, zidovi trima su ožbukani. Trim se može zaključati s drvenim vratima i unutrašnjost ima tri zidne niše.</p></div></div><div class='content-column one_half last_column'><div style="padding-right:0px;padding-left:6px;"><p><strong>Stupanj zaštite / Schutzstellung<br />
</strong>&#8211;</p>
<hr />
<p><strong>Info</strong></p>
<p>Der einstufige Trim befindet sich an einer Geländestufe in einer Trockensteinmauer. Zur nächsthöheren Ebene des Olivengartens kommt man über Steinblöcke rechts vom Eingang. Beiderseits des Einganges sind die Trimwände verputzt. Der Trim ist mit einer Holztüre verschließbar und besitzt in seinem Inneren drei Wandnischen.</p></div></div><div class='clear_column'></div><div class='content-column one_half'><div style="padding-right:6px;"><p>Broj &#8222;21&#8220; iz evidencije KO u Splitu. Teren sa studentima krajobrazne arhitekture UNIZG, studeni 2013.</p></div></div><div class='content-column one_half last_column'><div style="padding-right:0px;padding-left:6px;"><p>Die Nummer &#8222;21&#8220; ist in Evidenz KO in Split. Das Gelände wurde von Studenten der Landschaftsarchitektur UNIZG im November 2013 besucht.</p></div></div><div class='clear_column'></div><div class='content-column one_half'><div style="padding-right:6px;"><div id="attachment_21905" style="width: 310px" class="wp-caption aligncenter"><img loading="lazy" decoding="async" aria-describedby="caption-attachment-21905" class="wp-image-21905" src="https://www.topohvar.at/wp-content/uploads/2019/04/sg-tr-52-11.jpg" alt="" width="300" height="300" srcset="https://www.topohvar.at/wp-content/uploads/2019/04/sg-tr-52-11.jpg 530w, https://www.topohvar.at/wp-content/uploads/2019/04/sg-tr-52-11-150x150.jpg 150w, https://www.topohvar.at/wp-content/uploads/2019/04/sg-tr-52-11-300x300.jpg 300w" sizes="auto, (max-width: 300px) 100vw, 300px" /><p id="caption-attachment-21905" class="wp-caption-text">Ulaz / Eingang</p></div>
<p>Dana 02.10.2018 trim je posjećen i ustanovljeno je sljedeće:</p>
<p>Lokacija: maslinik<br />
Podloga: ravna<br />
Povezan s: kamenim zidom<br />
Upotreba: u upotrebi s mogućnošću zaključavanja<br />
Stanje: dobro sačuvan<br />
Broj stepenica trima: 1<br />
Dodatni kameni prsten: nema kamenog prstena<br />
Stepenište: nema<br />
Oblik kamena: zaokružen<br />
Područje ispred ulaza: lako dostupno<br />
Orijentacija ulaza: I (90°)<br />
Promjer trima (cm): 390<br />
Visina trima (cm): 240<br />
Visina stepenica (cm): stepenica 1: 185<br />
Debljina zida (cm): 80<br />
Širina vrata (cm): 75<br />
Visina vrata (cm): 125<br />
Širina unutra (cm): 230<br />
Visina unutra (cm): 220<br />
Volumen iznutra (m3): 6,46<br />
Niša 1 (P/Š/V/D) (cm): 50 / 40 / 45 / 45<br />
niša 2 (P/Š/V/D) (cm): 70 / 30 / 40 / 50<br />
niša 3 (P/Š/V/D) (cm): 50 / 35 / 35 / 35</p></div></div><div class='content-column one_half last_column'><div style="padding-right:0px;padding-left:6px;"><div id="attachment_21906" style="width: 310px" class="wp-caption aligncenter"><img loading="lazy" decoding="async" aria-describedby="caption-attachment-21906" class="wp-image-21906" src="https://www.topohvar.at/wp-content/uploads/2019/04/sg-tr-52-12.jpg" alt="" width="300" height="300" srcset="https://www.topohvar.at/wp-content/uploads/2019/04/sg-tr-52-12.jpg 530w, https://www.topohvar.at/wp-content/uploads/2019/04/sg-tr-52-12-150x150.jpg 150w, https://www.topohvar.at/wp-content/uploads/2019/04/sg-tr-52-12-300x300.jpg 300w" sizes="auto, (max-width: 300px) 100vw, 300px" /><p id="caption-attachment-21906" class="wp-caption-text">Trim 2018</p></div>
<p>Am 02.10.2018 wurde der Trim besucht und näher untersucht:</p>
<p>Standort: Olivenhain<br />
Untergrund: eben<br />
Verbunden mit: Steinmauer<br />
Nutzung: genutzt, verschließbar<br />
Zustand: gut erhalten<br />
Anzahl der Trimstufen: 1<br />
Zusätzlicher Steinring: kein Steinring<br />
Stiege: keine<br />
Steinform: rundlich<br />
Eingangsbereich: frei<br />
Eingangsseite: O (90°)<br />
Trimdurchmesser (cm): 390<br />
Trimhöhe (cm): 240<br />
Höhe der Trimstufen (cm): Stufe 1: 185<br />
Wandstärke (cm): 80<br />
Türbreite (cm): 75<br />
Türhöhe (cm): 125<br />
Innenraumbreite (cm): 230<br />
Innenraumhöhe (cm): 220<br />
Raumvolumen (m3): 6,46<br />
Nische 1 (P/B/H/T) (cm): 50 / 40 / 45 / 45<br />
Nische 2 (P/B/H/T) (cm): 70 / 30 / 40 / 50<br />
Nische 3 (P/B/H/T) (cm): 50 / 35 / 35 / 35</p></div></div><div class='clear_column'></div> <img loading="lazy" decoding="async" class="alignnone size-full wp-image-13339" src="https://www.topohvar.at/wp-content/uploads/2018/12/sg-tr-52-sca.jpg" alt="" width="600" height="900" srcset="https://www.topohvar.at/wp-content/uploads/2018/12/sg-tr-52-sca.jpg 600w, https://www.topohvar.at/wp-content/uploads/2018/12/sg-tr-52-sca-200x300.jpg 200w" sizes="auto, (max-width: 600px) 100vw, 600px" /></p>
<p style="text-align: right;"><a href="#seite_oben">natrag na vrh / Seitenanfang</a></p>
<hr />
<p><strong>Linkovi / Links</strong></p>
<p>&#8211;</p>

<p>Ime / Name Trim »SG-TR-52« Code: SG-TR-52                                         Adresa / Adresse Stari Grad, Polje, Kaladić Lokacija / Position Latitude: N 43,19201°   Longitude: &hellip; <a href="https://www.topohvar.at/topo/orte/sg/sg-tr-52-1/">Weiterlesen <span class="meta-nav">&rarr;</span></a></p>
