{"id":4825,"date":"2018-08-13T07:28:10","date_gmt":"2018-08-13T05:28:10","guid":{"rendered":"https:\/\/www.topohvar.at\/?page_id=4825"},"modified":"2021-04-10T11:47:21","modified_gmt":"2021-04-10T09:47:21","slug":"sg-tr-02-1","status":"publish","type":"page","link":"https:\/\/www.topohvar.at\/topo\/orte\/sg\/sg-tr-02-1\/","title":{"rendered":"STARI GRAD &#8211; Trim \u00bbSG-TR-02, Veli trim Hora\u00ab"},"content":{"rendered":"<p><a name=\"seite_oben\"><\/a><br \/>\n<img loading=\"lazy\" decoding=\"async\" class=\"alignnone wp-image-21843 size-large\" src=\"https:\/\/www.topohvar.at\/wp-content\/uploads\/2019\/04\/sg-tr-02-11-1024x503.jpg\" alt=\"\" width=\"640\" height=\"314\" srcset=\"https:\/\/www.topohvar.at\/wp-content\/uploads\/2019\/04\/sg-tr-02-11-1024x503.jpg 1024w, https:\/\/www.topohvar.at\/wp-content\/uploads\/2019\/04\/sg-tr-02-11-300x147.jpg 300w, https:\/\/www.topohvar.at\/wp-content\/uploads\/2019\/04\/sg-tr-02-11-768x377.jpg 768w, https:\/\/www.topohvar.at\/wp-content\/uploads\/2019\/04\/sg-tr-02-11.jpg 1080w\" sizes=\"auto, (max-width: 640px) 100vw, 640px\" \/><\/p>\n<p><strong>Ime \/ Name<br \/>\n<\/strong>Trim \u00bbSG-TR-02, Veli trim Hora\u00ab \/ der &#8222;Gro\u00dfe Trim&#8220; in der Starigrader Ebene<\/p>\n<p><strong>Code: <\/strong>SG-TR-02 (E-C11-10) \u00a0 \u00a0 \u00a0 \u00a0 \u00a0 \u00a0 \u00a0 \u00a0 \u00a0 \u00a0 \u00a0 \u00a0 \u00a0 \u00a0 \u00a0 \u00a0 \u00a0 \u00a0 \u00a0 \u00a0<strong><a href=\"https:\/\/www.topohvar.at\/orte\/sg\/sg-tr-00-1\/\"><img loading=\"lazy\" decoding=\"async\" class=\"alignnone wp-image-12300 size-full\" src=\"https:\/\/www.topohvar.at\/wp-content\/uploads\/2018\/09\/push-vor-30.jpg\" alt=\"\" width=\"61\" height=\"30\" \/><\/a> <a href=\"https:\/\/www.topohvar.at\/orte\/sg\/sg-tr-f0-1\/\"><img loading=\"lazy\" decoding=\"async\" class=\"alignnone wp-image-533 size-full\" src=\"https:\/\/www.topohvar.at\/wp-content\/uploads\/2018\/07\/push-l-30.jpg\" alt=\"\" width=\"61\" height=\"30\" \/><\/a> <a href=\"https:\/\/www.topohvar.at\/orte\/sg\/\"><img loading=\"lazy\" decoding=\"async\" class=\"alignnone wp-image-535 size-full\" src=\"https:\/\/www.topohvar.at\/wp-content\/uploads\/2018\/07\/push-o-30.jpg\" alt=\"\" width=\"61\" height=\"30\" \/><\/a> <a href=\"https:\/\/www.topohvar.at\/orte\/sg\/sg-tr-e3-1\/\"><img loading=\"lazy\" decoding=\"async\" class=\"alignnone wp-image-536 size-full\" src=\"https:\/\/www.topohvar.at\/wp-content\/uploads\/2018\/07\/push-r-30.jpg\" alt=\"\" width=\"61\" height=\"30\" \/><\/a><\/strong><\/p>\n<hr \/>\n<p><strong>Adresa \/ Adresse<br \/>\n<\/strong>Stari Grad, Polje, Slov\u010di<\/p>\n<p><strong>Lokacija \/ Position<a href=\"https:\/\/goo.gl\/maps\/hDqZdDEMj7dtgmjG9\"><img loading=\"lazy\" decoding=\"async\" class=\"alignright wp-image-5232\" src=\"https:\/\/www.topohvar.at\/wp-content\/uploads\/2018\/08\/0643.jpg\" alt=\"\" width=\"133\" height=\"100\" \/><\/a><br \/>\n<\/strong><a href=\"https:\/\/goo.gl\/maps\/hDqZdDEMj7dtgmjG9\"><span style=\"color: #3366ff;\">Latitude: N 43,18348\u00b0\u00a0 \u00a0Longitude: E 16,62525\u00b0<\/span><\/a> <strong><br \/>\n<\/strong>Visina \/ H\u00f6he: 25 m<\/p>\n<p><strong>Katastarska \u010destica \/ Grundst\u00fccke<br \/>\n<\/strong>6215<div class='content-column one_half'><div style=\"padding-right:6px;\"><p><strong>Datum snimanja \/ Erfassungsdatum<br \/>\n<\/strong>15.05.2012 09:14:00<\/p>\n<hr \/>\n<p><strong>Informacije<\/strong><\/p>\n<p>Najve\u0107i trim u Hori (na razini Starog Grada) ima samo jednu stepenicu. Ono dosti\u017ee visinu od 3,3 m. Dijagonalno nasuprot ulazu su ru\u0161evne kamene zgrade. Na njegovoj isto\u010dnoj strani nalazi se kamen u obliku mamuza. Na krovu trima vode gore dvije kameni stube. Unutra\u0161njost trima je 3,8 m, ovo je jedno od najvi\u0161ih na otoku Hvaru. Ansambl tako\u0111er ima mali trim (SG-TR-E3) iznad cisterne.<\/p><\/div><\/div><div class='content-column one_half last_column'><div style=\"padding-right:0px;padding-left:6px;\"><p><strong>Stupanj za\u0161tite \/ Schutzstellung<br \/>\n<\/strong>&#8211;<\/p>\n<hr \/>\n<p><strong>Info<\/strong><\/p>\n<p>Der gr\u00f6\u00dfte Trim im Hora (in der Stari Grader Ebene) ist einstufig. Diese erreicht eine H\u00f6he von 3,3 m. Schr\u00e4g gegen\u00fcber dem Eingang stehen verfallene Steinbauten. An seiner Ostseite befindet sich ein spornf\u00f6rmiger Steinhaufen. Auf das Trimdach f\u00fchren zwei Steintreppen. Der Trim hat mit 3,8 m auch einen der h\u00f6chsten Innenr\u00e4ume der Trims auf der Insel Hvar. Zum Ensemble geh\u00f6rt noch der kleine Trim (SG-TR-E3) \u00fcber einer Zisterne.<\/p><\/div><\/div><div class='clear_column'><\/div><div class='content-column one_half'><div style=\"padding-right:6px;\"><div id=\"attachment_21844\" style=\"width: 310px\" class=\"wp-caption aligncenter\"><img loading=\"lazy\" decoding=\"async\" aria-describedby=\"caption-attachment-21844\" class=\"wp-image-21844 size-full\" src=\"https:\/\/www.topohvar.at\/wp-content\/uploads\/2019\/04\/sg-tr-02-12.jpg\" alt=\"\" width=\"300\" height=\"300\" srcset=\"https:\/\/www.topohvar.at\/wp-content\/uploads\/2019\/04\/sg-tr-02-12.jpg 300w, https:\/\/www.topohvar.at\/wp-content\/uploads\/2019\/04\/sg-tr-02-12-150x150.jpg 150w\" sizes=\"auto, (max-width: 300px) 100vw, 300px\" \/><p id=\"caption-attachment-21844\" class=\"wp-caption-text\">Ulazni prostor \/ Eingangsbereich<\/p><\/div>\n<p>Dana 30.09.2018 trim je posje\u0107en i ustanovljeno je sljede\u0107e:<\/p>\n<p>Lokacija: poljoprivredni sklop<br \/>\nPodloga: ravna<br \/>\nPovezan s: ure\u0111enom kamenom gomilom<br \/>\nUpotreba: ne koristi se<br \/>\nStanje: vrlo dobro uzdr\u017eati<br \/>\nBroj stepenica trima: 1<br \/>\nDodatni kameni prsten: nema kamenog prstena<br \/>\nStepeni\u0161te: 2 stepenice<br \/>\nOblik kamena: plosnat<br \/>\nPodru\u010dje ispred ulaza: lako dostupno<br \/>\nOrijentacija ulaza: Z (250\u00b0)<br \/>\nPromjer trima (cm): 620<br \/>\nVisina trima (cm): 400<br \/>\nVisina stepenica (cm): stepenica 1: 330<br \/>\nDebljina zida (cm): 120<br \/>\n\u0160irina vrata (cm): 100<br \/>\nVisina vrata (cm): 130<br \/>\n\u0160irina unutra (cm): 380<br \/>\nVisina unutra (cm): 370<br \/>\nVolumen iznutra (m3): 24,72<br \/>\nNi\u0161a 1 (P\/\u0160\/V\/D) (cm): 50 \/ 25 \/ 25 \/ 40<\/p><\/div><\/div><div class='content-column one_half last_column'><div style=\"padding-right:0px;padding-left:6px;\"><div id=\"attachment_21845\" style=\"width: 310px\" class=\"wp-caption aligncenter\"><img loading=\"lazy\" decoding=\"async\" aria-describedby=\"caption-attachment-21845\" class=\"wp-image-21845 size-full\" src=\"https:\/\/www.topohvar.at\/wp-content\/uploads\/2019\/04\/sg-tr-02-14.jpg\" alt=\"\" width=\"300\" height=\"300\" srcset=\"https:\/\/www.topohvar.at\/wp-content\/uploads\/2019\/04\/sg-tr-02-14.jpg 300w, https:\/\/www.topohvar.at\/wp-content\/uploads\/2019\/04\/sg-tr-02-14-150x150.jpg 150w\" sizes=\"auto, (max-width: 300px) 100vw, 300px\" \/><p id=\"caption-attachment-21845\" class=\"wp-caption-text\">Isto\u010dna strana \/ Ostseite<\/p><\/div>\n<p>Am 30.09.2018 wurde der Trim besucht und n\u00e4her untersucht:<\/p>\n<p>Standort: landwirtsch. Gemenge<br \/>\nUntergrund: eben<br \/>\nVerbunden mit: Steinhaufen geordnet<br \/>\nNutzung: ungenutzt<br \/>\nZustand: sehr gut erhalten<br \/>\nAnzahl der Trimstufen: 1<br \/>\nZus\u00e4tzlicher Steinring: kein Steinring<br \/>\nStiege: 2 Stiegen<br \/>\nSteinform: plattig<br \/>\nEingangsbereich: frei<br \/>\nEingangsseite: W (250\u00b0)<br \/>\nTrimdurchmesser (cm): 620<br \/>\nTrimh\u00f6he (cm): 400<br \/>\nH\u00f6he der Trimstufen (cm): Stufe 1: 330<br \/>\nWandst\u00e4rke (cm): 120<br \/>\nT\u00fcrbreite (cm): 100<br \/>\nT\u00fcrh\u00f6he (cm): 130<br \/>\nInnenraumbreite (cm): 380<br \/>\nInnenraumh\u00f6he (cm): 370<br \/>\nRaumvolumen (m3): 24,72<br \/>\nNische 1 (P\/B\/H\/T) (cm): 50 \/ 25 \/ 25 \/ 40<\/p><\/div><\/div><div class='clear_column'><\/div> <img loading=\"lazy\" decoding=\"async\" class=\"alignnone size-full wp-image-13281\" src=\"https:\/\/www.topohvar.at\/wp-content\/uploads\/2018\/12\/sg-tr-02-sca.jpg\" alt=\"\" width=\"600\" height=\"900\" srcset=\"https:\/\/www.topohvar.at\/wp-content\/uploads\/2018\/12\/sg-tr-02-sca.jpg 600w, https:\/\/www.topohvar.at\/wp-content\/uploads\/2018\/12\/sg-tr-02-sca-200x300.jpg 200w\" sizes=\"auto, (max-width: 600px) 100vw, 600px\" \/><\/p>\n<p style=\"text-align: right;\"><a href=\"#seite_oben\">natrag na vrh \/ Seitenanfang<\/a><\/p>\n<hr \/>\n<p><strong>Linkovi \/ Links<\/strong><\/p>\n<p><span style=\"color: #3366ff;\"><a style=\"color: #3366ff;\" href=\"https:\/\/www.topohvar.at\/orte\/sg\/sg-tr-e3-1\/\">Mali trim \u00bbSG-TR-E3\u00ab\u00a0\/ kleiner Trim <\/a><a style=\"color: #3366ff;\" href=\"https:\/\/www.topohvar.at\/orte\/sg\/sg-tr-e3-1\/\">\u00bbSG-TR-E3\u00ab<\/a><\/span><\/p>\n","protected":false},"excerpt":{"rendered":"<p>Ime \/ Name Trim \u00bbSG-TR-02, Veli trim Hora\u00ab \/ der &#8222;Gro\u00dfe Trim&#8220; in der Starigrader Ebene Code: SG-TR-02 (E-C11-10) \u00a0 \u00a0 \u00a0 \u00a0 \u00a0 \u00a0 \u00a0 \u00a0 \u00a0 \u00a0 \u00a0 \u00a0 \u00a0 \u00a0 \u00a0 \u00a0 \u00a0 \u00a0 \u00a0 \u00a0 Adresa &hellip; <a href=\"https:\/\/www.topohvar.at\/topo\/orte\/sg\/sg-tr-02-1\/\">Weiterlesen <span class=\"meta-nav\">&rarr;<\/span><\/a><\/p>\n","protected":false},"author":1,"featured_media":0,"parent":99,"menu_order":0,"comment_status":"closed","ping_status":"closed","template":"","meta":{"footnotes":""},"class_list":["post-4825","page","type-page","status-publish","hentry"],"_links":{"self":[{"href":"https:\/\/www.topohvar.at\/topo\/wp-json\/wp\/v2\/pages\/4825","targetHints":{"allow":["GET"]}}],"collection":[{"href":"https:\/\/www.topohvar.at\/topo\/wp-json\/wp\/v2\/pages"}],"about":[{"href":"https:\/\/www.topohvar.at\/topo\/wp-json\/wp\/v2\/types\/page"}],"author":[{"embeddable":true,"href":"https:\/\/www.topohvar.at\/topo\/wp-json\/wp\/v2\/users\/1"}],"replies":[{"embeddable":true,"href":"https:\/\/www.topohvar.at\/topo\/wp-json\/wp\/v2\/comments?post=4825"}],"version-history":[{"count":25,"href":"https:\/\/www.topohvar.at\/topo\/wp-json\/wp\/v2\/pages\/4825\/revisions"}],"predecessor-version":[{"id":47592,"href":"https:\/\/www.topohvar.at\/topo\/wp-json\/wp\/v2\/pages\/4825\/revisions\/47592"}],"up":[{"embeddable":true,"href":"https:\/\/www.topohvar.at\/topo\/wp-json\/wp\/v2\/pages\/99"}],"wp:attachment":[{"href":"https:\/\/www.topohvar.at\/topo\/wp-json\/wp\/v2\/media?parent=4825"}],"curies":[{"name":"wp","href":"https:\/\/api.w.org\/{rel}","templated":true}]}}

<p><a name="seite_oben"></a><br />
<img loading="lazy" decoding="async" class="alignnone wp-image-21843 size-large" src="https://www.topohvar.at/wp-content/uploads/2019/04/sg-tr-02-11-1024x503.jpg" alt="" width="640" height="314" srcset="https://www.topohvar.at/wp-content/uploads/2019/04/sg-tr-02-11-1024x503.jpg 1024w, https://www.topohvar.at/wp-content/uploads/2019/04/sg-tr-02-11-300x147.jpg 300w, https://www.topohvar.at/wp-content/uploads/2019/04/sg-tr-02-11-768x377.jpg 768w, https://www.topohvar.at/wp-content/uploads/2019/04/sg-tr-02-11.jpg 1080w" sizes="auto, (max-width: 640px) 100vw, 640px" /></p>
<p><strong>Ime / Name<br />
</strong>Trim »SG-TR-02, Veli trim Hora« / der &#8222;Große Trim&#8220; in der Starigrader Ebene</p>
<p><strong>Code: </strong>SG-TR-02 (E-C11-10)                                        <strong><a href="https://www.topohvar.at/orte/sg/sg-tr-00-1/"><img loading="lazy" decoding="async" class="alignnone wp-image-12300 size-full" src="https://www.topohvar.at/wp-content/uploads/2018/09/push-vor-30.jpg" alt="" width="61" height="30" /></a> <a href="https://www.topohvar.at/orte/sg/sg-tr-f0-1/"><img loading="lazy" decoding="async" class="alignnone wp-image-533 size-full" src="https://www.topohvar.at/wp-content/uploads/2018/07/push-l-30.jpg" alt="" width="61" height="30" /></a> <a href="https://www.topohvar.at/orte/sg/"><img loading="lazy" decoding="async" class="alignnone wp-image-535 size-full" src="https://www.topohvar.at/wp-content/uploads/2018/07/push-o-30.jpg" alt="" width="61" height="30" /></a> <a href="https://www.topohvar.at/orte/sg/sg-tr-e3-1/"><img loading="lazy" decoding="async" class="alignnone wp-image-536 size-full" src="https://www.topohvar.at/wp-content/uploads/2018/07/push-r-30.jpg" alt="" width="61" height="30" /></a></strong></p>
<hr />
<p><strong>Adresa / Adresse<br />
</strong>Stari Grad, Polje, Slovči</p>
<p><strong>Lokacija / Position<a href="https://goo.gl/maps/hDqZdDEMj7dtgmjG9"><img loading="lazy" decoding="async" class="alignright wp-image-5232" src="https://www.topohvar.at/wp-content/uploads/2018/08/0643.jpg" alt="" width="133" height="100" /></a><br />
</strong><a href="https://goo.gl/maps/hDqZdDEMj7dtgmjG9"><span style="color: #3366ff;">Latitude: N 43,18348°   Longitude: E 16,62525°</span></a> <strong><br />
</strong>Visina / Höhe: 25 m</p>
<p><strong>Katastarska čestica / Grundstücke<br />
</strong>6215<div class='content-column one_half'><div style="padding-right:6px;"><p><strong>Datum snimanja / Erfassungsdatum<br />
</strong>15.05.2012 09:14:00</p>
<hr />
<p><strong>Informacije</strong></p>
<p>Najveći trim u Hori (na razini Starog Grada) ima samo jednu stepenicu. Ono dostiže visinu od 3,3 m. Dijagonalno nasuprot ulazu su ruševne kamene zgrade. Na njegovoj istočnoj strani nalazi se kamen u obliku mamuza. Na krovu trima vode gore dvije kameni stube. Unutrašnjost trima je 3,8 m, ovo je jedno od najviših na otoku Hvaru. Ansambl također ima mali trim (SG-TR-E3) iznad cisterne.</p></div></div><div class='content-column one_half last_column'><div style="padding-right:0px;padding-left:6px;"><p><strong>Stupanj zaštite / Schutzstellung<br />
</strong>&#8211;</p>
<hr />
<p><strong>Info</strong></p>
<p>Der größte Trim im Hora (in der Stari Grader Ebene) ist einstufig. Diese erreicht eine Höhe von 3,3 m. Schräg gegenüber dem Eingang stehen verfallene Steinbauten. An seiner Ostseite befindet sich ein spornförmiger Steinhaufen. Auf das Trimdach führen zwei Steintreppen. Der Trim hat mit 3,8 m auch einen der höchsten Innenräume der Trims auf der Insel Hvar. Zum Ensemble gehört noch der kleine Trim (SG-TR-E3) über einer Zisterne.</p></div></div><div class='clear_column'></div><div class='content-column one_half'><div style="padding-right:6px;"><div id="attachment_21844" style="width: 310px" class="wp-caption aligncenter"><img loading="lazy" decoding="async" aria-describedby="caption-attachment-21844" class="wp-image-21844 size-full" src="https://www.topohvar.at/wp-content/uploads/2019/04/sg-tr-02-12.jpg" alt="" width="300" height="300" srcset="https://www.topohvar.at/wp-content/uploads/2019/04/sg-tr-02-12.jpg 300w, https://www.topohvar.at/wp-content/uploads/2019/04/sg-tr-02-12-150x150.jpg 150w" sizes="auto, (max-width: 300px) 100vw, 300px" /><p id="caption-attachment-21844" class="wp-caption-text">Ulazni prostor / Eingangsbereich</p></div>
<p>Dana 30.09.2018 trim je posjećen i ustanovljeno je sljedeće:</p>
<p>Lokacija: poljoprivredni sklop<br />
Podloga: ravna<br />
Povezan s: uređenom kamenom gomilom<br />
Upotreba: ne koristi se<br />
Stanje: vrlo dobro uzdržati<br />
Broj stepenica trima: 1<br />
Dodatni kameni prsten: nema kamenog prstena<br />
Stepenište: 2 stepenice<br />
Oblik kamena: plosnat<br />
Područje ispred ulaza: lako dostupno<br />
Orijentacija ulaza: Z (250°)<br />
Promjer trima (cm): 620<br />
Visina trima (cm): 400<br />
Visina stepenica (cm): stepenica 1: 330<br />
Debljina zida (cm): 120<br />
Širina vrata (cm): 100<br />
Visina vrata (cm): 130<br />
Širina unutra (cm): 380<br />
Visina unutra (cm): 370<br />
Volumen iznutra (m3): 24,72<br />
Niša 1 (P/Š/V/D) (cm): 50 / 25 / 25 / 40</p></div></div><div class='content-column one_half last_column'><div style="padding-right:0px;padding-left:6px;"><div id="attachment_21845" style="width: 310px" class="wp-caption aligncenter"><img loading="lazy" decoding="async" aria-describedby="caption-attachment-21845" class="wp-image-21845 size-full" src="https://www.topohvar.at/wp-content/uploads/2019/04/sg-tr-02-14.jpg" alt="" width="300" height="300" srcset="https://www.topohvar.at/wp-content/uploads/2019/04/sg-tr-02-14.jpg 300w, https://www.topohvar.at/wp-content/uploads/2019/04/sg-tr-02-14-150x150.jpg 150w" sizes="auto, (max-width: 300px) 100vw, 300px" /><p id="caption-attachment-21845" class="wp-caption-text">Istočna strana / Ostseite</p></div>
<p>Am 30.09.2018 wurde der Trim besucht und näher untersucht:</p>
<p>Standort: landwirtsch. Gemenge<br />
Untergrund: eben<br />
Verbunden mit: Steinhaufen geordnet<br />
Nutzung: ungenutzt<br />
Zustand: sehr gut erhalten<br />
Anzahl der Trimstufen: 1<br />
Zusätzlicher Steinring: kein Steinring<br />
Stiege: 2 Stiegen<br />
Steinform: plattig<br />
Eingangsbereich: frei<br />
Eingangsseite: W (250°)<br />
Trimdurchmesser (cm): 620<br />
Trimhöhe (cm): 400<br />
Höhe der Trimstufen (cm): Stufe 1: 330<br />
Wandstärke (cm): 120<br />
Türbreite (cm): 100<br />
Türhöhe (cm): 130<br />
Innenraumbreite (cm): 380<br />
Innenraumhöhe (cm): 370<br />
Raumvolumen (m3): 24,72<br />
Nische 1 (P/B/H/T) (cm): 50 / 25 / 25 / 40</p></div></div><div class='clear_column'></div> <img loading="lazy" decoding="async" class="alignnone size-full wp-image-13281" src="https://www.topohvar.at/wp-content/uploads/2018/12/sg-tr-02-sca.jpg" alt="" width="600" height="900" srcset="https://www.topohvar.at/wp-content/uploads/2018/12/sg-tr-02-sca.jpg 600w, https://www.topohvar.at/wp-content/uploads/2018/12/sg-tr-02-sca-200x300.jpg 200w" sizes="auto, (max-width: 600px) 100vw, 600px" /></p>
<p style="text-align: right;"><a href="#seite_oben">natrag na vrh / Seitenanfang</a></p>
<hr />
<p><strong>Linkovi / Links</strong></p>
<p><span style="color: #3366ff;"><a style="color: #3366ff;" href="https://www.topohvar.at/orte/sg/sg-tr-e3-1/">Mali trim »SG-TR-E3« / kleiner Trim </a><a style="color: #3366ff;" href="https://www.topohvar.at/orte/sg/sg-tr-e3-1/">»SG-TR-E3«</a></span></p>

<p>Ime / Name Trim »SG-TR-02, Veli trim Hora« / der &#8222;Große Trim&#8220; in der Starigrader Ebene Code: SG-TR-02 (E-C11-10)                                         Adresa &hellip; <a href="https://www.topohvar.at/topo/orte/sg/sg-tr-02-1/">Weiterlesen <span class="meta-nav">&rarr;</span></a></p>
