{"id":48362,"date":"2021-04-30T11:44:57","date_gmt":"2021-04-30T09:44:57","guid":{"rendered":"https:\/\/www.topohvar.at\/topo\/?page_id=48362"},"modified":"2025-05-18T17:04:42","modified_gmt":"2025-05-18T15:04:42","slug":"sg-ip-14-1","status":"publish","type":"page","link":"https:\/\/www.topohvar.at\/topo\/orte\/sg\/sg-ip-14-1\/","title":{"rendered":"STARI GRAD &#8211; Informativna plo\u010da \u00bbDobrodo\u0161li &#8211; Starogradsko polje\u00ab"},"content":{"rendered":"<p><a name=\"seite_oben\"><\/a><br \/>\n<strong><img loading=\"lazy\" decoding=\"async\" class=\"aligncenter wp-image-48363 size-full\" src=\"https:\/\/www.topohvar.at\/wp-content\/uploads\/2021\/04\/sg-ip14-2.jpg\" alt=\"\" width=\"1080\" height=\"530\" srcset=\"https:\/\/www.topohvar.at\/wp-content\/uploads\/2021\/04\/sg-ip14-2.jpg 1080w, https:\/\/www.topohvar.at\/wp-content\/uploads\/2021\/04\/sg-ip14-2-300x147.jpg 300w, https:\/\/www.topohvar.at\/wp-content\/uploads\/2021\/04\/sg-ip14-2-1024x503.jpg 1024w, https:\/\/www.topohvar.at\/wp-content\/uploads\/2021\/04\/sg-ip14-2-768x377.jpg 768w\" sizes=\"auto, (max-width: 1080px) 100vw, 1080px\" \/><\/strong><\/p>\n<p><strong>Ime \/ Name<br \/>\n<\/strong>Informativna plo\u010da \u00bbDobrodo\u0161li &#8211; Starogradsko polje\u00ab \/ Infotafel &#8211; Willkommen in der Stari Grader Ebene<\/p>\n<p><strong>Code: <\/strong>SG-IP-14\u00a0 \u00a0 \u00a0 \u00a0 \u00a0 \u00a0 \u00a0 \u00a0 \u00a0 \u00a0 \u00a0 \u00a0 \u00a0 \u00a0 \u00a0 \u00a0 \u00a0 \u00a0 <strong><a href=\"https:\/\/www.topohvar.at\/orte\/sg\/sg-ip-09-2\/\"><img loading=\"lazy\" decoding=\"async\" class=\"alignnone wp-image-533 size-full\" src=\"https:\/\/www.topohvar.at\/wp-content\/uploads\/2018\/07\/push-l-30.jpg\" alt=\"\" width=\"61\" height=\"30\" \/><\/a> <a href=\"https:\/\/www.topohvar.at\/orte\/sg\/\"><img loading=\"lazy\" decoding=\"async\" class=\"alignnone wp-image-535 size-full\" src=\"https:\/\/www.topohvar.at\/wp-content\/uploads\/2018\/07\/push-o-30.jpg\" alt=\"\" width=\"61\" height=\"30\" \/><\/a> <a href=\"https:\/\/www.topohvar.at\/orte\/sg\/sg-ip-23-1\/\"><img loading=\"lazy\" decoding=\"async\" class=\"alignnone wp-image-536 size-full\" src=\"https:\/\/www.topohvar.at\/wp-content\/uploads\/2018\/07\/push-r-30.jpg\" alt=\"\" width=\"61\" height=\"30\" \/><\/a>\u00a0<a href=\"https:\/\/www.topohvar.at\/orte\/sg\/sg-is-19-2\/\"><img loading=\"lazy\" decoding=\"async\" class=\"alignnone wp-image-12299 size-full\" src=\"https:\/\/www.topohvar.at\/wp-content\/uploads\/2018\/09\/push-next-30.jpg\" alt=\"\" width=\"61\" height=\"30\" \/><\/a>\u00a0<\/strong><\/p>\n<hr \/>\n<p><strong>Adresa \/ Adresse<br \/>\n<\/strong>Stari Grad, Put Gospojice<\/p>\n<p><strong>Lokacija \/ Position<a href=\"https:\/\/goo.gl\/maps\/G3STMAqQbr5dvDG59\"><img loading=\"lazy\" decoding=\"async\" class=\"alignright wp-image-48364\" src=\"https:\/\/www.topohvar.at\/wp-content\/uploads\/2021\/04\/3140.jpg\" alt=\"\" width=\"134\" height=\"100\" \/><\/a><br \/>\n<\/strong><a href=\"https:\/\/goo.gl\/maps\/G3STMAqQbr5dvDG59\"><span style=\"color: #3366ff;\">Latitude: N 43,18562\u00b0\u00a0 \u00a0Longitude: E 16,60502\u00b0 <\/span><\/a><strong><br \/>\n<\/strong>Visina \/ H\u00f6he: 5 m<\/p>\n<p><strong>Katastarska \u010destica \/ Grundst\u00fccke<br \/>\n<\/strong>4472\/2<div class='content-column one_half'><div style=\"padding-right:6px;\"><p><strong>Datum snimanja \/ Erfassungsdatum<br \/>\n<\/strong>26.04.2021 15:31:00<\/p>\n<hr \/>\n<p><strong>Informacije<\/strong><\/p>\n<p>Podaci na bo\u010dnoj plo\u010di ispisani su na hrvatskom i engleskom jeziku.<\/p><\/div><\/div><div class='content-column one_half last_column'><div style=\"padding-right:0px;padding-left:6px;\"><p><strong>Stupanj za\u0161tite \/ Schutzstellung<br \/>\n<\/strong>&#8211;<\/p>\n<hr \/>\n<p><strong>Info<\/strong><\/p>\n<p>Auf der seitlichen Tafel ist die Information in kroatischer und englischer Sprache verfasst.<\/p><\/div><\/div><div class='clear_column'><\/div><\/p>\n<hr \/>\n<div class='content-column one_third'><div style=\"padding-right:6px;\"><p>STAROGRADSKO POLJE<\/p>\n<p>Starogradsko polje je kulturni krajolik koji se oblikovao kroz zadnih 2500 godina. Temele su mu udarili Grci podijeliv\u0161i ga pravile parcele, strige, duljine 1&#215;5 stadija (180x900m). Od tada taj spoj pravilnih putova, suhozida, nasada maslina, vinove loze, so\u010divica i agruma prehranjuje otok Hvar, tvore\u0107i kutivirani mediteranski krajolik. I drugi narodi i kulture ga oblikuju prema svojim potrebama i na\u010dinu \u017eivota. Me\u0111utim ono ostaje nepromijenjo i funkciji onoga \u0161to je polje ktoz \u010ditavu pro\u0161lost bilo, &#8222;trbuh otoka&#8220;. Kao takvog, ga je UNESCO uvristo na listu materijalne ba\u0161tine 2008. godine, kao sedmi lakalitet u Republici Hrvatskoj.<\/p><\/div><\/div><div class='content-column one_third'><div style=\"padding-right:6px;\"><p>STARI GRAD PLAIN<\/p>\n<p>Stari Grad Plain is a cultural landscape that has been formed over the last 2500 years. Its foundations were laid by the greeks who divided it into parcels measuring 1&#215;5 Greek stadia (180x900m) in length. Ever since this combination of straight roads, dry stone walls, olives, grapevine, lentils and citus fruit has been feeding the island of Hvar, creating a cultivated Mediterranean landscape. Other nations and culture shape it as well in accordance with their needs and the way of life. However it remains unaltered and functioning as &#8222;a pantry of the island&#8220; as it has always been. As such it has been inscribed on the UNESCO World Heritage List since 2008 as the seventh site in the Republik of Croatia.<\/p><\/div><\/div><div class='content-column one_third last_column'><div style=\"padding-right:0px;padding-left:6px;\"><p>DAS STRIGRADER FELD<\/p>\n<p>Das Starigrader Feld ist eine Kulturlandschaft, die im Laufe der letzten 2.500 Jahre geformt wurde. Die Fundamente wurden von den Griechen gelegt, die es in Parzellen, sogenannte Striga, mit den Ma\u00dfen 1 x 5 Stadien (180 x 900 m) aufteilten. Seitdem hat diese Kombination aus regelm\u00e4\u00dfigen Wegen, Trockenmauern, Olivenhainen, Weinreben, Linsen und Zitrusfr\u00fcchten die Insel Hvar gen\u00e4hrt und eine kultivierte mediterrane Landschaft geschaffen. Auch andere V\u00f6lker und Kulturen gestalten es entsprechend ihren Bed\u00fcrfnissen und ihrem Lebensstil. Seine Funktion als das, was das Feld in der Vergangenheit immer war, n\u00e4mlich der \u201eBauch der Insel\u201c, bleibt jedoch unver\u00e4ndert. Aus diesem Grund wurde es 2008 von der UNESCO als siebte St\u00e4tte der Republik Kroatien in die Liste des materiellen Kulturerbes aufgenommen.<\/p><\/div><\/div><div class='clear_column'><\/div><\/p>\n<hr \/>\n<div class='content-column one_half'><div style=\"padding-right:6px;\"><p>Plo\u010da dobrodo\u0161lice, koja je u srpnju 2020. godine postavljena na ulazu u Strogradsko polje, nedavno je osvijetljena.<\/p><\/div><\/div><div class='content-column one_half last_column'><div style=\"padding-right:0px;padding-left:6px;\"><p>Die Willkommenstafel, die im Juli 2020 am Eingang zum Starigrader Feld aufgestellt wurde, ist seit kurzem beleuchtet.<\/p><\/div><\/div><div class='clear_column'><\/div><div class='content-column one_half'><div style=\"padding-right:6px;\"><p>Financirao Grad Stari Grad.<\/p><\/div><\/div><div class='content-column one_half last_column'><div style=\"padding-right:0px;padding-left:6px;\"><p>Von der Stadt Stari Grad finanziert.<\/p><\/div><\/div><div class='clear_column'><\/div><\/p>\n<p style=\"text-align: right;\"><a href=\"#seite_oben\">natrag na vrh \/ Seitenanfang<\/a><\/p>\n<hr \/>\n<p><strong>Linkovi \/ Links<\/strong><\/p>\n<p><span style=\"color: #3366ff;\"><a style=\"color: #3366ff;\" href=\"https:\/\/www.topohvar.at\/orte\/sg\/sg-ip-09-2\/\">Informativna plo\u010da \u00bbAger, Starogradsko polje\u00ab \/ Infotafel Ager, Stari Grader Ebene<\/a><br \/>\n<a style=\"color: #3366ff;\" href=\"https:\/\/www.topohvar.at\/topo\/orte\/do\/do-po-01-2\/\">Rimska villa rustica \/R\u00f6mische Villa rustica \u00bbKupinovik\u00ab<\/a><br \/>\n<a style=\"color: #3366ff;\" href=\"https:\/\/www.topohvar.at\/topo\/orte\/sg\/sg-po-03-2\/\">Povijesni lokalitet \u00bbgr\u010dka kula Maslinovik\u00ab \/ Historischer Ort griechischer Turm Maslinovik<\/a><br \/>\n<a style=\"color: #3366ff;\" href=\"https:\/\/www.topohvar.at\/topo\/orte\/va\/va-po-02-1\/\">Arheolo\u0161ka lokalitet \/ Arch\u00e4ologische Lokalit\u00e4t \u00bbMirje\u00ab<\/a><br \/>\n<\/span><\/p>\n","protected":false},"excerpt":{"rendered":"<p>Ime \/ Name Informativna plo\u010da \u00bbDobrodo\u0161li &#8211; Starogradsko polje\u00ab \/ Infotafel &#8211; Willkommen in der Stari Grader Ebene Code: SG-IP-14\u00a0 \u00a0 \u00a0 \u00a0 \u00a0 \u00a0 \u00a0 \u00a0 \u00a0 \u00a0 \u00a0 \u00a0 \u00a0 \u00a0 \u00a0 \u00a0 \u00a0 \u00a0 \u00a0\u00a0 Adresa \/ &hellip; <a href=\"https:\/\/www.topohvar.at\/topo\/orte\/sg\/sg-ip-14-1\/\">Weiterlesen <span class=\"meta-nav\">&rarr;<\/span><\/a><\/p>\n","protected":false},"author":1,"featured_media":0,"parent":99,"menu_order":0,"comment_status":"closed","ping_status":"closed","template":"","meta":{"footnotes":""},"class_list":["post-48362","page","type-page","status-publish","hentry"],"_links":{"self":[{"href":"https:\/\/www.topohvar.at\/topo\/wp-json\/wp\/v2\/pages\/48362","targetHints":{"allow":["GET"]}}],"collection":[{"href":"https:\/\/www.topohvar.at\/topo\/wp-json\/wp\/v2\/pages"}],"about":[{"href":"https:\/\/www.topohvar.at\/topo\/wp-json\/wp\/v2\/types\/page"}],"author":[{"embeddable":true,"href":"https:\/\/www.topohvar.at\/topo\/wp-json\/wp\/v2\/users\/1"}],"replies":[{"embeddable":true,"href":"https:\/\/www.topohvar.at\/topo\/wp-json\/wp\/v2\/comments?post=48362"}],"version-history":[{"count":7,"href":"https:\/\/www.topohvar.at\/topo\/wp-json\/wp\/v2\/pages\/48362\/revisions"}],"predecessor-version":[{"id":71967,"href":"https:\/\/www.topohvar.at\/topo\/wp-json\/wp\/v2\/pages\/48362\/revisions\/71967"}],"up":[{"embeddable":true,"href":"https:\/\/www.topohvar.at\/topo\/wp-json\/wp\/v2\/pages\/99"}],"wp:attachment":[{"href":"https:\/\/www.topohvar.at\/topo\/wp-json\/wp\/v2\/media?parent=48362"}],"curies":[{"name":"wp","href":"https:\/\/api.w.org\/{rel}","templated":true}]}}