{"id":4881,"date":"2018-08-13T08:18:14","date_gmt":"2018-08-13T06:18:14","guid":{"rendered":"https:\/\/www.topohvar.at\/?page_id=4881"},"modified":"2025-05-16T14:28:00","modified_gmt":"2025-05-16T12:28:00","slug":"sg-tr-45-1","status":"publish","type":"page","link":"https:\/\/www.topohvar.at\/topo\/orte\/sg\/sg-tr-45-1\/","title":{"rendered":"STARI GRAD &#8211; Trim \u00bbSG-TR-45\u00ab"},"content":{"rendered":"<p><a name=\"seite_oben\"><\/a><br \/>\n<img loading=\"lazy\" decoding=\"async\" class=\"alignnone wp-image-4639 size-large\" src=\"https:\/\/www.topohvar.at\/wp-content\/uploads\/2018\/08\/SG-TR-45-0-1024x503.jpg\" alt=\"\" width=\"640\" height=\"314\" srcset=\"https:\/\/www.topohvar.at\/wp-content\/uploads\/2018\/08\/SG-TR-45-0-1024x503.jpg 1024w, https:\/\/www.topohvar.at\/wp-content\/uploads\/2018\/08\/SG-TR-45-0-300x147.jpg 300w, https:\/\/www.topohvar.at\/wp-content\/uploads\/2018\/08\/SG-TR-45-0-768x377.jpg 768w, https:\/\/www.topohvar.at\/wp-content\/uploads\/2018\/08\/SG-TR-45-0.jpg 1080w\" sizes=\"auto, (max-width: 640px) 100vw, 640px\" \/><\/p>\n<p><strong>Ime \/ Name<br \/>\n<\/strong>Trim \u00bbSG-TR-45\u00ab<br \/>\n<strong>Code: <\/strong>SG-TR-45\u00a0 \u00a0 \u00a0 \u00a0 \u00a0 \u00a0 \u00a0 \u00a0 \u00a0 \u00a0 \u00a0 \u00a0 \u00a0 \u00a0 \u00a0 \u00a0 \u00a0 \u00a0 \u00a0 \u00a0\u00a0<strong><a href=\"https:\/\/www.topohvar.at\/orte\/sg\/sg-tr-00-1\/\"><img loading=\"lazy\" decoding=\"async\" class=\"alignnone wp-image-12300 size-full\" src=\"https:\/\/www.topohvar.at\/wp-content\/uploads\/2018\/09\/push-vor-30.jpg\" alt=\"\" width=\"61\" height=\"30\" \/><\/a> <a href=\"https:\/\/www.topohvar.at\/orte\/sg\/sg-tr-i4-1\/\"><img loading=\"lazy\" decoding=\"async\" class=\"alignnone wp-image-533 size-full\" src=\"https:\/\/www.topohvar.at\/wp-content\/uploads\/2018\/07\/push-l-30.jpg\" alt=\"\" width=\"61\" height=\"30\" \/><\/a> <a href=\"https:\/\/www.topohvar.at\/orte\/sg\/\"><img loading=\"lazy\" decoding=\"async\" class=\"alignnone wp-image-535 size-full\" src=\"https:\/\/www.topohvar.at\/wp-content\/uploads\/2018\/07\/push-o-30.jpg\" alt=\"\" width=\"61\" height=\"30\" \/><\/a> <a href=\"https:\/\/www.topohvar.at\/orte\/sg\/sg-tr-80-1\/\"><img loading=\"lazy\" decoding=\"async\" class=\"alignnone wp-image-536 size-full\" src=\"https:\/\/www.topohvar.at\/wp-content\/uploads\/2018\/07\/push-r-30.jpg\" alt=\"\" width=\"61\" height=\"30\" \/><\/a><\/strong><\/p>\n<hr \/>\n<p><strong>Adresa \/ Adresse<br \/>\n<\/strong>Stari Grad, Polje, Ori\u0161ac, na glavnoj cesti \/ an der Hauptstra\u00dfe<\/p>\n<p><strong>Lokacija \/ Position<a href=\"https:\/\/goo.gl\/maps\/RHXFoRTtfQRrKhtJ9\"><img loading=\"lazy\" decoding=\"async\" class=\"alignright wp-image-5316\" src=\"https:\/\/www.topohvar.at\/wp-content\/uploads\/2018\/08\/0686.jpg\" alt=\"\" width=\"133\" height=\"100\" \/><\/a><br \/>\n<\/strong><span style=\"color: #3366ff;\"><a style=\"color: #3366ff;\" href=\"https:\/\/goo.gl\/maps\/RHXFoRTtfQRrKhtJ9\">Latitude: N 43,17627\u00b0\u00a0 \u00a0Longitude: E 16,62756\u00b0<\/a> <\/span><strong><br \/>\n<\/strong>Visina \/ H\u00f6he: 48 m<\/p>\n<p><strong>Katastarska \u010destica \/ Grundst\u00fccke<br \/>\n<\/strong>5000<div class='content-column one_half'><div style=\"padding-right:6px;\"><p><strong>Datum snimanja \/ Erfassungsdatum<br \/>\n<\/strong>08.05.2015 18:58:46<\/p>\n<hr \/>\n<p><strong>Informacije<\/strong><\/p>\n<p>Stepenasti trim s dvije stepenice nalazi se na glavnoj cesti DC-116. S lijeve je strane nizak kameni prsten, a desno iza kamen gomila. Desno od ulaza, trim je o\u0161te\u0107en. Pristup ulazu ote\u017ean je padanjem kamenja. U ovalnom interijeru nalazi se ni\u0161a.<\/p><\/div><\/div><div class='content-column one_half last_column'><div style=\"padding-right:0px;padding-left:6px;\"><p><strong>Stupanj za\u0161tite \/ Schutzstellung<br \/>\n<\/strong>&#8211;<\/p>\n<hr \/>\n<p><strong>Info<\/strong><\/p>\n<p>Der zweistufige Trim befindet sich an der Hauptstra\u00dfe DC-116. An seiner linken Seite schlie\u00dft ein niedriger Steinring an, und rechts hinten ein Steinhaufen. Rechts vom Eingang ist der Trim besch\u00e4digt. Der Zugang zum Eingang ist durch herabgefallene Steine behindert. Im ovalen Inneren befindet sich eine Wandnische.<\/p><\/div><\/div><div class='clear_column'><\/div><div class='content-column one_half'><div style=\"padding-right:6px;\"><p>Teren krajobraz 2014 Lukic-Kusan-Zakarija.<\/p><\/div><\/div><div class='content-column one_half last_column'><div style=\"padding-right:0px;padding-left:6px;\"><p>Gel\u00e4ndeaufnahme im Jahr 2014 durch Lukic-Kusan-Zakaria.<\/p><\/div><\/div><div class='clear_column'><\/div><div class='content-column one_half'><div style=\"padding-right:6px;\"><div id=\"attachment_22125\" style=\"width: 310px\" class=\"wp-caption aligncenter\"><img loading=\"lazy\" decoding=\"async\" aria-describedby=\"caption-attachment-22125\" class=\"wp-image-22125 size-medium\" src=\"https:\/\/www.topohvar.at\/wp-content\/uploads\/2019\/04\/sg-tr-45-11-300x300.jpg\" alt=\"\" width=\"300\" height=\"300\" srcset=\"https:\/\/www.topohvar.at\/wp-content\/uploads\/2019\/04\/sg-tr-45-11-300x300.jpg 300w, https:\/\/www.topohvar.at\/wp-content\/uploads\/2019\/04\/sg-tr-45-11-150x150.jpg 150w, https:\/\/www.topohvar.at\/wp-content\/uploads\/2019\/04\/sg-tr-45-11.jpg 450w\" sizes=\"auto, (max-width: 300px) 100vw, 300px\" \/><p id=\"caption-attachment-22125\" class=\"wp-caption-text\">Na ulaznoj strani \/ Eingangsseite<\/p><\/div>\n<p>Dana 11.10.2018 trim je posje\u0107en i ustanovljeno je sljede\u0107e:<\/p>\n<p>Lokacija: maslinik<br \/>\nPodloga: ravna<br \/>\nPovezan s: nesre\u0111nom kamenom gomilom<br \/>\nUpotreba: ne koristi se<br \/>\nStanje: mali dijelovi su se sru\u0161ili<br \/>\nBroj stepenica trima: 2<br \/>\nDodatni kameni prsten: nema kamenog prstena<br \/>\nStepeni\u0161te: nema<br \/>\nOblik kamena: uglast<br \/>\nPodru\u010dje ispred ulaza: lako dostupno<br \/>\nOrijentacija ulaza: Z (250\u00b0)<br \/>\nPromjer trima (cm): 340<br \/>\nVisina trima (cm): 260<br \/>\nVisina stepenica (cm): stepenica 1: 155, stepenica 2: 210<br \/>\nDebljina zida (cm): 60<br \/>\n\u0160irina vrata (cm): 75<br \/>\nVisina vrata (cm): 105<br \/>\n\u0160irina unutra (cm): 180 &#8211; 220<br \/>\nVisina unutra (cm): 240<br \/>\nVolumen iznutra (m3): 4,70<br \/>\nNi\u0161a 1 (P\/\u0160\/V\/D) (cm): 80 \/ 15 \/ 30 \/ 30<\/p><\/div><\/div><div class='content-column one_half last_column'><div style=\"padding-right:0px;padding-left:6px;\"><div id=\"attachment_22126\" style=\"width: 310px\" class=\"wp-caption aligncenter\"><img loading=\"lazy\" decoding=\"async\" aria-describedby=\"caption-attachment-22126\" class=\"wp-image-22126 size-medium\" src=\"https:\/\/www.topohvar.at\/wp-content\/uploads\/2019\/04\/sg-tr-45-12-300x300.jpg\" alt=\"\" width=\"300\" height=\"300\" srcset=\"https:\/\/www.topohvar.at\/wp-content\/uploads\/2019\/04\/sg-tr-45-12-300x300.jpg 300w, https:\/\/www.topohvar.at\/wp-content\/uploads\/2019\/04\/sg-tr-45-12-150x150.jpg 150w, https:\/\/www.topohvar.at\/wp-content\/uploads\/2019\/04\/sg-tr-45-12.jpg 450w\" sizes=\"auto, (max-width: 300px) 100vw, 300px\" \/><p id=\"caption-attachment-22126\" class=\"wp-caption-text\">Sjeverna strana \/Nordseite<\/p><\/div>\n<p>Am 11.10.2018 wurde der Trim besucht und n\u00e4her untersucht:<\/p>\n<p>Standort: Olivenhain<br \/>\nUntergrund: eben<br \/>\nVerbunden mit: Steinhaufen ungeordnet<br \/>\nNutzung: ungenutzt<br \/>\nZustand: kleine Teile abgest\u00fcrzt<br \/>\nAnzahl der Trimstufen: 2<br \/>\nZus\u00e4tzlicher Steinring: kein Steinring<br \/>\nStiege: keine<br \/>\nSteinform: kantig<br \/>\nEingangsbereich: frei<br \/>\nEingangsseite: W (250\u00b0)<br \/>\nTrimdurchmesser (cm): 340<br \/>\nTrimh\u00f6he (cm): 260<br \/>\nH\u00f6he der Trimstufen (cm): Stufe 1: 155, Stufe 2: 210<br \/>\nWandst\u00e4rke (cm): 60<br \/>\nT\u00fcrbreite (cm): 75<br \/>\nT\u00fcrh\u00f6he (cm): 105<br \/>\nInnenraumbreite (cm): 180 &#8211; 220<br \/>\nInnenraumh\u00f6he (cm): 240<br \/>\nRaumvolumen (m3): 4,70<br \/>\nNische 1 (P\/B\/H\/T) (cm): 80 \/ 15 \/ 30 \/ 30<\/p><\/div><\/div><div class='clear_column'><\/div><img loading=\"lazy\" decoding=\"async\" class=\"alignnone size-full wp-image-13595\" src=\"https:\/\/www.topohvar.at\/wp-content\/uploads\/2018\/12\/sg-tr-45-sca.jpg\" alt=\"\" width=\"600\" height=\"900\" srcset=\"https:\/\/www.topohvar.at\/wp-content\/uploads\/2018\/12\/sg-tr-45-sca.jpg 600w, https:\/\/www.topohvar.at\/wp-content\/uploads\/2018\/12\/sg-tr-45-sca-200x300.jpg 200w\" sizes=\"auto, (max-width: 600px) 100vw, 600px\" \/><\/p>\n<p style=\"text-align: right;\"><a href=\"#seite_oben\">natrag na vrh \/ Seitenanfang<\/a><\/p>\n<hr \/>\n<p><strong>Linkovi \/ Links<\/strong><\/p>\n<p>&#8211;<\/p>\n","protected":false},"excerpt":{"rendered":"<p>Ime \/ Name Trim \u00bbSG-TR-45\u00ab Code: SG-TR-45\u00a0 \u00a0 \u00a0 \u00a0 \u00a0 \u00a0 \u00a0 \u00a0 \u00a0 \u00a0 \u00a0 \u00a0 \u00a0 \u00a0 \u00a0 \u00a0 \u00a0 \u00a0 \u00a0 \u00a0\u00a0 Adresa \/ Adresse Stari Grad, Polje, Ori\u0161ac, na glavnoj cesti \/ an der Hauptstra\u00dfe &hellip; <a href=\"https:\/\/www.topohvar.at\/topo\/orte\/sg\/sg-tr-45-1\/\">Weiterlesen <span class=\"meta-nav\">&rarr;<\/span><\/a><\/p>\n","protected":false},"author":1,"featured_media":0,"parent":99,"menu_order":0,"comment_status":"closed","ping_status":"closed","template":"","meta":{"footnotes":""},"class_list":["post-4881","page","type-page","status-publish","hentry"],"_links":{"self":[{"href":"https:\/\/www.topohvar.at\/topo\/wp-json\/wp\/v2\/pages\/4881","targetHints":{"allow":["GET"]}}],"collection":[{"href":"https:\/\/www.topohvar.at\/topo\/wp-json\/wp\/v2\/pages"}],"about":[{"href":"https:\/\/www.topohvar.at\/topo\/wp-json\/wp\/v2\/types\/page"}],"author":[{"embeddable":true,"href":"https:\/\/www.topohvar.at\/topo\/wp-json\/wp\/v2\/users\/1"}],"replies":[{"embeddable":true,"href":"https:\/\/www.topohvar.at\/topo\/wp-json\/wp\/v2\/comments?post=4881"}],"version-history":[{"count":15,"href":"https:\/\/www.topohvar.at\/topo\/wp-json\/wp\/v2\/pages\/4881\/revisions"}],"predecessor-version":[{"id":71784,"href":"https:\/\/www.topohvar.at\/topo\/wp-json\/wp\/v2\/pages\/4881\/revisions\/71784"}],"up":[{"embeddable":true,"href":"https:\/\/www.topohvar.at\/topo\/wp-json\/wp\/v2\/pages\/99"}],"wp:attachment":[{"href":"https:\/\/www.topohvar.at\/topo\/wp-json\/wp\/v2\/media?parent=4881"}],"curies":[{"name":"wp","href":"https:\/\/api.w.org\/{rel}","templated":true}]}}

<p><a name="seite_oben"></a><br />
<img loading="lazy" decoding="async" class="alignnone wp-image-4639 size-large" src="https://www.topohvar.at/wp-content/uploads/2018/08/SG-TR-45-0-1024x503.jpg" alt="" width="640" height="314" srcset="https://www.topohvar.at/wp-content/uploads/2018/08/SG-TR-45-0-1024x503.jpg 1024w, https://www.topohvar.at/wp-content/uploads/2018/08/SG-TR-45-0-300x147.jpg 300w, https://www.topohvar.at/wp-content/uploads/2018/08/SG-TR-45-0-768x377.jpg 768w, https://www.topohvar.at/wp-content/uploads/2018/08/SG-TR-45-0.jpg 1080w" sizes="auto, (max-width: 640px) 100vw, 640px" /></p>
<p><strong>Ime / Name<br />
</strong>Trim »SG-TR-45«<br />
<strong>Code: </strong>SG-TR-45                                        <strong><a href="https://www.topohvar.at/orte/sg/sg-tr-00-1/"><img loading="lazy" decoding="async" class="alignnone wp-image-12300 size-full" src="https://www.topohvar.at/wp-content/uploads/2018/09/push-vor-30.jpg" alt="" width="61" height="30" /></a> <a href="https://www.topohvar.at/orte/sg/sg-tr-i4-1/"><img loading="lazy" decoding="async" class="alignnone wp-image-533 size-full" src="https://www.topohvar.at/wp-content/uploads/2018/07/push-l-30.jpg" alt="" width="61" height="30" /></a> <a href="https://www.topohvar.at/orte/sg/"><img loading="lazy" decoding="async" class="alignnone wp-image-535 size-full" src="https://www.topohvar.at/wp-content/uploads/2018/07/push-o-30.jpg" alt="" width="61" height="30" /></a> <a href="https://www.topohvar.at/orte/sg/sg-tr-80-1/"><img loading="lazy" decoding="async" class="alignnone wp-image-536 size-full" src="https://www.topohvar.at/wp-content/uploads/2018/07/push-r-30.jpg" alt="" width="61" height="30" /></a></strong></p>
<hr />
<p><strong>Adresa / Adresse<br />
</strong>Stari Grad, Polje, Orišac, na glavnoj cesti / an der Hauptstraße</p>
<p><strong>Lokacija / Position<a href="https://goo.gl/maps/RHXFoRTtfQRrKhtJ9"><img loading="lazy" decoding="async" class="alignright wp-image-5316" src="https://www.topohvar.at/wp-content/uploads/2018/08/0686.jpg" alt="" width="133" height="100" /></a><br />
</strong><span style="color: #3366ff;"><a style="color: #3366ff;" href="https://goo.gl/maps/RHXFoRTtfQRrKhtJ9">Latitude: N 43,17627°   Longitude: E 16,62756°</a> </span><strong><br />
</strong>Visina / Höhe: 48 m</p>
<p><strong>Katastarska čestica / Grundstücke<br />
</strong>5000<div class='content-column one_half'><div style="padding-right:6px;"><p><strong>Datum snimanja / Erfassungsdatum<br />
</strong>08.05.2015 18:58:46</p>
<hr />
<p><strong>Informacije</strong></p>
<p>Stepenasti trim s dvije stepenice nalazi se na glavnoj cesti DC-116. S lijeve je strane nizak kameni prsten, a desno iza kamen gomila. Desno od ulaza, trim je oštećen. Pristup ulazu otežan je padanjem kamenja. U ovalnom interijeru nalazi se niša.</p></div></div><div class='content-column one_half last_column'><div style="padding-right:0px;padding-left:6px;"><p><strong>Stupanj zaštite / Schutzstellung<br />
</strong>&#8211;</p>
<hr />
<p><strong>Info</strong></p>
<p>Der zweistufige Trim befindet sich an der Hauptstraße DC-116. An seiner linken Seite schließt ein niedriger Steinring an, und rechts hinten ein Steinhaufen. Rechts vom Eingang ist der Trim beschädigt. Der Zugang zum Eingang ist durch herabgefallene Steine behindert. Im ovalen Inneren befindet sich eine Wandnische.</p></div></div><div class='clear_column'></div><div class='content-column one_half'><div style="padding-right:6px;"><p>Teren krajobraz 2014 Lukic-Kusan-Zakarija.</p></div></div><div class='content-column one_half last_column'><div style="padding-right:0px;padding-left:6px;"><p>Geländeaufnahme im Jahr 2014 durch Lukic-Kusan-Zakaria.</p></div></div><div class='clear_column'></div><div class='content-column one_half'><div style="padding-right:6px;"><div id="attachment_22125" style="width: 310px" class="wp-caption aligncenter"><img loading="lazy" decoding="async" aria-describedby="caption-attachment-22125" class="wp-image-22125 size-medium" src="https://www.topohvar.at/wp-content/uploads/2019/04/sg-tr-45-11-300x300.jpg" alt="" width="300" height="300" srcset="https://www.topohvar.at/wp-content/uploads/2019/04/sg-tr-45-11-300x300.jpg 300w, https://www.topohvar.at/wp-content/uploads/2019/04/sg-tr-45-11-150x150.jpg 150w, https://www.topohvar.at/wp-content/uploads/2019/04/sg-tr-45-11.jpg 450w" sizes="auto, (max-width: 300px) 100vw, 300px" /><p id="caption-attachment-22125" class="wp-caption-text">Na ulaznoj strani / Eingangsseite</p></div>
<p>Dana 11.10.2018 trim je posjećen i ustanovljeno je sljedeće:</p>
<p>Lokacija: maslinik<br />
Podloga: ravna<br />
Povezan s: nesređnom kamenom gomilom<br />
Upotreba: ne koristi se<br />
Stanje: mali dijelovi su se srušili<br />
Broj stepenica trima: 2<br />
Dodatni kameni prsten: nema kamenog prstena<br />
Stepenište: nema<br />
Oblik kamena: uglast<br />
Područje ispred ulaza: lako dostupno<br />
Orijentacija ulaza: Z (250°)<br />
Promjer trima (cm): 340<br />
Visina trima (cm): 260<br />
Visina stepenica (cm): stepenica 1: 155, stepenica 2: 210<br />
Debljina zida (cm): 60<br />
Širina vrata (cm): 75<br />
Visina vrata (cm): 105<br />
Širina unutra (cm): 180 &#8211; 220<br />
Visina unutra (cm): 240<br />
Volumen iznutra (m3): 4,70<br />
Niša 1 (P/Š/V/D) (cm): 80 / 15 / 30 / 30</p></div></div><div class='content-column one_half last_column'><div style="padding-right:0px;padding-left:6px;"><div id="attachment_22126" style="width: 310px" class="wp-caption aligncenter"><img loading="lazy" decoding="async" aria-describedby="caption-attachment-22126" class="wp-image-22126 size-medium" src="https://www.topohvar.at/wp-content/uploads/2019/04/sg-tr-45-12-300x300.jpg" alt="" width="300" height="300" srcset="https://www.topohvar.at/wp-content/uploads/2019/04/sg-tr-45-12-300x300.jpg 300w, https://www.topohvar.at/wp-content/uploads/2019/04/sg-tr-45-12-150x150.jpg 150w, https://www.topohvar.at/wp-content/uploads/2019/04/sg-tr-45-12.jpg 450w" sizes="auto, (max-width: 300px) 100vw, 300px" /><p id="caption-attachment-22126" class="wp-caption-text">Sjeverna strana /Nordseite</p></div>
<p>Am 11.10.2018 wurde der Trim besucht und näher untersucht:</p>
<p>Standort: Olivenhain<br />
Untergrund: eben<br />
Verbunden mit: Steinhaufen ungeordnet<br />
Nutzung: ungenutzt<br />
Zustand: kleine Teile abgestürzt<br />
Anzahl der Trimstufen: 2<br />
Zusätzlicher Steinring: kein Steinring<br />
Stiege: keine<br />
Steinform: kantig<br />
Eingangsbereich: frei<br />
Eingangsseite: W (250°)<br />
Trimdurchmesser (cm): 340<br />
Trimhöhe (cm): 260<br />
Höhe der Trimstufen (cm): Stufe 1: 155, Stufe 2: 210<br />
Wandstärke (cm): 60<br />
Türbreite (cm): 75<br />
Türhöhe (cm): 105<br />
Innenraumbreite (cm): 180 &#8211; 220<br />
Innenraumhöhe (cm): 240<br />
Raumvolumen (m3): 4,70<br />
Nische 1 (P/B/H/T) (cm): 80 / 15 / 30 / 30</p></div></div><div class='clear_column'></div><img loading="lazy" decoding="async" class="alignnone size-full wp-image-13595" src="https://www.topohvar.at/wp-content/uploads/2018/12/sg-tr-45-sca.jpg" alt="" width="600" height="900" srcset="https://www.topohvar.at/wp-content/uploads/2018/12/sg-tr-45-sca.jpg 600w, https://www.topohvar.at/wp-content/uploads/2018/12/sg-tr-45-sca-200x300.jpg 200w" sizes="auto, (max-width: 600px) 100vw, 600px" /></p>
<p style="text-align: right;"><a href="#seite_oben">natrag na vrh / Seitenanfang</a></p>
<hr />
<p><strong>Linkovi / Links</strong></p>
<p>&#8211;</p>

<p>Ime / Name Trim »SG-TR-45« Code: SG-TR-45                                         Adresa / Adresse Stari Grad, Polje, Orišac, na glavnoj cesti / an der Hauptstraße &hellip; <a href="https://www.topohvar.at/topo/orte/sg/sg-tr-45-1/">Weiterlesen <span class="meta-nav">&rarr;</span></a></p>
