{"id":4938,"date":"2018-08-13T14:50:50","date_gmt":"2018-08-13T12:50:50","guid":{"rendered":"https:\/\/www.topohvar.at\/?page_id=4938"},"modified":"2026-04-09T19:36:32","modified_gmt":"2026-04-09T17:36:32","slug":"sg-tr-73-1","status":"publish","type":"page","link":"https:\/\/www.topohvar.at\/topo\/orte\/sg\/sg-tr-73-1\/","title":{"rendered":"STARI GRAD &#8211; Trim \u00bbSG-TR-73\u00ab"},"content":{"rendered":"<p><a name=\"seite_oben\"><\/a><br \/>\n<img loading=\"lazy\" decoding=\"async\" class=\"alignnone wp-image-22092 size-large\" src=\"https:\/\/www.topohvar.at\/wp-content\/uploads\/2019\/04\/sg-tr-73-12-1024x607.jpg\" alt=\"\" width=\"640\" height=\"379\" srcset=\"https:\/\/www.topohvar.at\/wp-content\/uploads\/2019\/04\/sg-tr-73-12-1024x607.jpg 1024w, https:\/\/www.topohvar.at\/wp-content\/uploads\/2019\/04\/sg-tr-73-12-300x178.jpg 300w, https:\/\/www.topohvar.at\/wp-content\/uploads\/2019\/04\/sg-tr-73-12-768x455.jpg 768w, https:\/\/www.topohvar.at\/wp-content\/uploads\/2019\/04\/sg-tr-73-12.jpg 1080w\" sizes=\"auto, (max-width: 640px) 100vw, 640px\" \/><\/p>\n<p><strong>Ime \/ Name<br \/>\n<\/strong>Trim \u00bbSG-TR-73\u00ab<br \/>\n<strong>Code: <\/strong>SG-TR-73\u00a0 \u00a0 \u00a0 \u00a0 \u00a0 \u00a0 \u00a0 \u00a0 \u00a0 \u00a0 \u00a0 \u00a0 \u00a0 \u00a0 \u00a0 \u00a0 \u00a0 \u00a0 \u00a0 \u00a0\u00a0<strong><a href=\"https:\/\/www.topohvar.at\/orte\/sg\/sg-tr-00-1\/\"><img loading=\"lazy\" decoding=\"async\" class=\"alignnone wp-image-12300 size-full\" src=\"https:\/\/www.topohvar.at\/wp-content\/uploads\/2018\/09\/push-vor-30.jpg\" alt=\"\" width=\"61\" height=\"30\" \/><\/a> <a href=\"https:\/\/www.topohvar.at\/orte\/sg\/sg-tr-i9-1\/\"><img loading=\"lazy\" decoding=\"async\" class=\"alignnone wp-image-533 size-full\" src=\"https:\/\/www.topohvar.at\/wp-content\/uploads\/2018\/07\/push-l-30.jpg\" alt=\"\" width=\"61\" height=\"30\" \/><\/a> <a href=\"https:\/\/www.topohvar.at\/orte\/sg\/\"><img loading=\"lazy\" decoding=\"async\" class=\"alignnone wp-image-535 size-full\" src=\"https:\/\/www.topohvar.at\/wp-content\/uploads\/2018\/07\/push-o-30.jpg\" alt=\"\" width=\"61\" height=\"30\" \/><\/a> <a href=\"https:\/\/www.topohvar.at\/orte\/sg\/sg-tr-84-1\/\"><img loading=\"lazy\" decoding=\"async\" class=\"alignnone wp-image-536 size-full\" src=\"https:\/\/www.topohvar.at\/wp-content\/uploads\/2018\/07\/push-r-30.jpg\" alt=\"\" width=\"61\" height=\"30\" \/><\/a><\/strong><\/p>\n<hr \/>\n<p><strong>Adresa \/ Adresse<br \/>\n<\/strong>Stari Grad, Vrbanjske Rudine<\/p>\n<p><strong>Lokacija \/ Position<a href=\"https:\/\/goo.gl\/maps\/Dikscniza57FusXn9\"><img loading=\"lazy\" decoding=\"async\" class=\"alignright wp-image-5404\" src=\"https:\/\/www.topohvar.at\/wp-content\/uploads\/2018\/08\/1063.jpg\" alt=\"\" width=\"133\" height=\"100\" \/><\/a><br \/>\n<\/strong><span style=\"color: #3366ff;\"><a style=\"color: #3366ff;\" href=\"https:\/\/goo.gl\/maps\/Dikscniza57FusXn9\">Latitude: N 43,20304\u00b0\u00a0 \u00a0Longitude: E 16,64271\u00b0<\/a> <\/span><strong><br \/>\n<\/strong>Visina \/ H\u00f6he: 68 m<\/p>\n<p><strong>Katastarska \u010destica \/ Grundst\u00fccke<br \/>\n<\/strong>8487<div class='content-column one_half'><div style=\"padding-right:6px;\"><p><strong>Datum snimanja \/ Erfassungsdatum<br \/>\n<\/strong>10.05.2016 16:46:47<\/p>\n<hr \/>\n<p><strong>Informacije<\/strong><\/p>\n<p>Velika trim je skriven u \u0161umi sjeverno od &#8222;Jurkov Dvor&#8220;. Dio je nekada\u0161njeg poljoprivrednog kompleksa. S desne strane ulaza nalazi se kamena ku\u0107a. Zanimljivo je da kru\u017eni tlocrt ostavlja mjesta za stablo lijevo od ulaza. Trim s jednom stepenicom je u lo\u0161em stanju. Krov nad ulazom prijeti propasti. Unutra se nalaze dvije zidne ni\u0161e.<\/p><\/div><\/div><div class='content-column one_half last_column'><div style=\"padding-right:0px;padding-left:6px;\"><p><strong>Stupanj za\u0161tite \/ Schutzstellung<br \/>\n<\/strong>&#8211;<\/p>\n<hr \/>\n<p><strong>Info<\/strong><\/p>\n<p>Der gro\u00dfe Trim liegt versteckt im Wald, n\u00f6rdlich von &#8222;Jurkov Dvor&#8220;. Er ist Teil eines ehemals landwirtschaftlichen Komplexes. Rechts vom Eingang ist er an ein Steinhaus angebaut. Interessant ist, dass der ansonsten kreisrunde Grundriss links vom Eingang einem Baum ausweicht. Der einstufige Trim ist in einem schlechten Zustand. Das Dach \u00fcber dem Eingang droht einzust\u00fcrzen. Im Inneren finden sich zwei Wandnischen.<\/p><\/div><\/div><div class='clear_column'><\/div><div class='content-column one_half'><div style=\"padding-right:6px;\"><div id=\"attachment_22091\" style=\"width: 310px\" class=\"wp-caption aligncenter\"><img loading=\"lazy\" decoding=\"async\" aria-describedby=\"caption-attachment-22091\" class=\"wp-image-22091 size-medium\" src=\"https:\/\/www.topohvar.at\/wp-content\/uploads\/2019\/04\/SG-TR-73-1-300x300.jpg\" alt=\"\" width=\"300\" height=\"300\" srcset=\"https:\/\/www.topohvar.at\/wp-content\/uploads\/2019\/04\/SG-TR-73-1-300x300.jpg 300w, https:\/\/www.topohvar.at\/wp-content\/uploads\/2019\/04\/SG-TR-73-1-150x150.jpg 150w, https:\/\/www.topohvar.at\/wp-content\/uploads\/2019\/04\/SG-TR-73-1.jpg 450w\" sizes=\"auto, (max-width: 300px) 100vw, 300px\" \/><p id=\"caption-attachment-22091\" class=\"wp-caption-text\">Trim 2016<\/p><\/div>\n<p>Dana 09.10.2018 trim je posje\u0107en i ustanovljeno je sljede\u0107e:<\/p>\n<p>Lokacija: poljoprivredni sklop<br \/>\nPodloga: ravna<br \/>\nPovezan s: zgradom<br \/>\nUpotreba: ne koristi se<br \/>\nStanje: lo\u0161e, prekriven vegetacijom<br \/>\nBroj stepenica trima: 1<br \/>\nDodatni kameni prsten: nema kamenog prstena<br \/>\nStepeni\u0161te: nema<br \/>\nOblik kamena: plosnat<br \/>\nPodru\u010dje ispred ulaza: zaraslo<br \/>\nOrijentacija ulaza: J (170\u00b0)<br \/>\nPromjer trima (cm): 540<br \/>\nVisina trima (cm): 340<br \/>\nVisina stepenica (cm): stepenica 1: 200<br \/>\nDebljina zida (cm): 90<br \/>\n\u0160irina vrata (cm): 85<br \/>\nVisina vrata (cm): 130<br \/>\n\u0160irina unutra (cm): 360<br \/>\nVisina unutra (cm): 300<br \/>\nVolumen iznutra (m3): 17,24<br \/>\nNi\u0161a 1 (P\/\u0160\/V\/D) (cm): 75 \/ 40 \/ 45 \/ 35<br \/>\nni\u0161a 2 (P\/\u0160\/V\/D) (cm): 70 \/ 35 \/ 40 \/ 35<\/p><\/div><\/div><div class='content-column one_half last_column'><div style=\"padding-right:0px;padding-left:6px;\"><div id=\"attachment_22093\" style=\"width: 310px\" class=\"wp-caption aligncenter\"><img loading=\"lazy\" decoding=\"async\" aria-describedby=\"caption-attachment-22093\" class=\"wp-image-22093 size-medium\" src=\"https:\/\/www.topohvar.at\/wp-content\/uploads\/2019\/04\/sg-tr-73-14-300x300.jpg\" alt=\"\" width=\"300\" height=\"300\" srcset=\"https:\/\/www.topohvar.at\/wp-content\/uploads\/2019\/04\/sg-tr-73-14-300x300.jpg 300w, https:\/\/www.topohvar.at\/wp-content\/uploads\/2019\/04\/sg-tr-73-14-150x150.jpg 150w, https:\/\/www.topohvar.at\/wp-content\/uploads\/2019\/04\/sg-tr-73-14.jpg 450w\" sizes=\"auto, (max-width: 300px) 100vw, 300px\" \/><p id=\"caption-attachment-22093\" class=\"wp-caption-text\">Krov trima \/ Trimdach<\/p><\/div>\n<p>Am 09.10.2018 wurde der Trim besucht und n\u00e4her untersucht:<\/p>\n<p>Standort: landwirtsch. Gemenge<br \/>\nUntergrund: eben<br \/>\nVerbunden mit: Geb\u00e4ude<br \/>\nNutzung: ungenutzt<br \/>\nZustand: schlecht, verwachsen<br \/>\nAnzahl der Trimstufen: 1<br \/>\nZus\u00e4tzlicher Steinring: kein Steinring<br \/>\nStiege: keine<br \/>\nSteinform: plattig<br \/>\nEingangsbereich: verwachsen<br \/>\nEingangsseite: S (170\u00b0)<br \/>\nTrimdurchmesser (cm): 540<br \/>\nTrimh\u00f6he (cm): 340<br \/>\nH\u00f6he der Trimstufen (cm): Stufe 1: 200<br \/>\nWandst\u00e4rke (cm): 90<br \/>\nT\u00fcrbreite (cm): 85<br \/>\nT\u00fcrh\u00f6he (cm): 130<br \/>\nInnenraumbreite (cm): 360<br \/>\nInnenraumh\u00f6he (cm): 300<br \/>\nRaumvolumen (m3): 17,24<br \/>\nNische 1 (P\/B\/H\/T) (cm): 75 \/ 40 \/ 45 \/ 35<br \/>\nNische 2 (P\/B\/H\/T) (cm): 70 \/ 35 \/ 40 \/ 35<\/p><\/div><\/div><div class='clear_column'><\/div> <img loading=\"lazy\" decoding=\"async\" class=\"alignnone size-full wp-image-13687\" src=\"https:\/\/www.topohvar.at\/wp-content\/uploads\/2018\/12\/sg-tr-73-sca.jpg\" alt=\"\" width=\"600\" height=\"900\" srcset=\"https:\/\/www.topohvar.at\/wp-content\/uploads\/2018\/12\/sg-tr-73-sca.jpg 600w, https:\/\/www.topohvar.at\/wp-content\/uploads\/2018\/12\/sg-tr-73-sca-200x300.jpg 200w\" sizes=\"auto, (max-width: 600px) 100vw, 600px\" \/><\/p>\n<p style=\"text-align: right;\"><a href=\"#seite_oben\">natrag na vrh \/ Seitenanfang<\/a><\/p>\n<hr \/>\n<p><strong>Linkovi \/ Links<\/strong><\/p>\n<p>&#8211;<\/p>\n","protected":false},"excerpt":{"rendered":"<p>Ime \/ Name Trim \u00bbSG-TR-73\u00ab Code: SG-TR-73\u00a0 \u00a0 \u00a0 \u00a0 \u00a0 \u00a0 \u00a0 \u00a0 \u00a0 \u00a0 \u00a0 \u00a0 \u00a0 \u00a0 \u00a0 \u00a0 \u00a0 \u00a0 \u00a0 \u00a0\u00a0 Adresa \/ Adresse Stari Grad, Vrbanjske Rudine Lokacija \/ Position Latitude: N 43,20304\u00b0\u00a0 \u00a0Longitude: &hellip; <a href=\"https:\/\/www.topohvar.at\/topo\/orte\/sg\/sg-tr-73-1\/\">Weiterlesen <span class=\"meta-nav\">&rarr;<\/span><\/a><\/p>\n","protected":false},"author":1,"featured_media":0,"parent":99,"menu_order":0,"comment_status":"closed","ping_status":"closed","template":"","meta":{"footnotes":""},"class_list":["post-4938","page","type-page","status-publish","hentry"],"_links":{"self":[{"href":"https:\/\/www.topohvar.at\/topo\/wp-json\/wp\/v2\/pages\/4938","targetHints":{"allow":["GET"]}}],"collection":[{"href":"https:\/\/www.topohvar.at\/topo\/wp-json\/wp\/v2\/pages"}],"about":[{"href":"https:\/\/www.topohvar.at\/topo\/wp-json\/wp\/v2\/types\/page"}],"author":[{"embeddable":true,"href":"https:\/\/www.topohvar.at\/topo\/wp-json\/wp\/v2\/users\/1"}],"replies":[{"embeddable":true,"href":"https:\/\/www.topohvar.at\/topo\/wp-json\/wp\/v2\/comments?post=4938"}],"version-history":[{"count":16,"href":"https:\/\/www.topohvar.at\/topo\/wp-json\/wp\/v2\/pages\/4938\/revisions"}],"predecessor-version":[{"id":74130,"href":"https:\/\/www.topohvar.at\/topo\/wp-json\/wp\/v2\/pages\/4938\/revisions\/74130"}],"up":[{"embeddable":true,"href":"https:\/\/www.topohvar.at\/topo\/wp-json\/wp\/v2\/pages\/99"}],"wp:attachment":[{"href":"https:\/\/www.topohvar.at\/topo\/wp-json\/wp\/v2\/media?parent=4938"}],"curies":[{"name":"wp","href":"https:\/\/api.w.org\/{rel}","templated":true}]}}

<p><a name="seite_oben"></a><br />
<img loading="lazy" decoding="async" class="alignnone wp-image-22092 size-large" src="https://www.topohvar.at/wp-content/uploads/2019/04/sg-tr-73-12-1024x607.jpg" alt="" width="640" height="379" srcset="https://www.topohvar.at/wp-content/uploads/2019/04/sg-tr-73-12-1024x607.jpg 1024w, https://www.topohvar.at/wp-content/uploads/2019/04/sg-tr-73-12-300x178.jpg 300w, https://www.topohvar.at/wp-content/uploads/2019/04/sg-tr-73-12-768x455.jpg 768w, https://www.topohvar.at/wp-content/uploads/2019/04/sg-tr-73-12.jpg 1080w" sizes="auto, (max-width: 640px) 100vw, 640px" /></p>
<p><strong>Ime / Name<br />
</strong>Trim »SG-TR-73«<br />
<strong>Code: </strong>SG-TR-73                                        <strong><a href="https://www.topohvar.at/orte/sg/sg-tr-00-1/"><img loading="lazy" decoding="async" class="alignnone wp-image-12300 size-full" src="https://www.topohvar.at/wp-content/uploads/2018/09/push-vor-30.jpg" alt="" width="61" height="30" /></a> <a href="https://www.topohvar.at/orte/sg/sg-tr-i9-1/"><img loading="lazy" decoding="async" class="alignnone wp-image-533 size-full" src="https://www.topohvar.at/wp-content/uploads/2018/07/push-l-30.jpg" alt="" width="61" height="30" /></a> <a href="https://www.topohvar.at/orte/sg/"><img loading="lazy" decoding="async" class="alignnone wp-image-535 size-full" src="https://www.topohvar.at/wp-content/uploads/2018/07/push-o-30.jpg" alt="" width="61" height="30" /></a> <a href="https://www.topohvar.at/orte/sg/sg-tr-84-1/"><img loading="lazy" decoding="async" class="alignnone wp-image-536 size-full" src="https://www.topohvar.at/wp-content/uploads/2018/07/push-r-30.jpg" alt="" width="61" height="30" /></a></strong></p>
<hr />
<p><strong>Adresa / Adresse<br />
</strong>Stari Grad, Vrbanjske Rudine</p>
<p><strong>Lokacija / Position<a href="https://goo.gl/maps/Dikscniza57FusXn9"><img loading="lazy" decoding="async" class="alignright wp-image-5404" src="https://www.topohvar.at/wp-content/uploads/2018/08/1063.jpg" alt="" width="133" height="100" /></a><br />
</strong><span style="color: #3366ff;"><a style="color: #3366ff;" href="https://goo.gl/maps/Dikscniza57FusXn9">Latitude: N 43,20304°   Longitude: E 16,64271°</a> </span><strong><br />
</strong>Visina / Höhe: 68 m</p>
<p><strong>Katastarska čestica / Grundstücke<br />
</strong>8487<div class='content-column one_half'><div style="padding-right:6px;"><p><strong>Datum snimanja / Erfassungsdatum<br />
</strong>10.05.2016 16:46:47</p>
<hr />
<p><strong>Informacije</strong></p>
<p>Velika trim je skriven u šumi sjeverno od &#8222;Jurkov Dvor&#8220;. Dio je nekadašnjeg poljoprivrednog kompleksa. S desne strane ulaza nalazi se kamena kuća. Zanimljivo je da kružni tlocrt ostavlja mjesta za stablo lijevo od ulaza. Trim s jednom stepenicom je u lošem stanju. Krov nad ulazom prijeti propasti. Unutra se nalaze dvije zidne niše.</p></div></div><div class='content-column one_half last_column'><div style="padding-right:0px;padding-left:6px;"><p><strong>Stupanj zaštite / Schutzstellung<br />
</strong>&#8211;</p>
<hr />
<p><strong>Info</strong></p>
<p>Der große Trim liegt versteckt im Wald, nördlich von &#8222;Jurkov Dvor&#8220;. Er ist Teil eines ehemals landwirtschaftlichen Komplexes. Rechts vom Eingang ist er an ein Steinhaus angebaut. Interessant ist, dass der ansonsten kreisrunde Grundriss links vom Eingang einem Baum ausweicht. Der einstufige Trim ist in einem schlechten Zustand. Das Dach über dem Eingang droht einzustürzen. Im Inneren finden sich zwei Wandnischen.</p></div></div><div class='clear_column'></div><div class='content-column one_half'><div style="padding-right:6px;"><div id="attachment_22091" style="width: 310px" class="wp-caption aligncenter"><img loading="lazy" decoding="async" aria-describedby="caption-attachment-22091" class="wp-image-22091 size-medium" src="https://www.topohvar.at/wp-content/uploads/2019/04/SG-TR-73-1-300x300.jpg" alt="" width="300" height="300" srcset="https://www.topohvar.at/wp-content/uploads/2019/04/SG-TR-73-1-300x300.jpg 300w, https://www.topohvar.at/wp-content/uploads/2019/04/SG-TR-73-1-150x150.jpg 150w, https://www.topohvar.at/wp-content/uploads/2019/04/SG-TR-73-1.jpg 450w" sizes="auto, (max-width: 300px) 100vw, 300px" /><p id="caption-attachment-22091" class="wp-caption-text">Trim 2016</p></div>
<p>Dana 09.10.2018 trim je posjećen i ustanovljeno je sljedeće:</p>
<p>Lokacija: poljoprivredni sklop<br />
Podloga: ravna<br />
Povezan s: zgradom<br />
Upotreba: ne koristi se<br />
Stanje: loše, prekriven vegetacijom<br />
Broj stepenica trima: 1<br />
Dodatni kameni prsten: nema kamenog prstena<br />
Stepenište: nema<br />
Oblik kamena: plosnat<br />
Područje ispred ulaza: zaraslo<br />
Orijentacija ulaza: J (170°)<br />
Promjer trima (cm): 540<br />
Visina trima (cm): 340<br />
Visina stepenica (cm): stepenica 1: 200<br />
Debljina zida (cm): 90<br />
Širina vrata (cm): 85<br />
Visina vrata (cm): 130<br />
Širina unutra (cm): 360<br />
Visina unutra (cm): 300<br />
Volumen iznutra (m3): 17,24<br />
Niša 1 (P/Š/V/D) (cm): 75 / 40 / 45 / 35<br />
niša 2 (P/Š/V/D) (cm): 70 / 35 / 40 / 35</p></div></div><div class='content-column one_half last_column'><div style="padding-right:0px;padding-left:6px;"><div id="attachment_22093" style="width: 310px" class="wp-caption aligncenter"><img loading="lazy" decoding="async" aria-describedby="caption-attachment-22093" class="wp-image-22093 size-medium" src="https://www.topohvar.at/wp-content/uploads/2019/04/sg-tr-73-14-300x300.jpg" alt="" width="300" height="300" srcset="https://www.topohvar.at/wp-content/uploads/2019/04/sg-tr-73-14-300x300.jpg 300w, https://www.topohvar.at/wp-content/uploads/2019/04/sg-tr-73-14-150x150.jpg 150w, https://www.topohvar.at/wp-content/uploads/2019/04/sg-tr-73-14.jpg 450w" sizes="auto, (max-width: 300px) 100vw, 300px" /><p id="caption-attachment-22093" class="wp-caption-text">Krov trima / Trimdach</p></div>
<p>Am 09.10.2018 wurde der Trim besucht und näher untersucht:</p>
<p>Standort: landwirtsch. Gemenge<br />
Untergrund: eben<br />
Verbunden mit: Gebäude<br />
Nutzung: ungenutzt<br />
Zustand: schlecht, verwachsen<br />
Anzahl der Trimstufen: 1<br />
Zusätzlicher Steinring: kein Steinring<br />
Stiege: keine<br />
Steinform: plattig<br />
Eingangsbereich: verwachsen<br />
Eingangsseite: S (170°)<br />
Trimdurchmesser (cm): 540<br />
Trimhöhe (cm): 340<br />
Höhe der Trimstufen (cm): Stufe 1: 200<br />
Wandstärke (cm): 90<br />
Türbreite (cm): 85<br />
Türhöhe (cm): 130<br />
Innenraumbreite (cm): 360<br />
Innenraumhöhe (cm): 300<br />
Raumvolumen (m3): 17,24<br />
Nische 1 (P/B/H/T) (cm): 75 / 40 / 45 / 35<br />
Nische 2 (P/B/H/T) (cm): 70 / 35 / 40 / 35</p></div></div><div class='clear_column'></div> <img loading="lazy" decoding="async" class="alignnone size-full wp-image-13687" src="https://www.topohvar.at/wp-content/uploads/2018/12/sg-tr-73-sca.jpg" alt="" width="600" height="900" srcset="https://www.topohvar.at/wp-content/uploads/2018/12/sg-tr-73-sca.jpg 600w, https://www.topohvar.at/wp-content/uploads/2018/12/sg-tr-73-sca-200x300.jpg 200w" sizes="auto, (max-width: 600px) 100vw, 600px" /></p>
<p style="text-align: right;"><a href="#seite_oben">natrag na vrh / Seitenanfang</a></p>
<hr />
<p><strong>Linkovi / Links</strong></p>
<p>&#8211;</p>
