{"id":49695,"date":"2021-06-04T10:05:25","date_gmt":"2021-06-04T08:05:25","guid":{"rendered":"https:\/\/www.topohvar.at\/topo\/?page_id=49695"},"modified":"2021-06-04T10:34:08","modified_gmt":"2021-06-04T08:34:08","slug":"gv-is-15-1","status":"publish","type":"page","link":"https:\/\/www.topohvar.at\/topo\/orte\/gv\/gv-is-15-1\/","title":{"rendered":"VELO GRABLJE &#8211; Spomen plo\u010da \/ Gedenktafel \u00bbMarinko Juri\u0107\u00ab"},"content":{"rendered":"<p><a name=\"seite_oben\"><\/a><br \/>\n<strong><img loading=\"lazy\" decoding=\"async\" class=\"alignnone wp-image-49697 size-full\" src=\"https:\/\/www.topohvar.at\/wp-content\/uploads\/2021\/06\/gv-is-15-2.jpg\" alt=\"\" width=\"1080\" height=\"530\" srcset=\"https:\/\/www.topohvar.at\/wp-content\/uploads\/2021\/06\/gv-is-15-2.jpg 1080w, https:\/\/www.topohvar.at\/wp-content\/uploads\/2021\/06\/gv-is-15-2-300x147.jpg 300w, https:\/\/www.topohvar.at\/wp-content\/uploads\/2021\/06\/gv-is-15-2-1024x503.jpg 1024w, https:\/\/www.topohvar.at\/wp-content\/uploads\/2021\/06\/gv-is-15-2-768x377.jpg 768w\" sizes=\"auto, (max-width: 1080px) 100vw, 1080px\" \/><\/strong><\/p>\n<p><strong>Ime \/ Name<br \/>\n<\/strong>Spomen plo\u010da \/ Gedenktafel \u00bbMarinko Juri\u0107\u00ab<\/p>\n<p><strong>Code: <\/strong>GV-IS-15\u00a0 \u00a0 \u00a0 \u00a0 \u00a0 \u00a0 \u00a0 \u00a0 \u00a0 \u00a0 \u00a0 \u00a0 \u00a0 \u00a0 \u00a0 \u00a0 \u00a0 \u00a0<a href=\"https:\/\/www.topohvar.at\/orte\/gv\/gv-ip-01-1\/\"><img loading=\"lazy\" decoding=\"async\" class=\"alignnone wp-image-12300 size-full\" src=\"https:\/\/www.topohvar.at\/wp-content\/uploads\/2018\/09\/push-vor-30.jpg\" alt=\"\" width=\"61\" height=\"30\" \/><\/a>\u00a0<strong><a href=\"https:\/\/www.topohvar.at\/orte\/gv\/gv-is-14-1\/\"><img loading=\"lazy\" decoding=\"async\" class=\"alignnone wp-image-533 size-full\" src=\"https:\/\/www.topohvar.at\/wp-content\/uploads\/2018\/07\/push-l-30.jpg\" alt=\"\" width=\"61\" height=\"30\" \/><\/a> <a href=\"https:\/\/www.topohvar.at\/orte\/gv\/\"><img loading=\"lazy\" decoding=\"async\" class=\"alignnone wp-image-535 size-full\" src=\"https:\/\/www.topohvar.at\/wp-content\/uploads\/2018\/07\/push-o-30.jpg\" alt=\"\" width=\"61\" height=\"30\" \/><\/a> <a href=\"https:\/\/www.topohvar.at\/orte\/gv\/gv-is-01-1\/\"><img loading=\"lazy\" decoding=\"async\" class=\"alignnone wp-image-536 size-full\" src=\"https:\/\/www.topohvar.at\/wp-content\/uploads\/2018\/07\/push-r-30.jpg\" alt=\"\" width=\"61\" height=\"30\" \/><\/a><\/strong><\/p>\n<hr \/>\n<p><strong>Adresa \/ Adresse<br \/>\n<\/strong>Velo Grablje, uz crkvu Sv. Antonije, uvala Konopljikova (uvala Sv. Ante)<\/p>\n<p><strong>Lokalna polo\u017eaj \/ Position<a href=\"https:\/\/goo.gl\/maps\/RKRUP6HbV5MFfiMt5\"><img loading=\"lazy\" decoding=\"async\" class=\"alignright wp-image-29197\" src=\"https:\/\/www.topohvar.at\/wp-content\/uploads\/2020\/01\/2115.jpg\" alt=\"\" width=\"133\" height=\"100\" \/><\/a><br \/>\n<\/strong><a href=\"https:\/\/goo.gl\/maps\/RKRUP6HbV5MFfiMt5\"><span style=\"color: #3366ff;\">Latitude: N 43,18513\u00b0\u00a0 \u00a0Longitude: E 16,54931\u00b0<\/span><\/a>\u00a0<strong><br \/>\n<\/strong>Visina \/ H\u00f6he: 28 m<\/p>\n<p><strong>Zemlji\u0161te \/ Grundst\u00fccke<br \/>\n<\/strong>*268 <div class='content-column one_half'><div style=\"padding-right:6px;\"><p><strong>Datum snimanja \/ Erfassungsdatum<br \/>\n<\/strong>25.05.2021 15:06:46<\/p>\n<hr \/>\n<p><strong>Informacije<\/strong><\/p>\n<p>Spomen plo\u010da je u dvori\u0161tu male crkve sv. Antuna sa sljede\u0107im natpisom:<\/p><\/div><\/div><div class='content-column one_half last_column'><div style=\"padding-right:0px;padding-left:6px;\"><p><strong>Za\u0161titni polo\u017eaj \/ Schutzstellung<br \/>\n<\/strong>&#8211;<\/p>\n<hr \/>\n<p><strong>Info<\/strong><\/p>\n<p>Die Gedenktafel befindet sich im Hof zur kleinen Kirche des hl. Antonius mit folgender Inschrift:<\/p><\/div><\/div><div class='clear_column'><\/div><div class='content-column one_half'><div style=\"padding-right:6px;\"><p style=\"text-align: center;\">SVETI ANTUNE<\/p>\n<p style=\"text-align: center;\">HVALA ZA SA\u010cUVANI<br \/>\n\u017dIVOT I VID<br \/>\n15-12-1943. GOD.<\/p>\n<p style=\"text-align: center;\"><strong>MARINKO JURI\u0106 POK. KUZME,<\/strong><br \/>\nVELO GRABLJE<\/p><\/div><\/div><div class='content-column one_half last_column'><div style=\"padding-right:0px;padding-left:6px;\"><p style=\"text-align: center;\">Heiliger Antonius<\/p>\n<p style=\"text-align: center;\">Dank f\u00fcr die Rettung von<br \/>\nLeben und Augenlicht<br \/>\n15. 12. 1943<\/p>\n<p style=\"text-align: center;\"><strong>Marinko Juri\u0107 gen. Kuzma<\/strong>,<br \/>\nVelo Grablje<\/p><\/div><\/div><div class='clear_column'><\/div><div class='content-column one_half'><div style=\"padding-right:6px;\"><p>Jo\u0161 jedna spomen-plo\u010da obitelji Juri\u0107 (Roko i Marinko) nalazi se na ulazu u selo do uvale Sv. Ante i u Glavicu u Starom Gradu.<\/p><\/div><\/div><div class='content-column one_half last_column'><div style=\"padding-right:0px;padding-left:6px;\"><p>Eine weitere Gedenktafel der Familie Juri\u0107 (Roko i Marinko) befindet sich am Ortseingang zur Bucht Sv. Ante und am Glavica in Stari Grad.<\/p><\/div><\/div><div class='clear_column'><\/div><\/p>\n<p style=\"text-align: right;\"><span style=\"color: #3366ff;\"><a style=\"color: #3366ff;\" href=\"#seite_oben\">natrag na vrh \/ Seitenanfang<\/a><\/span><\/p>\n<hr \/>\n<p><strong>Linkovi \/ Links<\/strong><\/p>\n<p><span style=\"color: #3366ff;\"><a style=\"color: #3366ff;\" href=\"https:\/\/www.topohvar.at\/topo\/orte\/gv\/gv-is-14-1\/\">Spomen plo\u010da \/ Gedenktafel \u00bbRoko i Marinko\u00ab<\/a><br \/>\n<a style=\"color: #3366ff;\" href=\"https:\/\/www.topohvar.at\/orte\/sg\/sg-is-30-2\/\">Spomen plo\u010da na Glavicu\u00ab \/ Gedenktafel am Glavica<\/a><br \/>\n<a style=\"color: #3366ff;\" href=\"https:\/\/www.topohvar.at\/orte\/gv\/gv-cz-10-1\/\">Kri\u017e \u00bbRoko Petri\u0107 sin Luke\u00ab \/ Kreuz des\u00a0Roko Petri\u0107\u00b4s Sohn Lukas<\/a><br \/>\n<a style=\"color: #3366ff;\" href=\"https:\/\/www.topohvar.at\/topo\/orte\/gv\/gv-ck-03-1\/\">Crkvica \u00bbSv. Antonija (2)\u00ab \/ Kirche des hl. Antonius (2)<\/a><\/span><\/p>\n","protected":false},"excerpt":{"rendered":"<p>Ime \/ Name Spomen plo\u010da \/ Gedenktafel \u00bbMarinko Juri\u0107\u00ab Code: GV-IS-15\u00a0 \u00a0 \u00a0 \u00a0 \u00a0 \u00a0 \u00a0 \u00a0 \u00a0 \u00a0 \u00a0 \u00a0 \u00a0 \u00a0 \u00a0 \u00a0 \u00a0 \u00a0\u00a0 Adresa \/ Adresse Velo Grablje, uz crkvu Sv. Antonije, uvala Konopljikova (uvala &hellip; <a href=\"https:\/\/www.topohvar.at\/topo\/orte\/gv\/gv-is-15-1\/\">Weiterlesen <span class=\"meta-nav\">&rarr;<\/span><\/a><\/p>\n","protected":false},"author":1,"featured_media":0,"parent":76,"menu_order":0,"comment_status":"closed","ping_status":"closed","template":"","meta":{"footnotes":""},"class_list":["post-49695","page","type-page","status-publish","hentry"],"_links":{"self":[{"href":"https:\/\/www.topohvar.at\/topo\/wp-json\/wp\/v2\/pages\/49695","targetHints":{"allow":["GET"]}}],"collection":[{"href":"https:\/\/www.topohvar.at\/topo\/wp-json\/wp\/v2\/pages"}],"about":[{"href":"https:\/\/www.topohvar.at\/topo\/wp-json\/wp\/v2\/types\/page"}],"author":[{"embeddable":true,"href":"https:\/\/www.topohvar.at\/topo\/wp-json\/wp\/v2\/users\/1"}],"replies":[{"embeddable":true,"href":"https:\/\/www.topohvar.at\/topo\/wp-json\/wp\/v2\/comments?post=49695"}],"version-history":[{"count":6,"href":"https:\/\/www.topohvar.at\/topo\/wp-json\/wp\/v2\/pages\/49695\/revisions"}],"predecessor-version":[{"id":49707,"href":"https:\/\/www.topohvar.at\/topo\/wp-json\/wp\/v2\/pages\/49695\/revisions\/49707"}],"up":[{"embeddable":true,"href":"https:\/\/www.topohvar.at\/topo\/wp-json\/wp\/v2\/pages\/76"}],"wp:attachment":[{"href":"https:\/\/www.topohvar.at\/topo\/wp-json\/wp\/v2\/media?parent=49695"}],"curies":[{"name":"wp","href":"https:\/\/api.w.org\/{rel}","templated":true}]}}

VELO GRABLJE &#8211; Spomen ploča / Gedenktafel »Marinko Jurić«

<p><a name="seite_oben"></a><br />
<strong><img loading="lazy" decoding="async" class="alignnone wp-image-49697 size-full" src="https://www.topohvar.at/wp-content/uploads/2021/06/gv-is-15-2.jpg" alt="" width="1080" height="530" srcset="https://www.topohvar.at/wp-content/uploads/2021/06/gv-is-15-2.jpg 1080w, https://www.topohvar.at/wp-content/uploads/2021/06/gv-is-15-2-300x147.jpg 300w, https://www.topohvar.at/wp-content/uploads/2021/06/gv-is-15-2-1024x503.jpg 1024w, https://www.topohvar.at/wp-content/uploads/2021/06/gv-is-15-2-768x377.jpg 768w" sizes="auto, (max-width: 1080px) 100vw, 1080px" /></strong></p>
<p><strong>Ime / Name<br />
</strong>Spomen ploča / Gedenktafel »Marinko Jurić«</p>
<p><strong>Code: </strong>GV-IS-15                                   <a href="https://www.topohvar.at/orte/gv/gv-ip-01-1/"><img loading="lazy" decoding="async" class="alignnone wp-image-12300 size-full" src="https://www.topohvar.at/wp-content/uploads/2018/09/push-vor-30.jpg" alt="" width="61" height="30" /></a> <strong><a href="https://www.topohvar.at/orte/gv/gv-is-14-1/"><img loading="lazy" decoding="async" class="alignnone wp-image-533 size-full" src="https://www.topohvar.at/wp-content/uploads/2018/07/push-l-30.jpg" alt="" width="61" height="30" /></a> <a href="https://www.topohvar.at/orte/gv/"><img loading="lazy" decoding="async" class="alignnone wp-image-535 size-full" src="https://www.topohvar.at/wp-content/uploads/2018/07/push-o-30.jpg" alt="" width="61" height="30" /></a> <a href="https://www.topohvar.at/orte/gv/gv-is-01-1/"><img loading="lazy" decoding="async" class="alignnone wp-image-536 size-full" src="https://www.topohvar.at/wp-content/uploads/2018/07/push-r-30.jpg" alt="" width="61" height="30" /></a></strong></p>
<hr />
<p><strong>Adresa / Adresse<br />
</strong>Velo Grablje, uz crkvu Sv. Antonije, uvala Konopljikova (uvala Sv. Ante)</p>
<p><strong>Lokalna položaj / Position<a href="https://goo.gl/maps/RKRUP6HbV5MFfiMt5"><img loading="lazy" decoding="async" class="alignright wp-image-29197" src="https://www.topohvar.at/wp-content/uploads/2020/01/2115.jpg" alt="" width="133" height="100" /></a><br />
</strong><a href="https://goo.gl/maps/RKRUP6HbV5MFfiMt5"><span style="color: #3366ff;">Latitude: N 43,18513°   Longitude: E 16,54931°</span></a> <strong><br />
</strong>Visina / Höhe: 28 m</p>
<p><strong>Zemljište / Grundstücke<br />
</strong>*268 <div class='content-column one_half'><div style="padding-right:6px;"><p><strong>Datum snimanja / Erfassungsdatum<br />
</strong>25.05.2021 15:06:46</p>
<hr />
<p><strong>Informacije</strong></p>
<p>Spomen ploča je u dvorištu male crkve sv. Antuna sa sljedećim natpisom:</p></div></div><div class='content-column one_half last_column'><div style="padding-right:0px;padding-left:6px;"><p><strong>Zaštitni položaj / Schutzstellung<br />
</strong>&#8211;</p>
<hr />
<p><strong>Info</strong></p>
<p>Die Gedenktafel befindet sich im Hof zur kleinen Kirche des hl. Antonius mit folgender Inschrift:</p></div></div><div class='clear_column'></div><div class='content-column one_half'><div style="padding-right:6px;"><p style="text-align: center;">SVETI ANTUNE</p>
<p style="text-align: center;">HVALA ZA SAČUVANI<br />
ŽIVOT I VID<br />
15-12-1943. GOD.</p>
<p style="text-align: center;"><strong>MARINKO JURIĆ POK. KUZME,</strong><br />
VELO GRABLJE</p></div></div><div class='content-column one_half last_column'><div style="padding-right:0px;padding-left:6px;"><p style="text-align: center;">Heiliger Antonius</p>
<p style="text-align: center;">Dank für die Rettung von<br />
Leben und Augenlicht<br />
15. 12. 1943</p>
<p style="text-align: center;"><strong>Marinko Jurić gen. Kuzma</strong>,<br />
Velo Grablje</p></div></div><div class='clear_column'></div><div class='content-column one_half'><div style="padding-right:6px;"><p>Još jedna spomen-ploča obitelji Jurić (Roko i Marinko) nalazi se na ulazu u selo do uvale Sv. Ante i u Glavicu u Starom Gradu.</p></div></div><div class='content-column one_half last_column'><div style="padding-right:0px;padding-left:6px;"><p>Eine weitere Gedenktafel der Familie Jurić (Roko i Marinko) befindet sich am Ortseingang zur Bucht Sv. Ante und am Glavica in Stari Grad.</p></div></div><div class='clear_column'></div></p>
<p style="text-align: right;"><span style="color: #3366ff;"><a style="color: #3366ff;" href="#seite_oben">natrag na vrh / Seitenanfang</a></span></p>
<hr />
<p><strong>Linkovi / Links</strong></p>
<p><span style="color: #3366ff;"><a style="color: #3366ff;" href="https://www.topohvar.at/topo/orte/gv/gv-is-14-1/">Spomen ploča / Gedenktafel »Roko i Marinko«</a><br />
<a style="color: #3366ff;" href="https://www.topohvar.at/orte/sg/sg-is-30-2/">Spomen ploča na Glavicu« / Gedenktafel am Glavica</a><br />
<a style="color: #3366ff;" href="https://www.topohvar.at/orte/gv/gv-cz-10-1/">Križ »Roko Petrić sin Luke« / Kreuz des Roko Petrić´s Sohn Lukas</a><br />
<a style="color: #3366ff;" href="https://www.topohvar.at/topo/orte/gv/gv-ck-03-1/">Crkvica »Sv. Antonija (2)« / Kirche des hl. Antonius (2)</a></span></p>

<p>Ime / Name Spomen ploča / Gedenktafel »Marinko Jurić« Code: GV-IS-15                                     Adresa / Adresse Velo Grablje, uz crkvu Sv. Antonije, uvala Konopljikova (uvala &hellip; <a href="https://www.topohvar.at/topo/orte/gv/gv-is-15-1/">Weiterlesen <span class="meta-nav">&rarr;</span></a></p>
