{"id":50419,"date":"2021-06-30T07:59:20","date_gmt":"2021-06-30T05:59:20","guid":{"rendered":"https:\/\/www.topohvar.at\/topo\/?page_id=50419"},"modified":"2021-06-30T08:12:12","modified_gmt":"2021-06-30T06:12:12","slug":"vj-mo-09-1","status":"publish","type":"page","link":"https:\/\/www.topohvar.at\/topo\/orte\/vj\/vj-mo-09-1\/","title":{"rendered":"VRBANJ &#8211; Kip Djevice Marije"},"content":{"rendered":"<p><a name=\"seite_oben\"><\/a><br \/>\n<strong><img loading=\"lazy\" decoding=\"async\" class=\"aligncenter wp-image-50420 size-full\" src=\"https:\/\/www.topohvar.at\/wp-content\/uploads\/2021\/06\/vj-mo-09-1.jpg\" alt=\"\" width=\"1080\" height=\"530\" srcset=\"https:\/\/www.topohvar.at\/wp-content\/uploads\/2021\/06\/vj-mo-09-1.jpg 1080w, https:\/\/www.topohvar.at\/wp-content\/uploads\/2021\/06\/vj-mo-09-1-300x147.jpg 300w, https:\/\/www.topohvar.at\/wp-content\/uploads\/2021\/06\/vj-mo-09-1-1024x503.jpg 1024w, https:\/\/www.topohvar.at\/wp-content\/uploads\/2021\/06\/vj-mo-09-1-768x377.jpg 768w\" sizes=\"auto, (max-width: 1080px) 100vw, 1080px\" \/><\/strong><\/p>\n<p><strong>Ime \/ Name<br \/>\n<\/strong>Kip Djevice Marije \/ Marienstatue<\/p>\n<p><strong>Code: <\/strong>VJ-MO-09\u00a0 \u00a0 \u00a0 \u00a0 \u00a0 \u00a0 \u00a0 \u00a0<strong>\u00a0 \u00a0 \u00a0 \u00a0 \u00a0 \u00a0 \u00a0 \u00a0 \u00a0 \u00a0<a href=\"https:\/\/www.topohvar.at\/orte\/vj\/vj-mo-05-1\/\"><img loading=\"lazy\" decoding=\"async\" class=\"alignnone wp-image-533 size-full\" src=\"https:\/\/www.topohvar.at\/wp-content\/uploads\/2018\/07\/push-l-30.jpg\" alt=\"\" width=\"61\" height=\"30\" \/><\/a>\u00a0<a href=\"https:\/\/www.topohvar.at\/orte\/vj\/\"><img loading=\"lazy\" decoding=\"async\" class=\"alignnone wp-image-535 size-full\" src=\"https:\/\/www.topohvar.at\/wp-content\/uploads\/2018\/07\/push-o-30.jpg\" alt=\"\" width=\"61\" height=\"30\" \/><\/a>\u00a0<a href=\"https:\/\/www.topohvar.at\/orte\/vj\/vj-mo-06-1\/\"><img loading=\"lazy\" decoding=\"async\" class=\"alignnone wp-image-536 size-full\" src=\"https:\/\/www.topohvar.at\/wp-content\/uploads\/2018\/07\/push-r-30.jpg\" alt=\"\" width=\"61\" height=\"30\" \/><\/a><\/strong><\/p>\n<hr \/>\n<p><strong>Adresa \/ Adresse<br \/>\n<\/strong>Vrbanj,\u00a0Sv. Duh, park \u017eupnog dvora \/ Park beim Pfarrhof<\/p>\n<p><strong>Lokacija \/ Position<a href=\"https:\/\/goo.gl\/maps\/Cir3B9vyUQGeFuvG8\"><img loading=\"lazy\" decoding=\"async\" class=\"alignright wp-image-7105\" src=\"https:\/\/www.topohvar.at\/wp-content\/uploads\/2018\/08\/1743.jpg\" alt=\"\" width=\"134\" height=\"100\" \/><\/a><br \/>\n<\/strong><span style=\"color: #3366ff;\"><a style=\"color: #3366ff;\" href=\"https:\/\/goo.gl\/maps\/Cir3B9vyUQGeFuvG8\">Latitude: N 43,16632\u00b0\u00a0 \u00a0 Longitude: E 16,64564\u00b0<\/a>\u00a0<\/span><strong><br \/>\n<\/strong>Visina \/ H\u00f6he: 85 m<\/p>\n<p><strong>Katastarska \u010destica \/ Grundst\u00fccke<br \/>\n<\/strong>3022\/3<div class='content-column one_half'><div style=\"padding-right:6px;\"><p><strong>Datum snimanja \/ Erfassungsdatum<br \/>\n<\/strong>11.06.2021 09:32:00<\/p>\n<hr \/>\n<p><strong>Informacije<\/strong><\/p>\n<p>U vrtu \u017eupnog Vrbanja nalazi se Marijin kip, okru\u017een stiliziranom pe\u0107inom. Ispod lika nalazi se spomen plo\u010da sa sljede\u0107im natpisom:<\/p><\/div><\/div><div class='content-column one_half last_column'><div style=\"padding-right:0px;padding-left:6px;\"><p><strong>Stupanj za\u0161tite \/ Schutzstellung<br \/>\n<\/strong>&#8211;<\/p>\n<hr \/>\n<p><strong>Info<\/strong><\/p>\n<p>Im Garten des Pfarrhofes von Vrbanj steht die Marienfigur, umgeben on einer stilisierten Grotte. Unterhalb der Figur befindet sich eine Gedenktafel mit folgender\u00a0Inschrift:<\/p><\/div><\/div><div class='clear_column'><\/div><\/p>\n<hr \/>\n<div class='content-column one_half'><div style=\"padding-right:6px;\"><p style=\"text-align: center;\"><strong>HVALA TI ZA SVE<\/strong><\/p>\n<p>DAROVALA:<br \/>\nProf. dr. sc. MARIJA BRTANI\u0106<\/p>\n<p>IZRADIO:<br \/>\nLATKO VRANKOVI\u0106<br \/>\nVRBANJ 2007<\/p><\/div><\/div><div class='content-column one_half last_column'><div style=\"padding-right:0px;padding-left:6px;\"><p style=\"text-align: center;\"><strong>Danke f\u00fcr alles<\/strong><\/p>\n<p>Gespendet von:<br \/>\nProf dr. Sc. Marija brtani\u0107<\/p>\n<p>Erstellt von:<br \/>\nLatko vrankovi\u0107<br \/>\nVrbanj 2007<\/p><\/div><\/div><div class='clear_column'><\/div><\/p>\n<p style=\"text-align: right;\"><span style=\"color: #3366ff;\"><a style=\"color: #3366ff;\" href=\"#seite_oben\">Natrag na vrh \/ Seitenanfang<\/a><\/span><\/p>\n<hr \/>\n<p><strong>Linkovi \/ Links<\/strong><\/p>\n<p><span style=\"color: #3366ff;\"><a style=\"color: #3366ff;\" href=\"https:\/\/www.topohvar.at\/orte\/vj\/vj-ov-01-1\/\">Park Bla\u017eenog Alojzija Stepinca \/ Park Aloisius Stepenic<\/a><br \/>\n<a style=\"color: #3366ff;\" href=\"https:\/\/www.topohvar.at\/topo\/orte\/vj\/vj-mo-05-1\/\">Kip \u00bbBl. Alojzija Stepinca\u00ab \/ Statue des seligen Aloisius Stepenic<\/a><br \/>\n<a style=\"color: #3366ff;\" href=\"https:\/\/www.topohvar.at\/topo\/orte\/vj\/vj-ip-05-1\/\">Informativna plo\u010da \u00bbFontana Vrba\u00ab \/ Infotafel &#8222;Weidenbrunnen&#8220;<\/a><br \/>\n<\/span><\/p>\n","protected":false},"excerpt":{"rendered":"<p>Ime \/ Name Kip Djevice Marije \/ Marienstatue Code: VJ-MO-09\u00a0 \u00a0 \u00a0 \u00a0 \u00a0 \u00a0 \u00a0 \u00a0\u00a0 \u00a0 \u00a0 \u00a0 \u00a0 \u00a0 \u00a0 \u00a0 \u00a0 \u00a0\u00a0\u00a0 Adresa \/ Adresse Vrbanj,\u00a0Sv. Duh, park \u017eupnog dvora \/ Park beim Pfarrhof Lokacija \/ &hellip; <a href=\"https:\/\/www.topohvar.at\/topo\/orte\/vj\/vj-mo-09-1\/\">Weiterlesen <span class=\"meta-nav\">&rarr;<\/span><\/a><\/p>\n","protected":false},"author":1,"featured_media":0,"parent":111,"menu_order":0,"comment_status":"closed","ping_status":"closed","template":"","meta":{"footnotes":""},"class_list":["post-50419","page","type-page","status-publish","hentry"],"_links":{"self":[{"href":"https:\/\/www.topohvar.at\/topo\/wp-json\/wp\/v2\/pages\/50419","targetHints":{"allow":["GET"]}}],"collection":[{"href":"https:\/\/www.topohvar.at\/topo\/wp-json\/wp\/v2\/pages"}],"about":[{"href":"https:\/\/www.topohvar.at\/topo\/wp-json\/wp\/v2\/types\/page"}],"author":[{"embeddable":true,"href":"https:\/\/www.topohvar.at\/topo\/wp-json\/wp\/v2\/users\/1"}],"replies":[{"embeddable":true,"href":"https:\/\/www.topohvar.at\/topo\/wp-json\/wp\/v2\/comments?post=50419"}],"version-history":[{"count":3,"href":"https:\/\/www.topohvar.at\/topo\/wp-json\/wp\/v2\/pages\/50419\/revisions"}],"predecessor-version":[{"id":50426,"href":"https:\/\/www.topohvar.at\/topo\/wp-json\/wp\/v2\/pages\/50419\/revisions\/50426"}],"up":[{"embeddable":true,"href":"https:\/\/www.topohvar.at\/topo\/wp-json\/wp\/v2\/pages\/111"}],"wp:attachment":[{"href":"https:\/\/www.topohvar.at\/topo\/wp-json\/wp\/v2\/media?parent=50419"}],"curies":[{"name":"wp","href":"https:\/\/api.w.org\/{rel}","templated":true}]}}

<p><a name="seite_oben"></a><br />
<strong><img loading="lazy" decoding="async" class="aligncenter wp-image-50420 size-full" src="https://www.topohvar.at/wp-content/uploads/2021/06/vj-mo-09-1.jpg" alt="" width="1080" height="530" srcset="https://www.topohvar.at/wp-content/uploads/2021/06/vj-mo-09-1.jpg 1080w, https://www.topohvar.at/wp-content/uploads/2021/06/vj-mo-09-1-300x147.jpg 300w, https://www.topohvar.at/wp-content/uploads/2021/06/vj-mo-09-1-1024x503.jpg 1024w, https://www.topohvar.at/wp-content/uploads/2021/06/vj-mo-09-1-768x377.jpg 768w" sizes="auto, (max-width: 1080px) 100vw, 1080px" /></strong></p>
<p><strong>Ime / Name<br />
</strong>Kip Djevice Marije / Marienstatue</p>
<p><strong>Code: </strong>VJ-MO-09               <strong>                   <a href="https://www.topohvar.at/orte/vj/vj-mo-05-1/"><img loading="lazy" decoding="async" class="alignnone wp-image-533 size-full" src="https://www.topohvar.at/wp-content/uploads/2018/07/push-l-30.jpg" alt="" width="61" height="30" /></a> <a href="https://www.topohvar.at/orte/vj/"><img loading="lazy" decoding="async" class="alignnone wp-image-535 size-full" src="https://www.topohvar.at/wp-content/uploads/2018/07/push-o-30.jpg" alt="" width="61" height="30" /></a> <a href="https://www.topohvar.at/orte/vj/vj-mo-06-1/"><img loading="lazy" decoding="async" class="alignnone wp-image-536 size-full" src="https://www.topohvar.at/wp-content/uploads/2018/07/push-r-30.jpg" alt="" width="61" height="30" /></a></strong></p>
<hr />
<p><strong>Adresa / Adresse<br />
</strong>Vrbanj, Sv. Duh, park župnog dvora / Park beim Pfarrhof</p>
<p><strong>Lokacija / Position<a href="https://goo.gl/maps/Cir3B9vyUQGeFuvG8"><img loading="lazy" decoding="async" class="alignright wp-image-7105" src="https://www.topohvar.at/wp-content/uploads/2018/08/1743.jpg" alt="" width="134" height="100" /></a><br />
</strong><span style="color: #3366ff;"><a style="color: #3366ff;" href="https://goo.gl/maps/Cir3B9vyUQGeFuvG8">Latitude: N 43,16632°    Longitude: E 16,64564°</a> </span><strong><br />
</strong>Visina / Höhe: 85 m</p>
<p><strong>Katastarska čestica / Grundstücke<br />
</strong>3022/3<div class='content-column one_half'><div style="padding-right:6px;"><p><strong>Datum snimanja / Erfassungsdatum<br />
</strong>11.06.2021 09:32:00</p>
<hr />
<p><strong>Informacije</strong></p>
<p>U vrtu župnog Vrbanja nalazi se Marijin kip, okružen stiliziranom pećinom. Ispod lika nalazi se spomen ploča sa sljedećim natpisom:</p></div></div><div class='content-column one_half last_column'><div style="padding-right:0px;padding-left:6px;"><p><strong>Stupanj zaštite / Schutzstellung<br />
</strong>&#8211;</p>
<hr />
<p><strong>Info</strong></p>
<p>Im Garten des Pfarrhofes von Vrbanj steht die Marienfigur, umgeben on einer stilisierten Grotte. Unterhalb der Figur befindet sich eine Gedenktafel mit folgender Inschrift:</p></div></div><div class='clear_column'></div></p>
<hr />
<div class='content-column one_half'><div style="padding-right:6px;"><p style="text-align: center;"><strong>HVALA TI ZA SVE</strong></p>
<p>DAROVALA:<br />
Prof. dr. sc. MARIJA BRTANIĆ</p>
<p>IZRADIO:<br />
LATKO VRANKOVIĆ<br />
VRBANJ 2007</p></div></div><div class='content-column one_half last_column'><div style="padding-right:0px;padding-left:6px;"><p style="text-align: center;"><strong>Danke für alles</strong></p>
<p>Gespendet von:<br />
Prof dr. Sc. Marija brtanić</p>
<p>Erstellt von:<br />
Latko vranković<br />
Vrbanj 2007</p></div></div><div class='clear_column'></div></p>
<p style="text-align: right;"><span style="color: #3366ff;"><a style="color: #3366ff;" href="#seite_oben">Natrag na vrh / Seitenanfang</a></span></p>
<hr />
<p><strong>Linkovi / Links</strong></p>
<p><span style="color: #3366ff;"><a style="color: #3366ff;" href="https://www.topohvar.at/orte/vj/vj-ov-01-1/">Park Blaženog Alojzija Stepinca / Park Aloisius Stepenic</a><br />
<a style="color: #3366ff;" href="https://www.topohvar.at/topo/orte/vj/vj-mo-05-1/">Kip »Bl. Alojzija Stepinca« / Statue des seligen Aloisius Stepenic</a><br />
<a style="color: #3366ff;" href="https://www.topohvar.at/topo/orte/vj/vj-ip-05-1/">Informativna ploča »Fontana Vrba« / Infotafel &#8222;Weidenbrunnen&#8220;</a><br />
</span></p>

<p>Ime / Name Kip Djevice Marije / Marienstatue Code: VJ-MO-09                                     Adresa / Adresse Vrbanj, Sv. Duh, park župnog dvora / Park beim Pfarrhof Lokacija / &hellip; <a href="https://www.topohvar.at/topo/orte/vj/vj-mo-09-1/">Weiterlesen <span class="meta-nav">&rarr;</span></a></p>
