{"id":50569,"date":"2021-07-02T11:38:27","date_gmt":"2021-07-02T09:38:27","guid":{"rendered":"https:\/\/www.topohvar.at\/topo\/?page_id=50569"},"modified":"2024-04-19T11:40:36","modified_gmt":"2024-04-19T09:40:36","slug":"zv-cp-02-1","status":"publish","type":"page","link":"https:\/\/www.topohvar.at\/topo\/orte\/zv\/zv-cp-02-1\/","title":{"rendered":"ZAVALA &#8211; Kapela \u00bbSv. Petra Veronskog\u00ab"},"content":{"rendered":"<p><a name=\"seite_oben\"><\/a><br \/>\n<strong><img loading=\"lazy\" decoding=\"async\" class=\"aligncenter wp-image-52865 size-full\" src=\"https:\/\/www.topohvar.at\/wp-content\/uploads\/2021\/10\/zv-cp-04-30.jpg\" alt=\"\" width=\"1080\" height=\"530\" srcset=\"https:\/\/www.topohvar.at\/wp-content\/uploads\/2021\/10\/zv-cp-04-30.jpg 1080w, https:\/\/www.topohvar.at\/wp-content\/uploads\/2021\/10\/zv-cp-04-30-300x147.jpg 300w, https:\/\/www.topohvar.at\/wp-content\/uploads\/2021\/10\/zv-cp-04-30-1024x503.jpg 1024w, https:\/\/www.topohvar.at\/wp-content\/uploads\/2021\/10\/zv-cp-04-30-768x377.jpg 768w\" sizes=\"auto, (max-width: 1080px) 100vw, 1080px\" \/><\/strong><\/p>\n<p><strong>Ime \/ Name<br \/>\n<\/strong>Kapela \u00bbSv. Petra Verinskog\u00ab \/ Kapelle des hl. Petrus von Verona<\/p>\n<p><strong>Code: <\/strong>ZV-CP-02\u00a0 \u00a0 \u00a0 \u00a0 \u00a0 \u00a0 \u00a0 \u00a0<strong>\u00a0 \u00a0 \u00a0 \u00a0 \u00a0 \u00a0 \u00a0 \u00a0 \u00a0 \u00a0 \u00a0 \u00a0\u00a0<a href=\"https:\/\/www.topohvar.at\/orte\/zv\/zv-cp-01-1\/\"><img loading=\"lazy\" decoding=\"async\" class=\"alignnone wp-image-533 size-full\" src=\"https:\/\/www.topohvar.at\/wp-content\/uploads\/2018\/07\/push-l-30.jpg\" alt=\"\" width=\"61\" height=\"30\" \/><\/a>\u00a0<a href=\"https:\/\/www.topohvar.at\/orte\/zv\/\"><img loading=\"lazy\" decoding=\"async\" class=\"alignnone wp-image-535 size-full\" src=\"https:\/\/www.topohvar.at\/wp-content\/uploads\/2018\/07\/push-o-30.jpg\" alt=\"\" width=\"61\" height=\"30\" \/><\/a>\u00a0<a href=\"https:\/\/www.topohvar.at\/orte\/zv\/zv-cp-04-1\/\"><img loading=\"lazy\" decoding=\"async\" class=\"alignnone wp-image-536 size-full\" src=\"https:\/\/www.topohvar.at\/wp-content\/uploads\/2018\/07\/push-r-30.jpg\" alt=\"\" width=\"61\" height=\"30\" \/><\/a><\/strong><\/p>\n<hr \/>\n<p><strong>Adresa \/ Adresse<br \/>\n<\/strong>Zavala, Ulica Veli Dvor 83<\/p>\n<p><strong>Lokacija \/ Position<a href=\"https:\/\/goo.gl\/maps\/JB2CxqtKNDyystiL6\"><img loading=\"lazy\" decoding=\"async\" class=\"alignright wp-image-51218\" src=\"https:\/\/www.topohvar.at\/wp-content\/uploads\/2021\/08\/3271.jpg\" alt=\"\" width=\"134\" height=\"100\" \/><\/a><br \/>\n<\/strong><span style=\"color: #3366ff;\"><a style=\"color: #3366ff;\" href=\"https:\/\/goo.gl\/maps\/JB2CxqtKNDyystiL6\">Latitude: N 43,12560\u00b0\u00a0 \u00a0 Longitude: E 16,69070\u00b0<\/a><\/span>\u00a0<strong><br \/>\n<\/strong>Visina \/ H\u00f6he: 75 m<\/p>\n<p><strong>Katastarska \u010destica \/ Grundst\u00fccke<br \/>\n<\/strong>&#8211; <div class='content-column one_half'><div style=\"padding-right:6px;\"><p><strong>Datum snimanja \/ Erfassungsdatum<br \/>\n<\/strong>29.09.2021 16:50:00<\/p>\n<hr \/>\n<p><strong>Informacije<\/strong><\/p>\n<p>Mala kapelica uvu\u010dena je u niz ku\u0107a na vrhu sela. Prema natpisu sagra\u0111ena je 1727. godine. Pomorci su se prije izlaska na more molili u kapeli.<\/p><\/div><\/div><div class='content-column one_half last_column'><div style=\"padding-right:0px;padding-left:6px;\"><p><strong>Stupanj za\u0161tite \/ Schutzstellung<br \/>\n<\/strong>&#8211;<\/p>\n<hr \/>\n<p><strong>Info<\/strong><\/p>\n<p>Die kleine Kapelle befindet sich versteckt in einer Reihe von H\u00e4usern am oberen Rand des Dorfes. Sie wurde, wie aus einer Inschrift hervorgeht, im Jahr 1727 errichtet. Fr\u00fcher hatten Seeleute in der Kapelle gebetet, bevor sie auf Fahrt gegangen sind.<\/p><\/div><\/div><div class='clear_column'><\/div><div class='content-column one_half'><div style=\"padding-right:6px;\"><p>Blagdan, Sv. Petar Veronski &#8211; Zavala 29.04<\/p><\/div><\/div><div class='content-column one_half last_column'><div style=\"padding-right:0px;padding-left:6px;\"><p>Der Feiertag des hl. Petrus von Verona ist der 29. April.<\/p><\/div><\/div><div class='clear_column'><\/div><\/p>\n<p><img loading=\"lazy\" decoding=\"async\" class=\"size-full wp-image-52866\" src=\"https:\/\/www.topohvar.at\/wp-content\/uploads\/2021\/10\/zv-cp-02-20.jpg\" alt=\"\" width=\"640\" height=\"480\" srcset=\"https:\/\/www.topohvar.at\/wp-content\/uploads\/2021\/10\/zv-cp-02-20.jpg 640w, https:\/\/www.topohvar.at\/wp-content\/uploads\/2021\/10\/zv-cp-02-20-300x225.jpg 300w\" sizes=\"auto, (max-width: 640px) 100vw, 640px\" \/><\/p>\n<div class='content-column one_half'><div style=\"padding-right:6px;\"><p>Godina 1727. ugravirana je u rozetu iznad vrata i &#8222;CORDE ET ANIMO&#8220; (srce i du\u0161a) na nadvratniku.<\/p><\/div><\/div><div class='content-column one_half last_column'><div style=\"padding-right:0px;padding-left:6px;\"><p>In der Rosette \u00fcber der T\u00fcre ist die Jahreszahl 1727 eingraviert und am T\u00fcrsturz &#8222;CORDE ET ANIMO&#8220; (Herz und Seele).<\/p><\/div><\/div><div class='clear_column'><\/div><\/p>\n<p style=\"text-align: right;\"><span style=\"color: #3366ff;\"><a style=\"color: #3366ff;\" href=\"#seite_oben\">natrag na vrh \/ Seitenanfang<\/a><\/span><\/p>\n<hr \/>\n<p><strong>Linkovi \/ Links<\/strong><\/p>\n<p><span style=\"color: #3366ff;\"><a style=\"color: #3366ff;\" href=\"https:\/\/www.topohvar.at\/topo\/orte\/zv\/zv-ci-01-1\/\">Fe\u0161ta sv. Petra \/ Fest des hl. Petrus<\/a><\/span><\/p>\n","protected":false},"excerpt":{"rendered":"<p>Ime \/ Name Kapela \u00bbSv. Petra Verinskog\u00ab \/ Kapelle des hl. Petrus von Verona Code: ZV-CP-02\u00a0 \u00a0 \u00a0 \u00a0 \u00a0 \u00a0 \u00a0 \u00a0\u00a0 \u00a0 \u00a0 \u00a0 \u00a0 \u00a0 \u00a0 \u00a0 \u00a0 \u00a0 \u00a0 \u00a0\u00a0\u00a0\u00a0 Adresa \/ Adresse Zavala, Ulica Veli &hellip; <a href=\"https:\/\/www.topohvar.at\/topo\/orte\/zv\/zv-cp-02-1\/\">Weiterlesen <span class=\"meta-nav\">&rarr;<\/span><\/a><\/p>\n","protected":false},"author":1,"featured_media":0,"parent":119,"menu_order":0,"comment_status":"closed","ping_status":"closed","template":"","meta":{"footnotes":""},"class_list":["post-50569","page","type-page","status-publish","hentry"],"_links":{"self":[{"href":"https:\/\/www.topohvar.at\/topo\/wp-json\/wp\/v2\/pages\/50569","targetHints":{"allow":["GET"]}}],"collection":[{"href":"https:\/\/www.topohvar.at\/topo\/wp-json\/wp\/v2\/pages"}],"about":[{"href":"https:\/\/www.topohvar.at\/topo\/wp-json\/wp\/v2\/types\/page"}],"author":[{"embeddable":true,"href":"https:\/\/www.topohvar.at\/topo\/wp-json\/wp\/v2\/users\/1"}],"replies":[{"embeddable":true,"href":"https:\/\/www.topohvar.at\/topo\/wp-json\/wp\/v2\/comments?post=50569"}],"version-history":[{"count":16,"href":"https:\/\/www.topohvar.at\/topo\/wp-json\/wp\/v2\/pages\/50569\/revisions"}],"predecessor-version":[{"id":66419,"href":"https:\/\/www.topohvar.at\/topo\/wp-json\/wp\/v2\/pages\/50569\/revisions\/66419"}],"up":[{"embeddable":true,"href":"https:\/\/www.topohvar.at\/topo\/wp-json\/wp\/v2\/pages\/119"}],"wp:attachment":[{"href":"https:\/\/www.topohvar.at\/topo\/wp-json\/wp\/v2\/media?parent=50569"}],"curies":[{"name":"wp","href":"https:\/\/api.w.org\/{rel}","templated":true}]}}

<p><a name="seite_oben"></a><br />
<strong><img loading="lazy" decoding="async" class="aligncenter wp-image-52865 size-full" src="https://www.topohvar.at/wp-content/uploads/2021/10/zv-cp-04-30.jpg" alt="" width="1080" height="530" srcset="https://www.topohvar.at/wp-content/uploads/2021/10/zv-cp-04-30.jpg 1080w, https://www.topohvar.at/wp-content/uploads/2021/10/zv-cp-04-30-300x147.jpg 300w, https://www.topohvar.at/wp-content/uploads/2021/10/zv-cp-04-30-1024x503.jpg 1024w, https://www.topohvar.at/wp-content/uploads/2021/10/zv-cp-04-30-768x377.jpg 768w" sizes="auto, (max-width: 1080px) 100vw, 1080px" /></strong></p>
<p><strong>Ime / Name<br />
</strong>Kapela »Sv. Petra Verinskog« / Kapelle des hl. Petrus von Verona</p>
<p><strong>Code: </strong>ZV-CP-02               <strong>                        <a href="https://www.topohvar.at/orte/zv/zv-cp-01-1/"><img loading="lazy" decoding="async" class="alignnone wp-image-533 size-full" src="https://www.topohvar.at/wp-content/uploads/2018/07/push-l-30.jpg" alt="" width="61" height="30" /></a> <a href="https://www.topohvar.at/orte/zv/"><img loading="lazy" decoding="async" class="alignnone wp-image-535 size-full" src="https://www.topohvar.at/wp-content/uploads/2018/07/push-o-30.jpg" alt="" width="61" height="30" /></a> <a href="https://www.topohvar.at/orte/zv/zv-cp-04-1/"><img loading="lazy" decoding="async" class="alignnone wp-image-536 size-full" src="https://www.topohvar.at/wp-content/uploads/2018/07/push-r-30.jpg" alt="" width="61" height="30" /></a></strong></p>
<hr />
<p><strong>Adresa / Adresse<br />
</strong>Zavala, Ulica Veli Dvor 83</p>
<p><strong>Lokacija / Position<a href="https://goo.gl/maps/JB2CxqtKNDyystiL6"><img loading="lazy" decoding="async" class="alignright wp-image-51218" src="https://www.topohvar.at/wp-content/uploads/2021/08/3271.jpg" alt="" width="134" height="100" /></a><br />
</strong><span style="color: #3366ff;"><a style="color: #3366ff;" href="https://goo.gl/maps/JB2CxqtKNDyystiL6">Latitude: N 43,12560°    Longitude: E 16,69070°</a></span> <strong><br />
</strong>Visina / Höhe: 75 m</p>
<p><strong>Katastarska čestica / Grundstücke<br />
</strong>&#8211; <div class='content-column one_half'><div style="padding-right:6px;"><p><strong>Datum snimanja / Erfassungsdatum<br />
</strong>29.09.2021 16:50:00</p>
<hr />
<p><strong>Informacije</strong></p>
<p>Mala kapelica uvučena je u niz kuća na vrhu sela. Prema natpisu sagrađena je 1727. godine. Pomorci su se prije izlaska na more molili u kapeli.</p></div></div><div class='content-column one_half last_column'><div style="padding-right:0px;padding-left:6px;"><p><strong>Stupanj zaštite / Schutzstellung<br />
</strong>&#8211;</p>
<hr />
<p><strong>Info</strong></p>
<p>Die kleine Kapelle befindet sich versteckt in einer Reihe von Häusern am oberen Rand des Dorfes. Sie wurde, wie aus einer Inschrift hervorgeht, im Jahr 1727 errichtet. Früher hatten Seeleute in der Kapelle gebetet, bevor sie auf Fahrt gegangen sind.</p></div></div><div class='clear_column'></div><div class='content-column one_half'><div style="padding-right:6px;"><p>Blagdan, Sv. Petar Veronski &#8211; Zavala 29.04</p></div></div><div class='content-column one_half last_column'><div style="padding-right:0px;padding-left:6px;"><p>Der Feiertag des hl. Petrus von Verona ist der 29. April.</p></div></div><div class='clear_column'></div></p>
<p><img loading="lazy" decoding="async" class="size-full wp-image-52866" src="https://www.topohvar.at/wp-content/uploads/2021/10/zv-cp-02-20.jpg" alt="" width="640" height="480" srcset="https://www.topohvar.at/wp-content/uploads/2021/10/zv-cp-02-20.jpg 640w, https://www.topohvar.at/wp-content/uploads/2021/10/zv-cp-02-20-300x225.jpg 300w" sizes="auto, (max-width: 640px) 100vw, 640px" /></p>
<div class='content-column one_half'><div style="padding-right:6px;"><p>Godina 1727. ugravirana je u rozetu iznad vrata i &#8222;CORDE ET ANIMO&#8220; (srce i duša) na nadvratniku.</p></div></div><div class='content-column one_half last_column'><div style="padding-right:0px;padding-left:6px;"><p>In der Rosette über der Türe ist die Jahreszahl 1727 eingraviert und am Türsturz &#8222;CORDE ET ANIMO&#8220; (Herz und Seele).</p></div></div><div class='clear_column'></div></p>
<p style="text-align: right;"><span style="color: #3366ff;"><a style="color: #3366ff;" href="#seite_oben">natrag na vrh / Seitenanfang</a></span></p>
<hr />
<p><strong>Linkovi / Links</strong></p>
<p><span style="color: #3366ff;"><a style="color: #3366ff;" href="https://www.topohvar.at/topo/orte/zv/zv-ci-01-1/">Fešta sv. Petra / Fest des hl. Petrus</a></span></p>
