{"id":52091,"date":"2021-10-10T09:10:32","date_gmt":"2021-10-10T07:10:32","guid":{"rendered":"https:\/\/www.topohvar.at\/topo\/?page_id=52091"},"modified":"2022-02-05T12:08:50","modified_gmt":"2022-02-05T11:08:50","slug":"za-tr-a7-1","status":"publish","type":"page","link":"https:\/\/www.topohvar.at\/topo\/orte\/za\/za-tr-a7-1\/","title":{"rendered":"ZASTRA\u017dI\u0160\u0106E \u2013 Trim \u00bbZA-TR-A7\u00ab"},"content":{"rendered":"<p><a name=\"seite_oben\"><\/a><br \/>\n<strong><img loading=\"lazy\" decoding=\"async\" class=\"alignnone wp-image-52092 size-full\" src=\"https:\/\/www.topohvar.at\/wp-content\/uploads\/2021\/10\/za-tr-a7-1.jpg\" alt=\"\" width=\"1080\" height=\"530\" srcset=\"https:\/\/www.topohvar.at\/wp-content\/uploads\/2021\/10\/za-tr-a7-1.jpg 1080w, https:\/\/www.topohvar.at\/wp-content\/uploads\/2021\/10\/za-tr-a7-1-300x147.jpg 300w, https:\/\/www.topohvar.at\/wp-content\/uploads\/2021\/10\/za-tr-a7-1-1024x503.jpg 1024w, https:\/\/www.topohvar.at\/wp-content\/uploads\/2021\/10\/za-tr-a7-1-768x377.jpg 768w\" sizes=\"auto, (max-width: 1080px) 100vw, 1080px\" \/><\/strong><\/p>\n<p><strong>Ime \/ Name<br \/>\n<\/strong>Trim \u00bbZA-TR-A7\u00ab<\/p>\n<p><strong>Code: <\/strong>ZA-TR-A7\u00a0 \u00a0 \u00a0 \u00a0 \u00a0 \u00a0 \u00a0 \u00a0 \u00a0 \u00a0 \u00a0 \u00a0 \u00a0 \u00a0 <a href=\"https:\/\/www.topohvar.at\/orte\/za\/za-tr-00-00\/\"><img loading=\"lazy\" decoding=\"async\" class=\"alignnone wp-image-12300 size-full\" src=\"https:\/\/www.topohvar.at\/wp-content\/uploads\/2018\/09\/push-vor-30.jpg\" alt=\"\" width=\"61\" height=\"30\" \/><\/a>\u00a0<strong><a href=\"https:\/\/www.topohvar.at\/orte\/za\/za-tr-a4-1\/\"><img loading=\"lazy\" decoding=\"async\" class=\"alignnone wp-image-533 size-full\" src=\"https:\/\/www.topohvar.at\/wp-content\/uploads\/2018\/07\/push-l-30.jpg\" alt=\"\" width=\"61\" height=\"30\" \/><\/a> <a href=\"https:\/\/www.topohvar.at\/orte\/za\/\"><img loading=\"lazy\" decoding=\"async\" class=\"alignnone wp-image-535 size-full\" src=\"https:\/\/www.topohvar.at\/wp-content\/uploads\/2018\/07\/push-o-30.jpg\" alt=\"\" width=\"61\" height=\"30\" \/><\/a> <a href=\"https:\/\/www.topohvar.at\/orte\/za\/za-tr-a8-1\/\"><img loading=\"lazy\" decoding=\"async\" class=\"alignnone wp-image-536 size-full\" src=\"https:\/\/www.topohvar.at\/wp-content\/uploads\/2018\/07\/push-r-30.jpg\" alt=\"\" width=\"61\" height=\"30\" \/><\/a><\/strong><\/p>\n<hr \/>\n<p><strong>Adresa \/ Adresse<br \/>\n<\/strong>Zastra\u017ei\u0161\u0107e, Glavica<\/p>\n<p><strong>Lokacija \/ Position<a href=\"https:\/\/goo.gl\/maps\/NG3q1nwR8zzuRmeR7\"><img loading=\"lazy\" decoding=\"async\" class=\"alignright wp-image-52095\" src=\"https:\/\/www.topohvar.at\/wp-content\/uploads\/2021\/10\/3290.jpg\" alt=\"\" width=\"134\" height=\"100\" \/><\/a><br \/>\n<\/strong><a href=\"https:\/\/goo.gl\/maps\/NG3q1nwR8zzuRmeR7\"><span style=\"color: #3366ff;\">Latitude: N 43,14418\u00b0\u00a0 \u00a0Longitude: E 16,86917\u00b0<\/span><\/a> <strong><br \/>\n<\/strong>Visina \/ H\u00f6he: 184 m<\/p>\n<p><strong>Katastarska \u010destica \/ Grundst\u00fccke<br \/>\n<\/strong>2505\/18<div class='content-column one_half'><div style=\"padding-right:6px;\"><p><strong>Datum snimanja \/ Erfassungsdatum<br \/>\n<\/strong>09.10.2021 10:02:00<\/p>\n<hr \/>\n<p><strong>Informacije<\/strong><\/p>\n<p>Trim se nalazi u masliniku na putu od zaseoka Glavica prema uvalama na sjeveru otoka. Jednostupanjski trim okru\u017een je \u0161irokim kamenim prstenom koji tako\u0111er \u0161titi ulaz. Stra\u017enja strana je malo o\u0161te\u0107ena, ali ina\u010de u dobrom stanju. Jo\u0161 uvijek je u upotrebi.<\/p><\/div><\/div><div class='content-column one_half last_column'><div style=\"padding-right:0px;padding-left:6px;\"><p><strong>Stupanj za\u0161tite \/ Schutzstellung<br \/>\n<\/strong>&#8211;<\/p>\n<hr \/>\n<p><strong>Info<\/strong><\/p>\n<p>Der Trim befindet sich in einem Olivengarten am Weg vom Weiler Glavica zu den Buchten im Norden der Insel. Der einstufige Trim ist von einem breiten Steinring umgeben der auch den Eingang sch\u00fctzt. Der Trim ist an seiner R\u00fcckseite leicht besch\u00e4digt aber ansonsen gut erhalten . Er wird noch genutzt.<\/p><\/div><\/div><div class='clear_column'><\/div><div class='content-column one_half'><div style=\"padding-right:6px;\"><div id=\"attachment_54578\" style=\"width: 310px\" class=\"wp-caption aligncenter\"><img loading=\"lazy\" decoding=\"async\" aria-describedby=\"caption-attachment-54578\" class=\"size-medium wp-image-54578\" src=\"https:\/\/www.topohvar.at\/wp-content\/uploads\/2021\/12\/za-tr-a7-10-300x300.jpg\" alt=\"\" width=\"300\" height=\"300\" srcset=\"https:\/\/www.topohvar.at\/wp-content\/uploads\/2021\/12\/za-tr-a7-10-300x300.jpg 300w, https:\/\/www.topohvar.at\/wp-content\/uploads\/2021\/12\/za-tr-a7-10-150x150.jpg 150w, https:\/\/www.topohvar.at\/wp-content\/uploads\/2021\/12\/za-tr-a7-10.jpg 450w\" sizes=\"auto, (max-width: 300px) 100vw, 300px\" \/><p id=\"caption-attachment-54578\" class=\"wp-caption-text\">Ulaz \/ Eingang<\/p><\/div>\n<p>Dana 09.10.2021 trim ZA-TR-A7 je posje\u0107en i ustanovljeno je sljede\u0107e:<\/p>\n<p>Lokacija: maslinik<br \/>\nPodloga: nako\u0161ena<br \/>\nPovezan s: ure\u0111enom kamenom gomilom<br \/>\nUpotreba: u upotrebi<br \/>\nStanje: dobro sa\u010duvan<br \/>\nBroj stepenica trima: 1<br \/>\nDodatni kameni prsten: ure\u0111eni kameni prsten<br \/>\nStepeni\u0161te: nema<br \/>\nOblik kamena: uglast<br \/>\nPodru\u010dje ispred ulaza: lako dostupno<br \/>\nOrijentacija ulaza: SZ (300\u00b0)<br \/>\nPromjer trima (cm): 360<br \/>\nVisina trima (cm): 240<br \/>\nVisina stepenica (cm): stepenica 1: 185<br \/>\nDebljina zida (cm): 80<br \/>\n\u0160irina vrata (cm): 60<br \/>\nVisina vrata (cm): 105<br \/>\n\u0160irina unutra (cm): 190 &#8211; 200<br \/>\nVisina unutra (cm): 230<br \/>\nVolumen iznutra (m3): 4,30<br \/>\nNema ni\u0161e<\/p><\/div><\/div><div class='content-column one_half last_column'><div style=\"padding-right:0px;padding-left:6px;\"><div id=\"attachment_54579\" style=\"width: 310px\" class=\"wp-caption aligncenter\"><img loading=\"lazy\" decoding=\"async\" aria-describedby=\"caption-attachment-54579\" class=\"size-medium wp-image-54579\" src=\"https:\/\/www.topohvar.at\/wp-content\/uploads\/2021\/12\/za-tr-a7-11-300x300.jpg\" alt=\"\" width=\"300\" height=\"300\" srcset=\"https:\/\/www.topohvar.at\/wp-content\/uploads\/2021\/12\/za-tr-a7-11-300x300.jpg 300w, https:\/\/www.topohvar.at\/wp-content\/uploads\/2021\/12\/za-tr-a7-11-150x150.jpg 150w, https:\/\/www.topohvar.at\/wp-content\/uploads\/2021\/12\/za-tr-a7-11.jpg 450w\" sizes=\"auto, (max-width: 300px) 100vw, 300px\" \/><p id=\"caption-attachment-54579\" class=\"wp-caption-text\">Pogled na sjevernozapad \/ Blick nach Nordwesten<\/p><\/div>\n<p>Am 09.10.2021 wurde der Trim ZA-TR-A7 besucht und n\u00e4her untersucht:<\/p>\n<p>Standort: Olivenhain<br \/>\nUntergrund: geneigt<br \/>\nVerbunden mit: Steinhaufen geordnet<br \/>\nNutzung: genutzt<br \/>\nZustand: gut erhalten<br \/>\nAnzahl der Trimstufen: 1<br \/>\nZus\u00e4tzlicher Steinring: Steinring geordnet<br \/>\nStiege: keine<br \/>\nSteinform: kantig<br \/>\nEingangsbereich: frei<br \/>\nEingangsseite: NW (300\u00b0)<br \/>\nTrimdurchmesser (cm): 360<br \/>\nTrimh\u00f6he (cm): 240<br \/>\nH\u00f6he der Trimstufen (cm): Stufe 1: 185<br \/>\nWandst\u00e4rke (cm): 80<br \/>\nT\u00fcrbreite (cm): 60<br \/>\nT\u00fcrh\u00f6he (cm): 105<br \/>\nInnenraumbreite (cm): 190 &#8211; 200<br \/>\nInnenraumh\u00f6he (cm): 230<br \/>\nRaumvolumen (m3): 4,30<br \/>\nKeine Nische<\/p><\/div><\/div><div class='clear_column'><\/div><img loading=\"lazy\" decoding=\"async\" class=\"aligncenter size-full wp-image-54577\" src=\"https:\/\/www.topohvar.at\/wp-content\/uploads\/2021\/12\/za-tr-a7-1-sca.jpg\" alt=\"\" width=\"640\" height=\"941\" srcset=\"https:\/\/www.topohvar.at\/wp-content\/uploads\/2021\/12\/za-tr-a7-1-sca.jpg 640w, https:\/\/www.topohvar.at\/wp-content\/uploads\/2021\/12\/za-tr-a7-1-sca-204x300.jpg 204w\" sizes=\"auto, (max-width: 640px) 100vw, 640px\" \/><\/p>\n<p style=\"text-align: right;\"><a href=\"#seite_oben\">natrag na vrh \/ Seitenanfang<\/a><\/p>\n<hr \/>\n<p><strong>Linkovi \/ Links<\/strong><\/p>\n<p>&#8211;<\/p>\n","protected":false},"excerpt":{"rendered":"<p>Ime \/ Name Trim \u00bbZA-TR-A7\u00ab Code: ZA-TR-A7\u00a0 \u00a0 \u00a0 \u00a0 \u00a0 \u00a0 \u00a0 \u00a0 \u00a0 \u00a0 \u00a0 \u00a0 \u00a0 \u00a0 \u00a0 Adresa \/ Adresse Zastra\u017ei\u0161\u0107e, Glavica Lokacija \/ Position Latitude: N 43,14418\u00b0\u00a0 \u00a0Longitude: E 16,86917\u00b0 Visina \/ H\u00f6he: 184 m &hellip; <a href=\"https:\/\/www.topohvar.at\/topo\/orte\/za\/za-tr-a7-1\/\">Weiterlesen <span class=\"meta-nav\">&rarr;<\/span><\/a><\/p>\n","protected":false},"author":1,"featured_media":0,"parent":115,"menu_order":0,"comment_status":"closed","ping_status":"closed","template":"","meta":{"footnotes":""},"class_list":["post-52091","page","type-page","status-publish","hentry"],"_links":{"self":[{"href":"https:\/\/www.topohvar.at\/topo\/wp-json\/wp\/v2\/pages\/52091","targetHints":{"allow":["GET"]}}],"collection":[{"href":"https:\/\/www.topohvar.at\/topo\/wp-json\/wp\/v2\/pages"}],"about":[{"href":"https:\/\/www.topohvar.at\/topo\/wp-json\/wp\/v2\/types\/page"}],"author":[{"embeddable":true,"href":"https:\/\/www.topohvar.at\/topo\/wp-json\/wp\/v2\/users\/1"}],"replies":[{"embeddable":true,"href":"https:\/\/www.topohvar.at\/topo\/wp-json\/wp\/v2\/comments?post=52091"}],"version-history":[{"count":8,"href":"https:\/\/www.topohvar.at\/topo\/wp-json\/wp\/v2\/pages\/52091\/revisions"}],"predecessor-version":[{"id":56987,"href":"https:\/\/www.topohvar.at\/topo\/wp-json\/wp\/v2\/pages\/52091\/revisions\/56987"}],"up":[{"embeddable":true,"href":"https:\/\/www.topohvar.at\/topo\/wp-json\/wp\/v2\/pages\/115"}],"wp:attachment":[{"href":"https:\/\/www.topohvar.at\/topo\/wp-json\/wp\/v2\/media?parent=52091"}],"curies":[{"name":"wp","href":"https:\/\/api.w.org\/{rel}","templated":true}]}}

ZASTRAŽIŠĆE – Trim »ZA-TR-A7«

<p><a name="seite_oben"></a><br />
<strong><img loading="lazy" decoding="async" class="alignnone wp-image-52092 size-full" src="https://www.topohvar.at/wp-content/uploads/2021/10/za-tr-a7-1.jpg" alt="" width="1080" height="530" srcset="https://www.topohvar.at/wp-content/uploads/2021/10/za-tr-a7-1.jpg 1080w, https://www.topohvar.at/wp-content/uploads/2021/10/za-tr-a7-1-300x147.jpg 300w, https://www.topohvar.at/wp-content/uploads/2021/10/za-tr-a7-1-1024x503.jpg 1024w, https://www.topohvar.at/wp-content/uploads/2021/10/za-tr-a7-1-768x377.jpg 768w" sizes="auto, (max-width: 1080px) 100vw, 1080px" /></strong></p>
<p><strong>Ime / Name<br />
</strong>Trim »ZA-TR-A7«</p>
<p><strong>Code: </strong>ZA-TR-A7                            <a href="https://www.topohvar.at/orte/za/za-tr-00-00/"><img loading="lazy" decoding="async" class="alignnone wp-image-12300 size-full" src="https://www.topohvar.at/wp-content/uploads/2018/09/push-vor-30.jpg" alt="" width="61" height="30" /></a> <strong><a href="https://www.topohvar.at/orte/za/za-tr-a4-1/"><img loading="lazy" decoding="async" class="alignnone wp-image-533 size-full" src="https://www.topohvar.at/wp-content/uploads/2018/07/push-l-30.jpg" alt="" width="61" height="30" /></a> <a href="https://www.topohvar.at/orte/za/"><img loading="lazy" decoding="async" class="alignnone wp-image-535 size-full" src="https://www.topohvar.at/wp-content/uploads/2018/07/push-o-30.jpg" alt="" width="61" height="30" /></a> <a href="https://www.topohvar.at/orte/za/za-tr-a8-1/"><img loading="lazy" decoding="async" class="alignnone wp-image-536 size-full" src="https://www.topohvar.at/wp-content/uploads/2018/07/push-r-30.jpg" alt="" width="61" height="30" /></a></strong></p>
<hr />
<p><strong>Adresa / Adresse<br />
</strong>Zastražišće, Glavica</p>
<p><strong>Lokacija / Position<a href="https://goo.gl/maps/NG3q1nwR8zzuRmeR7"><img loading="lazy" decoding="async" class="alignright wp-image-52095" src="https://www.topohvar.at/wp-content/uploads/2021/10/3290.jpg" alt="" width="134" height="100" /></a><br />
</strong><a href="https://goo.gl/maps/NG3q1nwR8zzuRmeR7"><span style="color: #3366ff;">Latitude: N 43,14418°   Longitude: E 16,86917°</span></a> <strong><br />
</strong>Visina / Höhe: 184 m</p>
<p><strong>Katastarska čestica / Grundstücke<br />
</strong>2505/18<div class='content-column one_half'><div style="padding-right:6px;"><p><strong>Datum snimanja / Erfassungsdatum<br />
</strong>09.10.2021 10:02:00</p>
<hr />
<p><strong>Informacije</strong></p>
<p>Trim se nalazi u masliniku na putu od zaseoka Glavica prema uvalama na sjeveru otoka. Jednostupanjski trim okružen je širokim kamenim prstenom koji također štiti ulaz. Stražnja strana je malo oštećena, ali inače u dobrom stanju. Još uvijek je u upotrebi.</p></div></div><div class='content-column one_half last_column'><div style="padding-right:0px;padding-left:6px;"><p><strong>Stupanj zaštite / Schutzstellung<br />
</strong>&#8211;</p>
<hr />
<p><strong>Info</strong></p>
<p>Der Trim befindet sich in einem Olivengarten am Weg vom Weiler Glavica zu den Buchten im Norden der Insel. Der einstufige Trim ist von einem breiten Steinring umgeben der auch den Eingang schützt. Der Trim ist an seiner Rückseite leicht beschädigt aber ansonsen gut erhalten . Er wird noch genutzt.</p></div></div><div class='clear_column'></div><div class='content-column one_half'><div style="padding-right:6px;"><div id="attachment_54578" style="width: 310px" class="wp-caption aligncenter"><img loading="lazy" decoding="async" aria-describedby="caption-attachment-54578" class="size-medium wp-image-54578" src="https://www.topohvar.at/wp-content/uploads/2021/12/za-tr-a7-10-300x300.jpg" alt="" width="300" height="300" srcset="https://www.topohvar.at/wp-content/uploads/2021/12/za-tr-a7-10-300x300.jpg 300w, https://www.topohvar.at/wp-content/uploads/2021/12/za-tr-a7-10-150x150.jpg 150w, https://www.topohvar.at/wp-content/uploads/2021/12/za-tr-a7-10.jpg 450w" sizes="auto, (max-width: 300px) 100vw, 300px" /><p id="caption-attachment-54578" class="wp-caption-text">Ulaz / Eingang</p></div>
<p>Dana 09.10.2021 trim ZA-TR-A7 je posjećen i ustanovljeno je sljedeće:</p>
<p>Lokacija: maslinik<br />
Podloga: nakošena<br />
Povezan s: uređenom kamenom gomilom<br />
Upotreba: u upotrebi<br />
Stanje: dobro sačuvan<br />
Broj stepenica trima: 1<br />
Dodatni kameni prsten: uređeni kameni prsten<br />
Stepenište: nema<br />
Oblik kamena: uglast<br />
Područje ispred ulaza: lako dostupno<br />
Orijentacija ulaza: SZ (300°)<br />
Promjer trima (cm): 360<br />
Visina trima (cm): 240<br />
Visina stepenica (cm): stepenica 1: 185<br />
Debljina zida (cm): 80<br />
Širina vrata (cm): 60<br />
Visina vrata (cm): 105<br />
Širina unutra (cm): 190 &#8211; 200<br />
Visina unutra (cm): 230<br />
Volumen iznutra (m3): 4,30<br />
Nema niše</p></div></div><div class='content-column one_half last_column'><div style="padding-right:0px;padding-left:6px;"><div id="attachment_54579" style="width: 310px" class="wp-caption aligncenter"><img loading="lazy" decoding="async" aria-describedby="caption-attachment-54579" class="size-medium wp-image-54579" src="https://www.topohvar.at/wp-content/uploads/2021/12/za-tr-a7-11-300x300.jpg" alt="" width="300" height="300" srcset="https://www.topohvar.at/wp-content/uploads/2021/12/za-tr-a7-11-300x300.jpg 300w, https://www.topohvar.at/wp-content/uploads/2021/12/za-tr-a7-11-150x150.jpg 150w, https://www.topohvar.at/wp-content/uploads/2021/12/za-tr-a7-11.jpg 450w" sizes="auto, (max-width: 300px) 100vw, 300px" /><p id="caption-attachment-54579" class="wp-caption-text">Pogled na sjevernozapad / Blick nach Nordwesten</p></div>
<p>Am 09.10.2021 wurde der Trim ZA-TR-A7 besucht und näher untersucht:</p>
<p>Standort: Olivenhain<br />
Untergrund: geneigt<br />
Verbunden mit: Steinhaufen geordnet<br />
Nutzung: genutzt<br />
Zustand: gut erhalten<br />
Anzahl der Trimstufen: 1<br />
Zusätzlicher Steinring: Steinring geordnet<br />
Stiege: keine<br />
Steinform: kantig<br />
Eingangsbereich: frei<br />
Eingangsseite: NW (300°)<br />
Trimdurchmesser (cm): 360<br />
Trimhöhe (cm): 240<br />
Höhe der Trimstufen (cm): Stufe 1: 185<br />
Wandstärke (cm): 80<br />
Türbreite (cm): 60<br />
Türhöhe (cm): 105<br />
Innenraumbreite (cm): 190 &#8211; 200<br />
Innenraumhöhe (cm): 230<br />
Raumvolumen (m3): 4,30<br />
Keine Nische</p></div></div><div class='clear_column'></div><img loading="lazy" decoding="async" class="aligncenter size-full wp-image-54577" src="https://www.topohvar.at/wp-content/uploads/2021/12/za-tr-a7-1-sca.jpg" alt="" width="640" height="941" srcset="https://www.topohvar.at/wp-content/uploads/2021/12/za-tr-a7-1-sca.jpg 640w, https://www.topohvar.at/wp-content/uploads/2021/12/za-tr-a7-1-sca-204x300.jpg 204w" sizes="auto, (max-width: 640px) 100vw, 640px" /></p>
<p style="text-align: right;"><a href="#seite_oben">natrag na vrh / Seitenanfang</a></p>
<hr />
<p><strong>Linkovi / Links</strong></p>
<p>&#8211;</p>

<p>Ime / Name Trim »ZA-TR-A7« Code: ZA-TR-A7                              Adresa / Adresse Zastražišće, Glavica Lokacija / Position Latitude: N 43,14418°   Longitude: E 16,86917° Visina / Höhe: 184 m &hellip; <a href="https://www.topohvar.at/topo/orte/za/za-tr-a7-1/">Weiterlesen <span class="meta-nav">&rarr;</span></a></p>
