{"id":52145,"date":"2021-10-12T21:00:24","date_gmt":"2021-10-12T19:00:24","guid":{"rendered":"https:\/\/www.topohvar.at\/topo\/?page_id=52145"},"modified":"2021-12-04T17:58:04","modified_gmt":"2021-12-04T16:58:04","slug":"za-tr-b0-1","status":"publish","type":"page","link":"https:\/\/www.topohvar.at\/topo\/orte\/za\/za-tr-b0-1\/","title":{"rendered":"ZASTRA\u017dI\u0160\u0106E \u2013 Trim \u00bbZA-TR-B0\u00ab"},"content":{"rendered":"<p><a name=\"seite_oben\"><\/a><br \/>\n<strong><img loading=\"lazy\" decoding=\"async\" class=\"alignnone wp-image-52147 size-full\" src=\"https:\/\/www.topohvar.at\/wp-content\/uploads\/2021\/10\/za-tr-b0-1.jpg\" alt=\"\" width=\"1080\" height=\"530\" srcset=\"https:\/\/www.topohvar.at\/wp-content\/uploads\/2021\/10\/za-tr-b0-1.jpg 1080w, https:\/\/www.topohvar.at\/wp-content\/uploads\/2021\/10\/za-tr-b0-1-300x147.jpg 300w, https:\/\/www.topohvar.at\/wp-content\/uploads\/2021\/10\/za-tr-b0-1-1024x503.jpg 1024w, https:\/\/www.topohvar.at\/wp-content\/uploads\/2021\/10\/za-tr-b0-1-768x377.jpg 768w\" sizes=\"auto, (max-width: 1080px) 100vw, 1080px\" \/><\/strong><\/p>\n<p><strong>Ime \/ Name<br \/>\n<\/strong>Trim \u00bbZA-TR-B0\u00ab<\/p>\n<p><strong>Code: <\/strong>ZA-TR-B0\u00a0 \u00a0 \u00a0 \u00a0 \u00a0 \u00a0 \u00a0 \u00a0 \u00a0 \u00a0 \u00a0 \u00a0 \u00a0 \u00a0 <a href=\"https:\/\/www.topohvar.at\/orte\/za\/za-tr-00-00\/\"><img loading=\"lazy\" decoding=\"async\" class=\"alignnone wp-image-12300 size-full\" src=\"https:\/\/www.topohvar.at\/wp-content\/uploads\/2018\/09\/push-vor-30.jpg\" alt=\"\" width=\"61\" height=\"30\" \/><\/a>\u00a0<strong><a href=\"https:\/\/www.topohvar.at\/orte\/za\/za-tr-50-1\/\"><img loading=\"lazy\" decoding=\"async\" class=\"alignnone wp-image-533 size-full\" src=\"https:\/\/www.topohvar.at\/wp-content\/uploads\/2018\/07\/push-l-30.jpg\" alt=\"\" width=\"61\" height=\"30\" \/><\/a> <a href=\"https:\/\/www.topohvar.at\/orte\/za\/\"><img loading=\"lazy\" decoding=\"async\" class=\"alignnone wp-image-535 size-full\" src=\"https:\/\/www.topohvar.at\/wp-content\/uploads\/2018\/07\/push-o-30.jpg\" alt=\"\" width=\"61\" height=\"30\" \/><\/a> <a href=\"https:\/\/www.topohvar.at\/orte\/za\/za-tr-67-1\/\"><img loading=\"lazy\" decoding=\"async\" class=\"alignnone wp-image-536 size-full\" src=\"https:\/\/www.topohvar.at\/wp-content\/uploads\/2018\/07\/push-r-30.jpg\" alt=\"\" width=\"61\" height=\"30\" \/><\/a><\/strong><\/p>\n<hr \/>\n<p><strong>Adresa \/ Adresse<br \/>\n<\/strong>Zastra\u017ei\u0161\u0107e, sjeverno od Glavice<\/p>\n<p><strong>Lokacija \/ Position<a href=\"https:\/\/goo.gl\/maps\/t1hooYK8wHCFhpVe9\"><img loading=\"lazy\" decoding=\"async\" class=\"alignright wp-image-52146\" src=\"https:\/\/www.topohvar.at\/wp-content\/uploads\/2021\/10\/3330.jpg\" alt=\"\" width=\"134\" height=\"100\" \/><\/a><br \/>\n<\/strong><a href=\"https:\/\/goo.gl\/maps\/t1hooYK8wHCFhpVe9\"><span style=\"color: #3366ff;\">Latitude: N 43,14591\u00b0\u00a0 \u00a0Longitude: E 16,86603\u00b0<\/span><\/a> <strong><br \/>\n<\/strong>Visina \/ H\u00f6he: 183 m<\/p>\n<p><strong>Katastarska \u010destica \/ Grundst\u00fccke<br \/>\n<\/strong>2557\/1<div class='content-column one_half'><div style=\"padding-right:6px;\"><p><strong>Datum snimanja \/ Erfassungsdatum<br \/>\n<\/strong>12.10.2021 14:34:18<\/p>\n<hr \/>\n<p><strong>Informacije<\/strong><\/p>\n<p>Trim je na rubu maslinika, iznad staze koja vodi od zaseoka Glavica prema uvalama na sjeveru otoka. Dvostupanjksi trim u cijelosti je smje\u0161ten u mo\u0107nom kamenom zidu. Trim je u dobrom stanju i jo\u0161 uvijek se treba koristiti.<\/p><\/div><\/div><div class='content-column one_half last_column'><div style=\"padding-right:0px;padding-left:6px;\"><p><strong>Stupanj za\u0161tite \/ Schutzstellung<br \/>\n<\/strong>&#8211;<\/p>\n<hr \/>\n<p><strong>Info<\/strong><\/p>\n<p>Der Trim liegt am Rand eines Olivenhains, oberhalb des Weges der vom Weiler Glavica zu den Buchten im Norden der Insel f\u00fchrt. Der zweistufige Trim befindet sich zur G\u00e4nze in einer m\u00e4chtigen Steinmauer. Der Trim ist in einem gutem Zustand und d\u00fcrfte noch genutzt werden.<\/p><\/div><\/div><div class='clear_column'><\/div><div class='content-column one_half'><div style=\"padding-right:6px;\"><p>Izvor: Hrvatska osnovna karta\u00a0&#8211; Geoportal DGU<\/p><\/div><\/div><div class='content-column one_half last_column'><div style=\"padding-right:0px;padding-left:6px;\"><p>Quelle: Grundkarte Kroatiens &#8211; Geoportal DGU<\/p><\/div><\/div><div class='clear_column'><\/div><div class='content-column one_half'><div style=\"padding-right:6px;\"><div id=\"attachment_54634\" style=\"width: 310px\" class=\"wp-caption aligncenter\"><img loading=\"lazy\" decoding=\"async\" aria-describedby=\"caption-attachment-54634\" class=\"size-medium wp-image-54634\" src=\"https:\/\/www.topohvar.at\/wp-content\/uploads\/2021\/12\/za-tr-b0-10-300x300.jpg\" alt=\"\" width=\"300\" height=\"300\" srcset=\"https:\/\/www.topohvar.at\/wp-content\/uploads\/2021\/12\/za-tr-b0-10-300x300.jpg 300w, https:\/\/www.topohvar.at\/wp-content\/uploads\/2021\/12\/za-tr-b0-10-150x150.jpg 150w, https:\/\/www.topohvar.at\/wp-content\/uploads\/2021\/12\/za-tr-b0-10.jpg 450w\" sizes=\"auto, (max-width: 300px) 100vw, 300px\" \/><p id=\"caption-attachment-54634\" class=\"wp-caption-text\">Ulaz \/ Eingang<\/p><\/div>\n<p>Dana 12.10.2021 trim ZA-TR-B0 je posje\u0107en i ustanovljeno je sljede\u0107e:<\/p>\n<p>Lokacija: maslinik<br \/>\nPodloga: nako\u0161ena<br \/>\nPovezan s: kamenim zidom<br \/>\nUpotreba: malo se koristi<br \/>\nStanje: dobro sa\u010duvan<br \/>\nBroj stepenica trima: 2<br \/>\nDodatni kameni prsten: nema kamenog prstena<br \/>\nStepeni\u0161te: nema<br \/>\nOblik kamena: uglast<br \/>\nPodru\u010dje ispred ulaza: lako dostupno<br \/>\nOrijentacija ulaza: SZ (320\u00b0)<br \/>\nPromjer trima (cm): 360<br \/>\nVisina trima (cm): 240<br \/>\nVisina stepenica (cm): stepenica 1: 160 , stepenica 2: 220<br \/>\nDebljina zida (cm): 85<br \/>\n\u0160irina vrata (cm): 65<br \/>\nVisina vrata (cm): 100<br \/>\n\u0160irina unutra (cm): 150 &#8211; 190<br \/>\nVisina unutra (cm): 220<br \/>\nVolumen iznutra (m3): 3,27<br \/>\nNema ni\u0161e<\/p><\/div><\/div><div class='content-column one_half last_column'><div style=\"padding-right:0px;padding-left:6px;\"><div id=\"attachment_54635\" style=\"width: 310px\" class=\"wp-caption aligncenter\"><img loading=\"lazy\" decoding=\"async\" aria-describedby=\"caption-attachment-54635\" class=\"size-medium wp-image-54635\" src=\"https:\/\/www.topohvar.at\/wp-content\/uploads\/2021\/12\/za-tr-b0-11-300x300.jpg\" alt=\"\" width=\"300\" height=\"300\" srcset=\"https:\/\/www.topohvar.at\/wp-content\/uploads\/2021\/12\/za-tr-b0-11-300x300.jpg 300w, https:\/\/www.topohvar.at\/wp-content\/uploads\/2021\/12\/za-tr-b0-11-150x150.jpg 150w, https:\/\/www.topohvar.at\/wp-content\/uploads\/2021\/12\/za-tr-b0-11.jpg 450w\" sizes=\"auto, (max-width: 300px) 100vw, 300px\" \/><p id=\"caption-attachment-54635\" class=\"wp-caption-text\">Jugozapadna strana trima \/ S\u00fcdwestseite<\/p><\/div>\n<p>Am 12.10.2021 wurde der Trim ZA-TR-B0 besucht und n\u00e4her untersucht:<\/p>\n<p>Standort: Olivenhain<br \/>\nUntergrund: geneigt<br \/>\nVerbunden mit: Steinmauer<br \/>\nNutzung: kaum genutzt<br \/>\nZustand: gut erhalten<br \/>\nAnzahl der Trimstufen: 2<br \/>\nZus\u00e4tzlicher Steinring: kein Steinring<br \/>\nStiege: keine<br \/>\nSteinform: kantig<br \/>\nEingangsbereich: frei<br \/>\nEingangsseite: NW (320\u00b0)<br \/>\nTrimdurchmesser (cm): 360<br \/>\nTrimh\u00f6he (cm): 240<br \/>\nH\u00f6he der Trimstufen (cm): Stufe 1: 160 , Stufe 2: 220<br \/>\nWandst\u00e4rke (cm): 85<br \/>\nT\u00fcrbreite (cm): 65<br \/>\nT\u00fcrh\u00f6he (cm): 100<br \/>\nInnenraumbreite (cm): 150 &#8211; 190<br \/>\nInnenraumh\u00f6he (cm): 220<br \/>\nRaumvolumen (m3): 3,27<br \/>\nKeine Nische<\/p><\/div><\/div><div class='clear_column'><\/div><img loading=\"lazy\" decoding=\"async\" class=\"aligncenter size-full wp-image-54633\" src=\"https:\/\/www.topohvar.at\/wp-content\/uploads\/2021\/12\/za-tr-b0-1-sca.jpg\" alt=\"\" width=\"640\" height=\"925\" srcset=\"https:\/\/www.topohvar.at\/wp-content\/uploads\/2021\/12\/za-tr-b0-1-sca.jpg 640w, https:\/\/www.topohvar.at\/wp-content\/uploads\/2021\/12\/za-tr-b0-1-sca-208x300.jpg 208w\" sizes=\"auto, (max-width: 640px) 100vw, 640px\" \/><\/p>\n<p style=\"text-align: right;\"><a href=\"#seite_oben\">natrag na vrh \/ Seitenanfang<\/a><\/p>\n<hr \/>\n<p><strong>Linkovi \/ Links<\/strong><\/p>\n<p>&#8211;<\/p>\n","protected":false},"excerpt":{"rendered":"<p>Ime \/ Name Trim \u00bbZA-TR-B0\u00ab Code: ZA-TR-B0\u00a0 \u00a0 \u00a0 \u00a0 \u00a0 \u00a0 \u00a0 \u00a0 \u00a0 \u00a0 \u00a0 \u00a0 \u00a0 \u00a0 \u00a0 Adresa \/ Adresse Zastra\u017ei\u0161\u0107e, sjeverno od Glavice Lokacija \/ Position Latitude: N 43,14591\u00b0\u00a0 \u00a0Longitude: E 16,86603\u00b0 Visina \/ H\u00f6he: &hellip; <a href=\"https:\/\/www.topohvar.at\/topo\/orte\/za\/za-tr-b0-1\/\">Weiterlesen <span class=\"meta-nav\">&rarr;<\/span><\/a><\/p>\n","protected":false},"author":1,"featured_media":0,"parent":115,"menu_order":0,"comment_status":"closed","ping_status":"closed","template":"","meta":{"footnotes":""},"class_list":["post-52145","page","type-page","status-publish","hentry"],"_links":{"self":[{"href":"https:\/\/www.topohvar.at\/topo\/wp-json\/wp\/v2\/pages\/52145","targetHints":{"allow":["GET"]}}],"collection":[{"href":"https:\/\/www.topohvar.at\/topo\/wp-json\/wp\/v2\/pages"}],"about":[{"href":"https:\/\/www.topohvar.at\/topo\/wp-json\/wp\/v2\/types\/page"}],"author":[{"embeddable":true,"href":"https:\/\/www.topohvar.at\/topo\/wp-json\/wp\/v2\/users\/1"}],"replies":[{"embeddable":true,"href":"https:\/\/www.topohvar.at\/topo\/wp-json\/wp\/v2\/comments?post=52145"}],"version-history":[{"count":6,"href":"https:\/\/www.topohvar.at\/topo\/wp-json\/wp\/v2\/pages\/52145\/revisions"}],"predecessor-version":[{"id":54637,"href":"https:\/\/www.topohvar.at\/topo\/wp-json\/wp\/v2\/pages\/52145\/revisions\/54637"}],"up":[{"embeddable":true,"href":"https:\/\/www.topohvar.at\/topo\/wp-json\/wp\/v2\/pages\/115"}],"wp:attachment":[{"href":"https:\/\/www.topohvar.at\/topo\/wp-json\/wp\/v2\/media?parent=52145"}],"curies":[{"name":"wp","href":"https:\/\/api.w.org\/{rel}","templated":true}]}}

ZASTRAŽIŠĆE – Trim »ZA-TR-B0«

<p><a name="seite_oben"></a><br />
<strong><img loading="lazy" decoding="async" class="alignnone wp-image-52147 size-full" src="https://www.topohvar.at/wp-content/uploads/2021/10/za-tr-b0-1.jpg" alt="" width="1080" height="530" srcset="https://www.topohvar.at/wp-content/uploads/2021/10/za-tr-b0-1.jpg 1080w, https://www.topohvar.at/wp-content/uploads/2021/10/za-tr-b0-1-300x147.jpg 300w, https://www.topohvar.at/wp-content/uploads/2021/10/za-tr-b0-1-1024x503.jpg 1024w, https://www.topohvar.at/wp-content/uploads/2021/10/za-tr-b0-1-768x377.jpg 768w" sizes="auto, (max-width: 1080px) 100vw, 1080px" /></strong></p>
<p><strong>Ime / Name<br />
</strong>Trim »ZA-TR-B0«</p>
<p><strong>Code: </strong>ZA-TR-B0                            <a href="https://www.topohvar.at/orte/za/za-tr-00-00/"><img loading="lazy" decoding="async" class="alignnone wp-image-12300 size-full" src="https://www.topohvar.at/wp-content/uploads/2018/09/push-vor-30.jpg" alt="" width="61" height="30" /></a> <strong><a href="https://www.topohvar.at/orte/za/za-tr-50-1/"><img loading="lazy" decoding="async" class="alignnone wp-image-533 size-full" src="https://www.topohvar.at/wp-content/uploads/2018/07/push-l-30.jpg" alt="" width="61" height="30" /></a> <a href="https://www.topohvar.at/orte/za/"><img loading="lazy" decoding="async" class="alignnone wp-image-535 size-full" src="https://www.topohvar.at/wp-content/uploads/2018/07/push-o-30.jpg" alt="" width="61" height="30" /></a> <a href="https://www.topohvar.at/orte/za/za-tr-67-1/"><img loading="lazy" decoding="async" class="alignnone wp-image-536 size-full" src="https://www.topohvar.at/wp-content/uploads/2018/07/push-r-30.jpg" alt="" width="61" height="30" /></a></strong></p>
<hr />
<p><strong>Adresa / Adresse<br />
</strong>Zastražišće, sjeverno od Glavice</p>
<p><strong>Lokacija / Position<a href="https://goo.gl/maps/t1hooYK8wHCFhpVe9"><img loading="lazy" decoding="async" class="alignright wp-image-52146" src="https://www.topohvar.at/wp-content/uploads/2021/10/3330.jpg" alt="" width="134" height="100" /></a><br />
</strong><a href="https://goo.gl/maps/t1hooYK8wHCFhpVe9"><span style="color: #3366ff;">Latitude: N 43,14591°   Longitude: E 16,86603°</span></a> <strong><br />
</strong>Visina / Höhe: 183 m</p>
<p><strong>Katastarska čestica / Grundstücke<br />
</strong>2557/1<div class='content-column one_half'><div style="padding-right:6px;"><p><strong>Datum snimanja / Erfassungsdatum<br />
</strong>12.10.2021 14:34:18</p>
<hr />
<p><strong>Informacije</strong></p>
<p>Trim je na rubu maslinika, iznad staze koja vodi od zaseoka Glavica prema uvalama na sjeveru otoka. Dvostupanjksi trim u cijelosti je smješten u moćnom kamenom zidu. Trim je u dobrom stanju i još uvijek se treba koristiti.</p></div></div><div class='content-column one_half last_column'><div style="padding-right:0px;padding-left:6px;"><p><strong>Stupanj zaštite / Schutzstellung<br />
</strong>&#8211;</p>
<hr />
<p><strong>Info</strong></p>
<p>Der Trim liegt am Rand eines Olivenhains, oberhalb des Weges der vom Weiler Glavica zu den Buchten im Norden der Insel führt. Der zweistufige Trim befindet sich zur Gänze in einer mächtigen Steinmauer. Der Trim ist in einem gutem Zustand und dürfte noch genutzt werden.</p></div></div><div class='clear_column'></div><div class='content-column one_half'><div style="padding-right:6px;"><p>Izvor: Hrvatska osnovna karta &#8211; Geoportal DGU</p></div></div><div class='content-column one_half last_column'><div style="padding-right:0px;padding-left:6px;"><p>Quelle: Grundkarte Kroatiens &#8211; Geoportal DGU</p></div></div><div class='clear_column'></div><div class='content-column one_half'><div style="padding-right:6px;"><div id="attachment_54634" style="width: 310px" class="wp-caption aligncenter"><img loading="lazy" decoding="async" aria-describedby="caption-attachment-54634" class="size-medium wp-image-54634" src="https://www.topohvar.at/wp-content/uploads/2021/12/za-tr-b0-10-300x300.jpg" alt="" width="300" height="300" srcset="https://www.topohvar.at/wp-content/uploads/2021/12/za-tr-b0-10-300x300.jpg 300w, https://www.topohvar.at/wp-content/uploads/2021/12/za-tr-b0-10-150x150.jpg 150w, https://www.topohvar.at/wp-content/uploads/2021/12/za-tr-b0-10.jpg 450w" sizes="auto, (max-width: 300px) 100vw, 300px" /><p id="caption-attachment-54634" class="wp-caption-text">Ulaz / Eingang</p></div>
<p>Dana 12.10.2021 trim ZA-TR-B0 je posjećen i ustanovljeno je sljedeće:</p>
<p>Lokacija: maslinik<br />
Podloga: nakošena<br />
Povezan s: kamenim zidom<br />
Upotreba: malo se koristi<br />
Stanje: dobro sačuvan<br />
Broj stepenica trima: 2<br />
Dodatni kameni prsten: nema kamenog prstena<br />
Stepenište: nema<br />
Oblik kamena: uglast<br />
Područje ispred ulaza: lako dostupno<br />
Orijentacija ulaza: SZ (320°)<br />
Promjer trima (cm): 360<br />
Visina trima (cm): 240<br />
Visina stepenica (cm): stepenica 1: 160 , stepenica 2: 220<br />
Debljina zida (cm): 85<br />
Širina vrata (cm): 65<br />
Visina vrata (cm): 100<br />
Širina unutra (cm): 150 &#8211; 190<br />
Visina unutra (cm): 220<br />
Volumen iznutra (m3): 3,27<br />
Nema niše</p></div></div><div class='content-column one_half last_column'><div style="padding-right:0px;padding-left:6px;"><div id="attachment_54635" style="width: 310px" class="wp-caption aligncenter"><img loading="lazy" decoding="async" aria-describedby="caption-attachment-54635" class="size-medium wp-image-54635" src="https://www.topohvar.at/wp-content/uploads/2021/12/za-tr-b0-11-300x300.jpg" alt="" width="300" height="300" srcset="https://www.topohvar.at/wp-content/uploads/2021/12/za-tr-b0-11-300x300.jpg 300w, https://www.topohvar.at/wp-content/uploads/2021/12/za-tr-b0-11-150x150.jpg 150w, https://www.topohvar.at/wp-content/uploads/2021/12/za-tr-b0-11.jpg 450w" sizes="auto, (max-width: 300px) 100vw, 300px" /><p id="caption-attachment-54635" class="wp-caption-text">Jugozapadna strana trima / Südwestseite</p></div>
<p>Am 12.10.2021 wurde der Trim ZA-TR-B0 besucht und näher untersucht:</p>
<p>Standort: Olivenhain<br />
Untergrund: geneigt<br />
Verbunden mit: Steinmauer<br />
Nutzung: kaum genutzt<br />
Zustand: gut erhalten<br />
Anzahl der Trimstufen: 2<br />
Zusätzlicher Steinring: kein Steinring<br />
Stiege: keine<br />
Steinform: kantig<br />
Eingangsbereich: frei<br />
Eingangsseite: NW (320°)<br />
Trimdurchmesser (cm): 360<br />
Trimhöhe (cm): 240<br />
Höhe der Trimstufen (cm): Stufe 1: 160 , Stufe 2: 220<br />
Wandstärke (cm): 85<br />
Türbreite (cm): 65<br />
Türhöhe (cm): 100<br />
Innenraumbreite (cm): 150 &#8211; 190<br />
Innenraumhöhe (cm): 220<br />
Raumvolumen (m3): 3,27<br />
Keine Nische</p></div></div><div class='clear_column'></div><img loading="lazy" decoding="async" class="aligncenter size-full wp-image-54633" src="https://www.topohvar.at/wp-content/uploads/2021/12/za-tr-b0-1-sca.jpg" alt="" width="640" height="925" srcset="https://www.topohvar.at/wp-content/uploads/2021/12/za-tr-b0-1-sca.jpg 640w, https://www.topohvar.at/wp-content/uploads/2021/12/za-tr-b0-1-sca-208x300.jpg 208w" sizes="auto, (max-width: 640px) 100vw, 640px" /></p>
<p style="text-align: right;"><a href="#seite_oben">natrag na vrh / Seitenanfang</a></p>
<hr />
<p><strong>Linkovi / Links</strong></p>
<p>&#8211;</p>

<p>Ime / Name Trim »ZA-TR-B0« Code: ZA-TR-B0                              Adresa / Adresse Zastražišće, sjeverno od Glavice Lokacija / Position Latitude: N 43,14591°   Longitude: E 16,86603° Visina / Höhe: &hellip; <a href="https://www.topohvar.at/topo/orte/za/za-tr-b0-1/">Weiterlesen <span class="meta-nav">&rarr;</span></a></p>
