{"id":52177,"date":"2021-10-14T11:14:34","date_gmt":"2021-10-14T09:14:34","guid":{"rendered":"https:\/\/www.topohvar.at\/topo\/?page_id=52177"},"modified":"2023-05-28T16:50:01","modified_gmt":"2023-05-28T14:50:01","slug":"za-tr-b2-1","status":"publish","type":"page","link":"https:\/\/www.topohvar.at\/topo\/orte\/za\/za-tr-b2-1\/","title":{"rendered":"ZASTRA\u017dI\u0160\u0106E \u2013 Trim \u00bbZA-TR-B2\u00ab"},"content":{"rendered":"<ol>\n<li><a name=\"seite_oben\"><\/a><br \/>\n<strong><img loading=\"lazy\" decoding=\"async\" class=\"alignnone wp-image-52178 size-full\" src=\"https:\/\/www.topohvar.at\/wp-content\/uploads\/2021\/10\/za-tr-b2-1.jpg\" alt=\"\" width=\"1080\" height=\"530\" srcset=\"https:\/\/www.topohvar.at\/wp-content\/uploads\/2021\/10\/za-tr-b2-1.jpg 1080w, https:\/\/www.topohvar.at\/wp-content\/uploads\/2021\/10\/za-tr-b2-1-300x147.jpg 300w, https:\/\/www.topohvar.at\/wp-content\/uploads\/2021\/10\/za-tr-b2-1-1024x503.jpg 1024w, https:\/\/www.topohvar.at\/wp-content\/uploads\/2021\/10\/za-tr-b2-1-768x377.jpg 768w\" sizes=\"auto, (max-width: 1080px) 100vw, 1080px\" \/><\/strong><\/li>\n<\/ol>\n<p><strong>Ime \/ Name<br \/>\n<\/strong>Trim \u00bbZA-TR-B2\u00ab<\/p>\n<p><strong>Code: <\/strong>ZA-TR-B2\u00a0 \u00a0 \u00a0 \u00a0 \u00a0 \u00a0 \u00a0 \u00a0 \u00a0 \u00a0 \u00a0 \u00a0 \u00a0 <a href=\"https:\/\/www.topohvar.at\/orte\/za\/za-tr-00-00\/\"><img loading=\"lazy\" decoding=\"async\" class=\"alignnone wp-image-12300 size-full\" src=\"https:\/\/www.topohvar.at\/wp-content\/uploads\/2018\/09\/push-vor-30.jpg\" alt=\"\" width=\"61\" height=\"30\" \/><\/a>\u00a0<strong><a href=\"https:\/\/www.topohvar.at\/orte\/za\/za-tr-75-1\/\"><img loading=\"lazy\" decoding=\"async\" class=\"alignnone wp-image-533 size-full\" src=\"https:\/\/www.topohvar.at\/wp-content\/uploads\/2018\/07\/push-l-30.jpg\" alt=\"\" width=\"61\" height=\"30\" \/><\/a> <a href=\"https:\/\/www.topohvar.at\/orte\/za\/\"><img loading=\"lazy\" decoding=\"async\" class=\"alignnone wp-image-535 size-full\" src=\"https:\/\/www.topohvar.at\/wp-content\/uploads\/2018\/07\/push-o-30.jpg\" alt=\"\" width=\"61\" height=\"30\" \/><\/a> <a href=\"https:\/\/www.topohvar.at\/orte\/za\/za-tr-b6-1\/\"><img loading=\"lazy\" decoding=\"async\" class=\"alignnone wp-image-536 size-full\" src=\"https:\/\/www.topohvar.at\/wp-content\/uploads\/2018\/07\/push-r-30.jpg\" alt=\"\" width=\"61\" height=\"30\" \/><\/a><\/strong><\/p>\n<hr \/>\n<p><strong>Adresa \/ Adresse<br \/>\n<\/strong>Zastra\u017ei\u0161\u0107e, Vrh<\/p>\n<p><strong>Lokacija \/ Position<a href=\"https:\/\/goo.gl\/maps\/kW112yjU6khz5sPt6\"><img loading=\"lazy\" decoding=\"async\" class=\"alignright wp-image-43793\" src=\"https:\/\/www.topohvar.at\/wp-content\/uploads\/2020\/11\/3046.jpg\" alt=\"\" width=\"134\" height=\"100\" \/><\/a><br \/>\n<\/strong><a href=\"https:\/\/goo.gl\/maps\/kW112yjU6khz5sPt6\"><span style=\"color: #3366ff;\">Latitude: N 43,13321\u00b0\u00a0 \u00a0Longitude: E 16,85470\u00b0<\/span><\/a> <strong><br \/>\n<\/strong>Visina \/ H\u00f6he: 309 m<\/p>\n<p><strong>Katastarska \u010destica \/ Grundst\u00fccke<br \/>\n<\/strong>2099\/36<div class='content-column one_half'><div style=\"padding-right:6px;\"><p><strong>Datum snimanja \/ Erfassungsdatum<br \/>\n<\/strong>15.10.2021 15:07:23<\/p>\n<hr \/>\n<p><strong>Informacije<\/strong><\/p>\n<p>Skloni\u0161te nalik na trim nalazi se u grmlju sjeverno od visoke staze koja s Humca vodi prema istoku. Ni\u0161asti, \u0161iroki otvor na sjeci\u0161tu triju kamenih zidova bio je pokriven kamenim plo\u010dama u obliku kupole.<\/p><\/div><\/div><div class='content-column one_half last_column'><div style=\"padding-right:0px;padding-left:6px;\"><p><strong>Stupanj za\u0161tite \/ Schutzstellung<br \/>\n<\/strong>&#8211;<\/p>\n<hr \/>\n<p><strong>Info<\/strong><\/p>\n<p>Der trim\u00e4hnliche Unterstand befindet sich im Buschwerk n\u00f6rdlich des H\u00f6henweges der von Humac nach Osten f\u00fchrt. Eine nischenf\u00f6rmige, breite \u00d6ffnung in der Kreuzung dreier Steinmauern wurde mit Steinplatten kuppelf\u00f6rmig \u00fcberdeckt.<\/p><\/div><\/div><div class='clear_column'><\/div><div class='content-column one_half'><div style=\"padding-right:6px;\"><p>Izvor: Hrvatska osnovna karta\u00a0&#8211; Geoportal DGU<\/p><\/div><\/div><div class='content-column one_half last_column'><div style=\"padding-right:0px;padding-left:6px;\"><p>Quelle: Grundkarte Kroatiens\u00a0&#8211; Geoportal DGU<\/p><\/div><\/div><div class='clear_column'><\/div><div class='content-column one_half'><div style=\"padding-right:6px;\"><div id=\"attachment_54670\" style=\"width: 310px\" class=\"wp-caption aligncenter\"><img loading=\"lazy\" decoding=\"async\" aria-describedby=\"caption-attachment-54670\" class=\"size-medium wp-image-54670\" src=\"https:\/\/www.topohvar.at\/wp-content\/uploads\/2021\/12\/za-tr-b2-10-300x300.jpg\" alt=\"\" width=\"300\" height=\"300\" srcset=\"https:\/\/www.topohvar.at\/wp-content\/uploads\/2021\/12\/za-tr-b2-10-300x300.jpg 300w, https:\/\/www.topohvar.at\/wp-content\/uploads\/2021\/12\/za-tr-b2-10-150x150.jpg 150w, https:\/\/www.topohvar.at\/wp-content\/uploads\/2021\/12\/za-tr-b2-10.jpg 450w\" sizes=\"auto, (max-width: 300px) 100vw, 300px\" \/><p id=\"caption-attachment-54670\" class=\"wp-caption-text\">binary comment<\/p><\/div>\n<p>Dana 13.10.2021 trim ZA-TR-B2 je posje\u0107en i ustanovljeno je sljede\u0107e:<\/p>\n<p>Lokacija: grmlje<br \/>\nPodloga: ravna<br \/>\nPovezan s: kamenim zidom<br \/>\nUpotreba: ne koristi se<br \/>\nStanje: dobro sa\u010duvan<br \/>\nBroj stepenica trima: 1<br \/>\nDodatni kameni prsten: nema kamenog prstena<br \/>\nStepeni\u0161te: nema<br \/>\nOblik kamena: uglast<br \/>\nPodru\u010dje ispred ulaza: zaraslo<br \/>\nOrijentacija ulaza: Z (270\u00b0)<br \/>\nPromjer trima (cm): 340<br \/>\nVisina trima (cm): 180<br \/>\nVisina stepenica (cm): stepenica 1: 160<br \/>\nDebljina zida (cm): 100<br \/>\n\u0160irina vrata (cm): 140<br \/>\nVisina vrata (cm): 160<br \/>\n\u0160irina unutra (cm): 100 &#8211; 140<br \/>\nVisina unutra (cm): 170<br \/>\nVolumen iznutra (m3): 0,80<br \/>\nNema ni\u0161e<\/p><\/div><\/div><div class='content-column one_half last_column'><div style=\"padding-right:0px;padding-left:6px;\"><div id=\"attachment_54672\" style=\"width: 310px\" class=\"wp-caption aligncenter\"><img loading=\"lazy\" decoding=\"async\" aria-describedby=\"caption-attachment-54672\" class=\"wp-image-54672 size-medium\" src=\"https:\/\/www.topohvar.at\/wp-content\/uploads\/2021\/12\/za-tr-b2-12-300x300.jpg\" alt=\"\" width=\"300\" height=\"300\" srcset=\"https:\/\/www.topohvar.at\/wp-content\/uploads\/2021\/12\/za-tr-b2-12-300x300.jpg 300w, https:\/\/www.topohvar.at\/wp-content\/uploads\/2021\/12\/za-tr-b2-12-150x150.jpg 150w, https:\/\/www.topohvar.at\/wp-content\/uploads\/2021\/12\/za-tr-b2-12.jpg 450w\" sizes=\"auto, (max-width: 300px) 100vw, 300px\" \/><p id=\"caption-attachment-54672\" class=\"wp-caption-text\">binary comment<\/p><\/div>\n<p>Am 13.10.2021 wurde der Trim ZA-TR-B2 besucht und n\u00e4her untersucht:<\/p>\n<p>Standort: Buschwerk<br \/>\nUntergrund: eben<br \/>\nVerbunden mit: Steinmauer<br \/>\nNutzung: ungenutzt<br \/>\nZustand: gut erhalten<br \/>\nAnzahl der Trimstufen: 1<br \/>\nZus\u00e4tzlicher Steinring: kein Steinring<br \/>\nStiege: keine<br \/>\nSteinform: kantig<br \/>\nEingangsbereich: verwachsen<br \/>\nEingangsseite: W (270\u00b0)<br \/>\nTrimdurchmesser (cm): 340<br \/>\nTrimh\u00f6he (cm): 180<br \/>\nH\u00f6he der Trimstufen (cm): Stufe 1: 160<br \/>\nWandst\u00e4rke (cm): 100<br \/>\nT\u00fcrbreite (cm): 140<br \/>\nT\u00fcrh\u00f6he (cm): 160<br \/>\nInnenraumbreite (cm): 100 &#8211; 140<br \/>\nInnenraumh\u00f6he (cm): 170<br \/>\nRaumvolumen (m3): 0,80<br \/>\nKeine Nische<\/p><\/div><\/div><div class='clear_column'><\/div><img loading=\"lazy\" decoding=\"async\" class=\"aligncenter size-full wp-image-54668\" src=\"https:\/\/www.topohvar.at\/wp-content\/uploads\/2021\/12\/za-tr-b2-1-sca.jpg\" alt=\"\" width=\"640\" height=\"942\" srcset=\"https:\/\/www.topohvar.at\/wp-content\/uploads\/2021\/12\/za-tr-b2-1-sca.jpg 640w, https:\/\/www.topohvar.at\/wp-content\/uploads\/2021\/12\/za-tr-b2-1-sca-204x300.jpg 204w\" sizes=\"auto, (max-width: 640px) 100vw, 640px\" \/><\/p>\n<p style=\"text-align: right;\"><a href=\"#seite_oben\">natrag na vrh \/ Seitenanfang<\/a><\/p>\n<hr \/>\n<p><strong>Linkovi \/ Links<\/strong><\/p>\n<p><span style=\"color: #3366ff;\">&#8211;<\/span><\/p>\n","protected":false},"excerpt":{"rendered":"<p>Ime \/ Name Trim \u00bbZA-TR-B2\u00ab Code: ZA-TR-B2\u00a0 \u00a0 \u00a0 \u00a0 \u00a0 \u00a0 \u00a0 \u00a0 \u00a0 \u00a0 \u00a0 \u00a0 \u00a0 \u00a0 Adresa \/ Adresse Zastra\u017ei\u0161\u0107e, Vrh Lokacija \/ Position Latitude: N 43,13321\u00b0\u00a0 \u00a0Longitude: E 16,85470\u00b0 Visina \/ H\u00f6he: 309 m Katastarska &hellip; <a href=\"https:\/\/www.topohvar.at\/topo\/orte\/za\/za-tr-b2-1\/\">Weiterlesen <span class=\"meta-nav\">&rarr;<\/span><\/a><\/p>\n","protected":false},"author":1,"featured_media":0,"parent":115,"menu_order":0,"comment_status":"closed","ping_status":"closed","template":"","meta":{"footnotes":""},"class_list":["post-52177","page","type-page","status-publish","hentry"],"_links":{"self":[{"href":"https:\/\/www.topohvar.at\/topo\/wp-json\/wp\/v2\/pages\/52177","targetHints":{"allow":["GET"]}}],"collection":[{"href":"https:\/\/www.topohvar.at\/topo\/wp-json\/wp\/v2\/pages"}],"about":[{"href":"https:\/\/www.topohvar.at\/topo\/wp-json\/wp\/v2\/types\/page"}],"author":[{"embeddable":true,"href":"https:\/\/www.topohvar.at\/topo\/wp-json\/wp\/v2\/users\/1"}],"replies":[{"embeddable":true,"href":"https:\/\/www.topohvar.at\/topo\/wp-json\/wp\/v2\/comments?post=52177"}],"version-history":[{"count":6,"href":"https:\/\/www.topohvar.at\/topo\/wp-json\/wp\/v2\/pages\/52177\/revisions"}],"predecessor-version":[{"id":62570,"href":"https:\/\/www.topohvar.at\/topo\/wp-json\/wp\/v2\/pages\/52177\/revisions\/62570"}],"up":[{"embeddable":true,"href":"https:\/\/www.topohvar.at\/topo\/wp-json\/wp\/v2\/pages\/115"}],"wp:attachment":[{"href":"https:\/\/www.topohvar.at\/topo\/wp-json\/wp\/v2\/media?parent=52177"}],"curies":[{"name":"wp","href":"https:\/\/api.w.org\/{rel}","templated":true}]}}

ZASTRAŽIŠĆE – Trim »ZA-TR-B2«

<ol>
<li><a name="seite_oben"></a><br />
<strong><img loading="lazy" decoding="async" class="alignnone wp-image-52178 size-full" src="https://www.topohvar.at/wp-content/uploads/2021/10/za-tr-b2-1.jpg" alt="" width="1080" height="530" srcset="https://www.topohvar.at/wp-content/uploads/2021/10/za-tr-b2-1.jpg 1080w, https://www.topohvar.at/wp-content/uploads/2021/10/za-tr-b2-1-300x147.jpg 300w, https://www.topohvar.at/wp-content/uploads/2021/10/za-tr-b2-1-1024x503.jpg 1024w, https://www.topohvar.at/wp-content/uploads/2021/10/za-tr-b2-1-768x377.jpg 768w" sizes="auto, (max-width: 1080px) 100vw, 1080px" /></strong></li>
</ol>
<p><strong>Ime / Name<br />
</strong>Trim »ZA-TR-B2«</p>
<p><strong>Code: </strong>ZA-TR-B2                          <a href="https://www.topohvar.at/orte/za/za-tr-00-00/"><img loading="lazy" decoding="async" class="alignnone wp-image-12300 size-full" src="https://www.topohvar.at/wp-content/uploads/2018/09/push-vor-30.jpg" alt="" width="61" height="30" /></a> <strong><a href="https://www.topohvar.at/orte/za/za-tr-75-1/"><img loading="lazy" decoding="async" class="alignnone wp-image-533 size-full" src="https://www.topohvar.at/wp-content/uploads/2018/07/push-l-30.jpg" alt="" width="61" height="30" /></a> <a href="https://www.topohvar.at/orte/za/"><img loading="lazy" decoding="async" class="alignnone wp-image-535 size-full" src="https://www.topohvar.at/wp-content/uploads/2018/07/push-o-30.jpg" alt="" width="61" height="30" /></a> <a href="https://www.topohvar.at/orte/za/za-tr-b6-1/"><img loading="lazy" decoding="async" class="alignnone wp-image-536 size-full" src="https://www.topohvar.at/wp-content/uploads/2018/07/push-r-30.jpg" alt="" width="61" height="30" /></a></strong></p>
<hr />
<p><strong>Adresa / Adresse<br />
</strong>Zastražišće, Vrh</p>
<p><strong>Lokacija / Position<a href="https://goo.gl/maps/kW112yjU6khz5sPt6"><img loading="lazy" decoding="async" class="alignright wp-image-43793" src="https://www.topohvar.at/wp-content/uploads/2020/11/3046.jpg" alt="" width="134" height="100" /></a><br />
</strong><a href="https://goo.gl/maps/kW112yjU6khz5sPt6"><span style="color: #3366ff;">Latitude: N 43,13321°   Longitude: E 16,85470°</span></a> <strong><br />
</strong>Visina / Höhe: 309 m</p>
<p><strong>Katastarska čestica / Grundstücke<br />
</strong>2099/36<div class='content-column one_half'><div style="padding-right:6px;"><p><strong>Datum snimanja / Erfassungsdatum<br />
</strong>15.10.2021 15:07:23</p>
<hr />
<p><strong>Informacije</strong></p>
<p>Sklonište nalik na trim nalazi se u grmlju sjeverno od visoke staze koja s Humca vodi prema istoku. Nišasti, široki otvor na sjecištu triju kamenih zidova bio je pokriven kamenim pločama u obliku kupole.</p></div></div><div class='content-column one_half last_column'><div style="padding-right:0px;padding-left:6px;"><p><strong>Stupanj zaštite / Schutzstellung<br />
</strong>&#8211;</p>
<hr />
<p><strong>Info</strong></p>
<p>Der trimähnliche Unterstand befindet sich im Buschwerk nördlich des Höhenweges der von Humac nach Osten führt. Eine nischenförmige, breite Öffnung in der Kreuzung dreier Steinmauern wurde mit Steinplatten kuppelförmig überdeckt.</p></div></div><div class='clear_column'></div><div class='content-column one_half'><div style="padding-right:6px;"><p>Izvor: Hrvatska osnovna karta &#8211; Geoportal DGU</p></div></div><div class='content-column one_half last_column'><div style="padding-right:0px;padding-left:6px;"><p>Quelle: Grundkarte Kroatiens &#8211; Geoportal DGU</p></div></div><div class='clear_column'></div><div class='content-column one_half'><div style="padding-right:6px;"><div id="attachment_54670" style="width: 310px" class="wp-caption aligncenter"><img loading="lazy" decoding="async" aria-describedby="caption-attachment-54670" class="size-medium wp-image-54670" src="https://www.topohvar.at/wp-content/uploads/2021/12/za-tr-b2-10-300x300.jpg" alt="" width="300" height="300" srcset="https://www.topohvar.at/wp-content/uploads/2021/12/za-tr-b2-10-300x300.jpg 300w, https://www.topohvar.at/wp-content/uploads/2021/12/za-tr-b2-10-150x150.jpg 150w, https://www.topohvar.at/wp-content/uploads/2021/12/za-tr-b2-10.jpg 450w" sizes="auto, (max-width: 300px) 100vw, 300px" /><p id="caption-attachment-54670" class="wp-caption-text">binary comment</p></div>
<p>Dana 13.10.2021 trim ZA-TR-B2 je posjećen i ustanovljeno je sljedeće:</p>
<p>Lokacija: grmlje<br />
Podloga: ravna<br />
Povezan s: kamenim zidom<br />
Upotreba: ne koristi se<br />
Stanje: dobro sačuvan<br />
Broj stepenica trima: 1<br />
Dodatni kameni prsten: nema kamenog prstena<br />
Stepenište: nema<br />
Oblik kamena: uglast<br />
Područje ispred ulaza: zaraslo<br />
Orijentacija ulaza: Z (270°)<br />
Promjer trima (cm): 340<br />
Visina trima (cm): 180<br />
Visina stepenica (cm): stepenica 1: 160<br />
Debljina zida (cm): 100<br />
Širina vrata (cm): 140<br />
Visina vrata (cm): 160<br />
Širina unutra (cm): 100 &#8211; 140<br />
Visina unutra (cm): 170<br />
Volumen iznutra (m3): 0,80<br />
Nema niše</p></div></div><div class='content-column one_half last_column'><div style="padding-right:0px;padding-left:6px;"><div id="attachment_54672" style="width: 310px" class="wp-caption aligncenter"><img loading="lazy" decoding="async" aria-describedby="caption-attachment-54672" class="wp-image-54672 size-medium" src="https://www.topohvar.at/wp-content/uploads/2021/12/za-tr-b2-12-300x300.jpg" alt="" width="300" height="300" srcset="https://www.topohvar.at/wp-content/uploads/2021/12/za-tr-b2-12-300x300.jpg 300w, https://www.topohvar.at/wp-content/uploads/2021/12/za-tr-b2-12-150x150.jpg 150w, https://www.topohvar.at/wp-content/uploads/2021/12/za-tr-b2-12.jpg 450w" sizes="auto, (max-width: 300px) 100vw, 300px" /><p id="caption-attachment-54672" class="wp-caption-text">binary comment</p></div>
<p>Am 13.10.2021 wurde der Trim ZA-TR-B2 besucht und näher untersucht:</p>
<p>Standort: Buschwerk<br />
Untergrund: eben<br />
Verbunden mit: Steinmauer<br />
Nutzung: ungenutzt<br />
Zustand: gut erhalten<br />
Anzahl der Trimstufen: 1<br />
Zusätzlicher Steinring: kein Steinring<br />
Stiege: keine<br />
Steinform: kantig<br />
Eingangsbereich: verwachsen<br />
Eingangsseite: W (270°)<br />
Trimdurchmesser (cm): 340<br />
Trimhöhe (cm): 180<br />
Höhe der Trimstufen (cm): Stufe 1: 160<br />
Wandstärke (cm): 100<br />
Türbreite (cm): 140<br />
Türhöhe (cm): 160<br />
Innenraumbreite (cm): 100 &#8211; 140<br />
Innenraumhöhe (cm): 170<br />
Raumvolumen (m3): 0,80<br />
Keine Nische</p></div></div><div class='clear_column'></div><img loading="lazy" decoding="async" class="aligncenter size-full wp-image-54668" src="https://www.topohvar.at/wp-content/uploads/2021/12/za-tr-b2-1-sca.jpg" alt="" width="640" height="942" srcset="https://www.topohvar.at/wp-content/uploads/2021/12/za-tr-b2-1-sca.jpg 640w, https://www.topohvar.at/wp-content/uploads/2021/12/za-tr-b2-1-sca-204x300.jpg 204w" sizes="auto, (max-width: 640px) 100vw, 640px" /></p>
<p style="text-align: right;"><a href="#seite_oben">natrag na vrh / Seitenanfang</a></p>
<hr />
<p><strong>Linkovi / Links</strong></p>
<p><span style="color: #3366ff;">&#8211;</span></p>

<p>Ime / Name Trim »ZA-TR-B2« Code: ZA-TR-B2                            Adresa / Adresse Zastražišće, Vrh Lokacija / Position Latitude: N 43,13321°   Longitude: E 16,85470° Visina / Höhe: 309 m Katastarska &hellip; <a href="https://www.topohvar.at/topo/orte/za/za-tr-b2-1/">Weiterlesen <span class="meta-nav">&rarr;</span></a></p>
