{"id":54900,"date":"2021-12-07T15:35:16","date_gmt":"2021-12-07T14:35:16","guid":{"rendered":"https:\/\/www.topohvar.at\/topo\/?page_id=54900"},"modified":"2021-12-07T17:33:37","modified_gmt":"2021-12-07T16:33:37","slug":"su-is-12-1","status":"publish","type":"page","link":"https:\/\/www.topohvar.at\/topo\/orte\/su\/su-is-12-1\/","title":{"rendered":"SU\u0106URAJ &#8211; Po\u010dasna plo\u010da \u00bbOb\u010dinski dom 1888\u00ab"},"content":{"rendered":"<p><a name=\"seite_oben\"><\/a><br \/>\n<strong><img loading=\"lazy\" decoding=\"async\" class=\"alignnone wp-image-54903 size-full\" src=\"https:\/\/www.topohvar.at\/wp-content\/uploads\/2021\/12\/su-is-12-1.jpg\" alt=\"\" width=\"1080\" height=\"530\" srcset=\"https:\/\/www.topohvar.at\/wp-content\/uploads\/2021\/12\/su-is-12-1.jpg 1080w, https:\/\/www.topohvar.at\/wp-content\/uploads\/2021\/12\/su-is-12-1-300x147.jpg 300w, https:\/\/www.topohvar.at\/wp-content\/uploads\/2021\/12\/su-is-12-1-1024x503.jpg 1024w, https:\/\/www.topohvar.at\/wp-content\/uploads\/2021\/12\/su-is-12-1-768x377.jpg 768w\" sizes=\"auto, (max-width: 1080px) 100vw, 1080px\" \/><\/strong><\/p>\n<p><strong>Ime \/ Name<br \/>\n<\/strong>Po\u010dasna plo\u010da \u00bbOb\u010dinski dom 1888\u00ab \/ Ehrentafel &#8211; Gemeindehaus 1888<\/p>\n<p><strong>Code: <\/strong>SU-IS-12\u00a0 \u00a0 \u00a0 \u00a0 \u00a0 \u00a0 \u00a0 \u00a0 \u00a0 \u00a0 \u00a0 \u00a0 \u00a0 \u00a0 \u00a0 <strong><a href=\"https:\/\/www.topohvar.at\/topo\/orte\/su\/su-ip-01-1\/\"><img loading=\"lazy\" decoding=\"async\" class=\"alignnone wp-image-12300 size-full\" src=\"https:\/\/www.topohvar.at\/wp-content\/uploads\/2018\/09\/push-vor-30.jpg\" alt=\"\" width=\"61\" height=\"30\" \/><\/a> <a href=\"https:\/\/www.topohvar.at\/orte\/su\/su-is-05-1\/\"><img loading=\"lazy\" decoding=\"async\" class=\"alignnone wp-image-533 size-full\" src=\"https:\/\/www.topohvar.at\/wp-content\/uploads\/2018\/07\/push-l-30.jpg\" alt=\"\" width=\"61\" height=\"30\" \/><\/a> <a href=\"https:\/\/www.topohvar.at\/orte\/su\/\"><img loading=\"lazy\" decoding=\"async\" class=\"alignnone wp-image-535 size-full\" src=\"https:\/\/www.topohvar.at\/wp-content\/uploads\/2018\/07\/push-o-30.jpg\" alt=\"\" width=\"61\" height=\"30\" \/><\/a> <a href=\"https:\/\/www.topohvar.at\/orte\/su\/su-is-08-1\/\"><img loading=\"lazy\" decoding=\"async\" class=\"alignnone wp-image-536 size-full\" src=\"https:\/\/www.topohvar.at\/wp-content\/uploads\/2018\/07\/push-r-30.jpg\" alt=\"\" width=\"61\" height=\"30\" \/><\/a><\/strong><\/p>\n<hr \/>\n<p><strong>Adresa \/ Adresse<br \/>\n<\/strong>Su\u0107uraj, Ulica Donja Banda, crkva Sv. Ante \/ Kirche des hl. Antonius<\/p>\n<p><strong>Lokacija \/ Position<a href=\"https:\/\/goo.gl\/maps\/o3G7HpqpFbTAwX9L9\"><img loading=\"lazy\" decoding=\"async\" class=\"alignright wp-image-11694\" src=\"https:\/\/www.topohvar.at\/wp-content\/uploads\/2018\/09\/0765.jpg\" alt=\"\" width=\"133\" height=\"100\" \/><\/a><br \/>\n<\/strong><span style=\"color: #3366ff;\"><a style=\"color: #3366ff;\" href=\"https:\/\/goo.gl\/maps\/o3G7HpqpFbTAwX9L9\">Latitude: N 43,12508\u00b0\u00a0 \u00a0Longitude: E 17,18695\u00b0<\/a> <\/span><strong><br \/>\n<\/strong>Visina \/ H\u00f6he: 2 m<\/p>\n<p><strong>Katastarska \u010destica <\/strong><strong>\/ Grundst\u00fccke<br \/>\n<\/strong>*2\u00a0<div class='content-column one_half'><div style=\"padding-right:6px;\"><p><strong>Datum snimanja \/ Erfassungsdatum<br \/>\n<\/strong>01.01.2000 00:00:00<\/p>\n<hr \/>\n<p><strong>Informacije<\/strong><\/p>\n<p>Tijekom austrijske I vladavine cara Franje Josipa, njegovi su posjeti provincijama pa tako I manjim mjestima bili jako \u010desti, a u tu \u010dast, kako bi se pokazala lojalnost I zahvalnost vladaru, podizani su spomen natpisi. Tako I ovaj kvalitetno izra\u0111en, koji se nalazio na poru\u0161enoj op\u0107inskoj zgradi, svjedo\u010di o posjeti cara Su\u0107uru.<\/p><\/div><\/div><div class='content-column one_half last_column'><div style=\"padding-right:0px;padding-left:6px;\"><p><strong>Stupanj za\u0161tite<\/strong><strong> \/ Schutzstellung<br \/>\n<\/strong>&#8211;<\/p>\n<hr \/>\n<p><strong>Info<\/strong><\/p>\n<p>W\u00e4hrend der \u00f6sterreichischen Herrschaft von Kaiser Franz Joseph waren seine Besuche in den Provinzen und damit in kleineren Orten sehr h\u00e4ufig, und zu dieser Ehre, um Loyalit\u00e4t und Dankbarkeit gegen\u00fcber dem Herrscher zu zeigen, wurden Gedenkinschriften aufgestellt. So zeugt dieses gut gemachte Tafel, die sich auf dem abgerissenen Gemeindegeb\u00e4ude befand, vom Besuch des Kaisers in Su\u0107uraj.<\/p><\/div><\/div><div class='clear_column'><\/div><div class='content-column one_half'><div style=\"padding-right:6px;\"><p>Plo\u010da sada je u crkvi sv. Ante. Natpis glasi:<\/p><\/div><\/div><div class='content-column one_half last_column'><div style=\"padding-right:0px;padding-left:6px;\"><p>Die Tafel befindet sich nunmehr in der Kirche sv. Ante. Die Inschrift lautet:<\/p><\/div><\/div><div class='clear_column'><\/div><\/p>\n<p style=\"text-align: center;\">HARNI SU\u0106URANI<br \/>\nSVOME VLADARU<br \/>\nFRANI JOSIPU I<br \/>\nPRIGODOM \u010cETRDESETGODI\u0160NJICE<br \/>\nNJEGOVA PRESRETNA VLADANJA<br \/>\nU ZNAK \u0160TOVANJA<br \/>\nZAPO\u010cE SE OVAJ<br \/>\nOB\u0106INSKI DOM<br \/>\nG 1888<\/p>\n<div class='content-column one_half'><div style=\"padding-right:6px;\"><p>(Harni Su\u0107urani svome vladaru Frani Josipu I. prigodom \u010detrdesetgodi\u0161njice njegova presretna vladanja u znak \u0161tovanja zapo\u010de se ovaj ob\u0107inski dom. G 1888)<\/p><\/div><\/div><div class='content-column one_half last_column'><div style=\"padding-right:0px;padding-left:6px;\"><p>(Die dankbaren Leute aus Su\u0107urani begannen im Jahre 1888, anl\u00e4sslich des vierzigsten Jahrestages der \u00fcbergl\u00fccklichen Regentschaft ihres Herrscher Franz Josef I., als Zeichen der Hochachtung den Bau dieses Gemeindehauses)<\/p><\/div><\/div><div class='clear_column'><\/div><div class='content-column one_half'><div style=\"padding-right:6px;\"><p><em>(Izvor: Izlo\u017eba \u201cPisma i Pismenost otoka Hvara\u201d galerija (crkva) sv. Jerolima, lipanj 2021)<\/em><\/p><\/div><\/div><div class='content-column one_half last_column'><div style=\"padding-right:0px;padding-left:6px;\"><p><em>(Quelle: Ausstellung \u201cSchrift und Schreibkunst der Insel Hvar\u201d Galerie (Kirche) sv. Jerolim, Juni 2021)<\/em><\/p><\/div><\/div><div class='clear_column'><\/div><\/p>\n<p style=\"text-align: right;\"><span style=\"color: #3366ff;\"><a style=\"color: #3366ff;\" href=\"#seite_oben\">natrag na vrh \/ Seitenanfang<\/a><\/span><\/p>\n<hr \/>\n<p><strong>Linkovi \/ Links<\/strong><\/p>\n<p><span style=\"color: #3366ff;\"><a style=\"color: #3366ff;\" href=\"https:\/\/www.topohvar.at\/orte\/su\/su-ci-02-1\/\">Crkva \u00bbSv. Ante Padovanskog\u00ab \/ Kirche des hl. Antonius von Padua<\/a><\/span><\/p>\n","protected":false},"excerpt":{"rendered":"<p>Ime \/ Name Po\u010dasna plo\u010da \u00bbOb\u010dinski dom 1888\u00ab \/ Ehrentafel &#8211; Gemeindehaus 1888 Code: SU-IS-12\u00a0 \u00a0 \u00a0 \u00a0 \u00a0 \u00a0 \u00a0 \u00a0 \u00a0 \u00a0 \u00a0 \u00a0 \u00a0 \u00a0 \u00a0 Adresa \/ Adresse Su\u0107uraj, Ulica Donja Banda, crkva Sv. Ante \/ &hellip; <a href=\"https:\/\/www.topohvar.at\/topo\/orte\/su\/su-is-12-1\/\">Weiterlesen <span class=\"meta-nav\">&rarr;<\/span><\/a><\/p>\n","protected":false},"author":1,"featured_media":0,"parent":103,"menu_order":0,"comment_status":"closed","ping_status":"closed","template":"","meta":{"footnotes":""},"class_list":["post-54900","page","type-page","status-publish","hentry"],"_links":{"self":[{"href":"https:\/\/www.topohvar.at\/topo\/wp-json\/wp\/v2\/pages\/54900","targetHints":{"allow":["GET"]}}],"collection":[{"href":"https:\/\/www.topohvar.at\/topo\/wp-json\/wp\/v2\/pages"}],"about":[{"href":"https:\/\/www.topohvar.at\/topo\/wp-json\/wp\/v2\/types\/page"}],"author":[{"embeddable":true,"href":"https:\/\/www.topohvar.at\/topo\/wp-json\/wp\/v2\/users\/1"}],"replies":[{"embeddable":true,"href":"https:\/\/www.topohvar.at\/topo\/wp-json\/wp\/v2\/comments?post=54900"}],"version-history":[{"count":3,"href":"https:\/\/www.topohvar.at\/topo\/wp-json\/wp\/v2\/pages\/54900\/revisions"}],"predecessor-version":[{"id":54906,"href":"https:\/\/www.topohvar.at\/topo\/wp-json\/wp\/v2\/pages\/54900\/revisions\/54906"}],"up":[{"embeddable":true,"href":"https:\/\/www.topohvar.at\/topo\/wp-json\/wp\/v2\/pages\/103"}],"wp:attachment":[{"href":"https:\/\/www.topohvar.at\/topo\/wp-json\/wp\/v2\/media?parent=54900"}],"curies":[{"name":"wp","href":"https:\/\/api.w.org\/{rel}","templated":true}]}}