{"id":5512,"date":"2018-08-15T11:08:49","date_gmt":"2018-08-15T09:08:49","guid":{"rendered":"https:\/\/www.topohvar.at\/?page_id=5512"},"modified":"2026-04-06T17:31:44","modified_gmt":"2026-04-06T15:31:44","slug":"ru-aa-02-1","status":"publish","type":"page","link":"https:\/\/www.topohvar.at\/topo\/orte\/ru\/ru-aa-02-1\/","title":{"rendered":"RUDINA &#8211; Ruralna cjelina \/ l\u00e4ndliche Einheit \u00bbMala (Molo) Rudina\u00ab"},"content":{"rendered":"<p><a name=\"seite_oben\"><\/a><br \/>\n<strong><img loading=\"lazy\" decoding=\"async\" class=\"alignnone wp-image-5445 size-large\" src=\"https:\/\/www.topohvar.at\/wp-content\/uploads\/2018\/08\/ru-aa-02-0-1024x503.jpg\" alt=\"\" width=\"640\" height=\"314\" srcset=\"https:\/\/www.topohvar.at\/wp-content\/uploads\/2018\/08\/ru-aa-02-0-1024x503.jpg 1024w, https:\/\/www.topohvar.at\/wp-content\/uploads\/2018\/08\/ru-aa-02-0-300x147.jpg 300w, https:\/\/www.topohvar.at\/wp-content\/uploads\/2018\/08\/ru-aa-02-0-768x377.jpg 768w, https:\/\/www.topohvar.at\/wp-content\/uploads\/2018\/08\/ru-aa-02-0.jpg 1080w\" sizes=\"auto, (max-width: 640px) 100vw, 640px\" \/><\/strong><\/p>\n<p><strong>Ime \/ Name<br \/>\n<\/strong>Ruralna cjelina \/ l\u00e4ndliche Einheit \u00bbMala (Molo) Rudina\u00ab<\/p>\n<p><strong>Code: <\/strong>RU-AA-02\u00a0 \u00a0 \u00a0 \u00a0 \u00a0 \u00a0 \u00a0 \u00a0 \u00a0 \u00a0 \u00a0 \u00a0 \u00a0<strong>\u00a0 \u00a0 \u00a0 \u00a0 \u00a0<a href=\"https:\/\/www.topohvar.at\/orte\/ru\/ru-aa-01-1\/\"><img loading=\"lazy\" decoding=\"async\" class=\"alignnone wp-image-533 size-full\" src=\"https:\/\/www.topohvar.at\/wp-content\/uploads\/2018\/07\/push-l-30.jpg\" alt=\"\" width=\"61\" height=\"30\" \/><\/a>\u00a0<a href=\"https:\/\/www.topohvar.at\/orte\/ru\/\"><img loading=\"lazy\" decoding=\"async\" class=\"alignnone wp-image-535 size-full\" src=\"https:\/\/www.topohvar.at\/wp-content\/uploads\/2018\/07\/push-o-30.jpg\" alt=\"\" width=\"61\" height=\"30\" \/><\/a>\u00a0<a href=\"https:\/\/www.topohvar.at\/orte\/ru\/ru-aa-03-1\/\"><img loading=\"lazy\" decoding=\"async\" class=\"alignnone wp-image-536 size-full\" src=\"https:\/\/www.topohvar.at\/wp-content\/uploads\/2018\/07\/push-r-30.jpg\" alt=\"\" width=\"61\" height=\"30\" \/><\/a> <a href=\"https:\/\/www.topohvar.at\/orte\/ru\/ru-au-09-1\/\"><img loading=\"lazy\" decoding=\"async\" class=\"alignnone wp-image-12299 size-full\" src=\"https:\/\/www.topohvar.at\/wp-content\/uploads\/2018\/09\/push-next-30.jpg\" alt=\"\" width=\"61\" height=\"30\" \/><\/a><\/strong><\/p>\n<hr \/>\n<p><strong>Adresa \/ Adresse<br \/>\n<\/strong>Mala Rudina<\/p>\n<p><strong>Lokacija \/ Position<a href=\"https:\/\/goo.gl\/maps\/tRNHcmnJKqj2b7Zg8\"><img loading=\"lazy\" decoding=\"async\" class=\"alignright wp-image-465\" src=\"https:\/\/www.topohvar.at\/wp-content\/uploads\/2018\/07\/0009.jpg\" alt=\"\" width=\"134\" height=\"100\" \/><\/a><br \/>\n<\/strong><span style=\"color: #3366ff;\"><a style=\"color: #3366ff;\" href=\"https:\/\/goo.gl\/maps\/tRNHcmnJKqj2b7Zg8\">Latitude: N 43,20760\u00b0\u00a0 \u00a0 Longitude: E 16,59450\u00b0\u00a0<\/a><\/span><strong><br \/>\n<\/strong>Visina \/ H\u00f6he: 19 m<\/p>\n<p><strong>Katastarska \u010destica <\/strong>(ruralna kulturno-povijesna cjelina Mala Rudina)<strong> \/ Grundst\u00fccke <\/strong>(l\u00e4ndliche kulturhistorische Einheit Mala Rudina)<strong><br \/>\n<\/strong><\/p>\n<p>KO\/KG Stari Grad<\/p>\n<p><strong>Zona &#8222;A&#8220; <\/strong>(potpuna za\u0161tita povijesnih struktura \/ vollst\u00e4ndiger Schutz historischer Strukturen):<br \/>\n*1010, *1011, *1015, *1017, 1016, *1028, *1034\/2, *1033, 1035\/3, *1031, *9207, *1041, 1040\/1, 1040\/2,1039\/1<\/p>\n<p><strong>Zona &#8222;B&#8220;<\/strong> (djelomi\u010dna za\u0161tita povijesnih struktura \/ teilweiser Schutz historischer Strukturen):<br \/>\n9267, 9268\/1, *1235, 9270\/2, 9269, 9270\/1, *1005, *1006, 10786, 9274\/1, 9274\/2, 9273, 9272, *1012, *1020\/1, *1018, *1013, *1020\/2, 9275, 9277, *1021, *1009, *1014, *1027, 9276, *1023, *1022, *1024, *1025\/1, *1025\/2, *1025\/3, *1025\/4, *1025\/5, 9278\/3, 9278\/1, 9278\/4, 9278\/2, dio puta 10787 koji prolazi kroz naselje, 9289, 9290, 9293, *1030\/1, *1030\/3, *1030\/2, 9208, 9210, *1035\/1, *1035\/2, *1034\/1, *1037, *1038, *1031, *1029, 9206, 9205\/1, 9205\/2, 9204, 9203, 9202, 9200, 9201, *1042, *1045, *1046, 9198, 9197\/2, 9197\/1, *1257, 9196, 9194, 9195, 9039\/1, 9039\/2, 9504, 9503, dio 10849\/1<\/p>\n<div class='content-column one_half'><div style=\"padding-right:6px;\"><p><strong>Datum snimanja \/ Erfassungsdatum<br \/>\n<\/strong>27.05.2018 10:52:00<\/p>\n<hr \/>\n<p><strong>Informacije<\/strong><\/p>\n<p>Mala Rudina je naselje od dvadeset ku\u0107a kojeg je po\u010deo izgra\u0111ivati 1663. godine Petra \u0160oljan s obitelji, doseljenik iz Gdinja, sela na isto\u010dnoj strani Hvara. Svi stanovnici ovog sela prezivaju se \u0160oljan i bili su te\u017eaci i ribari. Ime Rudina potje\u010de od staroslavenske rije\u010di rudina koja zna\u010di zaravan, travnata visoravan.<\/p><\/div><\/div><div class='content-column one_half last_column'><div style=\"padding-right:0px;padding-left:6px;\"><p><strong>Stupanj za\u0161tite \/ Schutzstellung<br \/>\n<\/strong>RST 1454, P-5161 (do 11.9.2018), Z-7369<\/p>\n<hr \/>\n<p><strong>Info<\/strong><\/p>\n<p>Mala Rudina (Klein-Rudina) ist ein Dorf mit zwanzig H\u00e4usern, das ab 1663 von Peter \u0160oljan und Familie, Einwanderer aus Gdinj, aufgebaut wurde. Das Dorf befindet sich auf der Ostseite der Insel Hvar. Alle Bewohner dieses Dorfes hatten den Nachnamen \u0160oljan und waren Bauern und Fischer. Der Name Rudina wird abgeleitet vom altslawischen Wort \u201erudina\u201c, das \u201ePlateau\u201c, \u201eWiese\u201c, \u201egrasbewachsene Hochebene\u201c bedeutet.<\/p><\/div><\/div><div class='clear_column'><\/div><div class='content-column one_half'><div style=\"padding-right:6px;\"><p>U sredi\u0161tu Male Rudine, na poljani koja je rudimentarni trg, centar sela, jo\u0161 stoje mlin za masline, turan (turanj, tijesak) za gro\u017e\u0111e i jedan feral na kamenom stupu, kao svjedoci pro\u0161log vremena. Ruralna cjelina Mala Rudina je kuturno dobro Republike Hrvatske.<\/p><\/div><\/div><div class='content-column one_half last_column'><div style=\"padding-right:0px;padding-left:6px;\"><p>In der Mitte von Mala Rudina, im Bereich eines rudiment\u00e4ren Platzes &#8211; dem Zentrum des Dorfes &#8211; gibt es als Zeugen der Vergangenheit eine \u00d6l- und Weinpresse sowie eine Leuchte auf einer Steins\u00e4ule. Die d\u00f6rflich-l\u00e4ndliche Einheit von Mala Rudina ist kulturelles Gut der Republik Kroatien<\/p><\/div><\/div><div class='clear_column'><\/div><\/p>\n<p><img loading=\"lazy\" decoding=\"async\" class=\"aligncenter size-full wp-image-37907\" style=\"font-size: 16px;\" src=\"https:\/\/www.topohvar.at\/wp-content\/uploads\/2020\/05\/ru-aa-02-5.jpg\" alt=\"\" width=\"378\" height=\"300\" srcset=\"https:\/\/www.topohvar.at\/wp-content\/uploads\/2020\/05\/ru-aa-02-5.jpg 378w, https:\/\/www.topohvar.at\/wp-content\/uploads\/2020\/05\/ru-aa-02-5-300x238.jpg 300w\" sizes=\"auto, (max-width: 378px) 100vw, 378px\" \/><\/p>\n<div class='content-column one_half'><div style=\"padding-right:6px;\"><p>Registar kulturnih dobara Republike Hrvatske. Lista za\u0161ti\u0107enih kulturnih dobara pod brojem Z-7369. Datum tiskanog izdanja: 30.10.2019.<\/p><\/div><\/div><div class='content-column one_half last_column'><div style=\"padding-right:0px;padding-left:6px;\"><p>Register des Kulturerbes der Republik Kroatien. Liste der gesch\u00fctzten Kulturg\u00fcter unter der Nummer Z-7369. Datum der Druckausgabe: 30.10.2019<\/p><\/div><\/div><div class='clear_column'><\/div><\/p>\n<div id=\"attachment_74089\" style=\"width: 970px\" class=\"wp-caption aligncenter\"><img loading=\"lazy\" decoding=\"async\" aria-describedby=\"caption-attachment-74089\" class=\"wp-image-74089 size-full\" src=\"https:\/\/www.topohvar.at\/wp-content\/uploads\/2026\/04\/ru-aa-02-20.jpg\" alt=\"\" width=\"960\" height=\"753\" srcset=\"https:\/\/www.topohvar.at\/wp-content\/uploads\/2026\/04\/ru-aa-02-20.jpg 960w, https:\/\/www.topohvar.at\/wp-content\/uploads\/2026\/04\/ru-aa-02-20-300x235.jpg 300w, https:\/\/www.topohvar.at\/wp-content\/uploads\/2026\/04\/ru-aa-02-20-768x602.jpg 768w\" sizes=\"auto, (max-width: 960px) 100vw, 960px\" \/><p id=\"caption-attachment-74089\" class=\"wp-caption-text\"><em>(Foto: Lenko Barbi\u0107, Facebook 2021.)<\/em><\/p><\/div>\n<p style=\"text-align: right;\"><span style=\"color: #3366ff;\"><a style=\"color: #3366ff;\" href=\"#seite_oben\">Natrag na vrh \/ Seitenanfang<\/a><\/span><\/p>\n<hr \/>\n<p><strong>Linkovi \/ Links<\/strong><\/p>\n<p>&#8211;<\/p>\n","protected":false},"excerpt":{"rendered":"<p>Ime \/ Name Ruralna cjelina \/ l\u00e4ndliche Einheit \u00bbMala (Molo) Rudina\u00ab Code: RU-AA-02\u00a0 \u00a0 \u00a0 \u00a0 \u00a0 \u00a0 \u00a0 \u00a0 \u00a0 \u00a0 \u00a0 \u00a0 \u00a0\u00a0 \u00a0 \u00a0 \u00a0 \u00a0\u00a0\u00a0 Adresa \/ Adresse Mala Rudina Lokacija \/ Position Latitude: N 43,20760\u00b0\u00a0 &hellip; <a href=\"https:\/\/www.topohvar.at\/topo\/orte\/ru\/ru-aa-02-1\/\">Weiterlesen <span class=\"meta-nav\">&rarr;<\/span><\/a><\/p>\n","protected":false},"author":1,"featured_media":0,"parent":93,"menu_order":0,"comment_status":"closed","ping_status":"closed","template":"","meta":{"footnotes":""},"class_list":["post-5512","page","type-page","status-publish","hentry"],"_links":{"self":[{"href":"https:\/\/www.topohvar.at\/topo\/wp-json\/wp\/v2\/pages\/5512","targetHints":{"allow":["GET"]}}],"collection":[{"href":"https:\/\/www.topohvar.at\/topo\/wp-json\/wp\/v2\/pages"}],"about":[{"href":"https:\/\/www.topohvar.at\/topo\/wp-json\/wp\/v2\/types\/page"}],"author":[{"embeddable":true,"href":"https:\/\/www.topohvar.at\/topo\/wp-json\/wp\/v2\/users\/1"}],"replies":[{"embeddable":true,"href":"https:\/\/www.topohvar.at\/topo\/wp-json\/wp\/v2\/comments?post=5512"}],"version-history":[{"count":27,"href":"https:\/\/www.topohvar.at\/topo\/wp-json\/wp\/v2\/pages\/5512\/revisions"}],"predecessor-version":[{"id":74090,"href":"https:\/\/www.topohvar.at\/topo\/wp-json\/wp\/v2\/pages\/5512\/revisions\/74090"}],"up":[{"embeddable":true,"href":"https:\/\/www.topohvar.at\/topo\/wp-json\/wp\/v2\/pages\/93"}],"wp:attachment":[{"href":"https:\/\/www.topohvar.at\/topo\/wp-json\/wp\/v2\/media?parent=5512"}],"curies":[{"name":"wp","href":"https:\/\/api.w.org\/{rel}","templated":true}]}}