{"id":5514,"date":"2018-08-15T11:10:13","date_gmt":"2018-08-15T09:10:13","guid":{"rendered":"https:\/\/www.topohvar.at\/?page_id=5514"},"modified":"2026-04-06T17:11:54","modified_gmt":"2026-04-06T15:11:54","slug":"ru-ck-01-1","status":"publish","type":"page","link":"https:\/\/www.topohvar.at\/topo\/orte\/ru\/ru-ck-01-1\/","title":{"rendered":"RUDINA &#8211; Crkvica \u00bbSv. Marije (Gospa od Kormena)\u00ab"},"content":{"rendered":"<p><a name=\"seite_oben\"><\/a><br \/>\n<strong><img loading=\"lazy\" decoding=\"async\" class=\"alignnone wp-image-5446 size-large\" src=\"https:\/\/www.topohvar.at\/wp-content\/uploads\/2018\/08\/RU-CK-01-0-1024x503.jpg\" alt=\"\" width=\"640\" height=\"314\" srcset=\"https:\/\/www.topohvar.at\/wp-content\/uploads\/2018\/08\/RU-CK-01-0-1024x503.jpg 1024w, https:\/\/www.topohvar.at\/wp-content\/uploads\/2018\/08\/RU-CK-01-0-300x147.jpg 300w, https:\/\/www.topohvar.at\/wp-content\/uploads\/2018\/08\/RU-CK-01-0-768x377.jpg 768w, https:\/\/www.topohvar.at\/wp-content\/uploads\/2018\/08\/RU-CK-01-0.jpg 1080w\" sizes=\"auto, (max-width: 640px) 100vw, 640px\" \/><\/strong><\/p>\n<p><strong>Ime \/ Name<br \/>\n<\/strong>Crkvica \u00bbSv. Marije (Gospa od Kormena\/Karmela)\u00ab \/ Kirche zur hl. Maria (Unsere liebe Frau vom Berg Karmel)<\/p>\n<p><strong>Code: <\/strong>RU-CK-01\u00a0 \u00a0 \u00a0 \u00a0 \u00a0 \u00a0 \u00a0 \u00a0<strong>\u00a0 \u00a0 \u00a0 \u00a0 \u00a0 \u00a0 \u00a0 \u00a0 \u00a0 \u00a0\u00a0 \u00a0 \u00a0 \u00a0<a href=\"https:\/\/www.topohvar.at\/orte\/ru\/\"><img loading=\"lazy\" decoding=\"async\" class=\"alignnone wp-image-535 size-full\" src=\"https:\/\/www.topohvar.at\/wp-content\/uploads\/2018\/07\/push-o-30.jpg\" alt=\"\" width=\"61\" height=\"30\" \/><\/a>\u00a0 \u00a0 \u00a0\u00a0<\/strong><\/p>\n<hr \/>\n<p><strong>Adresa \/ Adresse<br \/>\n<\/strong>Vela Rudina<\/p>\n<p><strong>Lokacija \/ Position<a href=\"https:\/\/goo.gl\/maps\/y8MfJfd1xi8L8jFc8\"><img loading=\"lazy\" decoding=\"async\" class=\"alignright wp-image-5610\" src=\"https:\/\/www.topohvar.at\/wp-content\/uploads\/2018\/08\/0488.jpg\" alt=\"\" width=\"134\" height=\"100\" \/><\/a><br \/>\n<\/strong><span style=\"color: #3366ff;\"><a style=\"color: #3366ff;\" href=\"https:\/\/goo.gl\/maps\/y8MfJfd1xi8L8jFc8\">Latitude: N 43,20192\u00b0\u00a0 \u00a0 Longitude: E 16,59005\u00b0\u00a0<\/a><\/span><strong><br \/>\n<\/strong>Visina \/ H\u00f6he: 84 m<\/p>\n<p><strong>Katastarska \u010destica \/ Grundst\u00fccke<br \/>\n<\/strong>*1072\/2 (Stari Grad, Rudine)<div class='content-column one_half'><div style=\"padding-right:6px;\"><p><strong>Datum snimanja \/ Erfassungsdatum<br \/>\n<\/strong>23.05.2013 09:26:16<\/p>\n<hr \/>\n<p><strong>Informacije<\/strong><\/p>\n<p>16. srpnja u Rudini obilje\u017eava se blagdan Bla\u017eene Djevice Marije od brda Karmela &#8211; Gospa od Karmena.<\/p><\/div><\/div><div class='content-column one_half last_column'><div style=\"padding-right:0px;padding-left:6px;\"><p><strong>Stupanj za\u0161tite \/ Schutzstellung<br \/>\n<\/strong>&#8211;<\/p>\n<hr \/>\n<p><strong>Info<\/strong><\/p>\n<p>Am 16. Juli wird in Rudina das Fest der Heiligen Jungfrau Maria vom Berge Carmel gefeiert.<\/p><\/div><\/div><div class='clear_column'><\/div><\/p>\n<hr \/>\n<div class='content-column one_half'><div style=\"padding-right:6px;\"><p>Gospa Karmelska ili Gospa od (brda) Karmela, katoli\u010dki je blagdan koji se slavi 16. srpnja u uspomenu na za\u0161titu Majke Bo\u017eje, koju je pru\u017eila nositeljima karmelskog \u0161kapulara.<\/p><\/div><\/div><div class='content-column one_half last_column'><div style=\"padding-right:0px;padding-left:6px;\"><p>Unsere Liebe Frau von Carmel oder Unsere Liebe Frau vom (Berg) Carmel, ist ein katholisches Fest, das am 16. Juli in Erinnerung an den Schutz der Mutter Gottes von den tr\u00e4gern des karmelitischen \u0160kapular (\u0160capular &#8211; zwei Streifen, die \u00fcber der Kleidung \u00fcber der Schulter an Brust und R\u00fccken von verschiedenen religi\u00f6sen Gemeinschaften getragen werden) gefeiert wird.<\/p><\/div><\/div><div class='clear_column'><\/div><div class='content-column one_half'><div style=\"padding-right:6px;\"><p>Brdo Karmel u Palestini uz obalu Sredozemnoga mora mjesto je odakle je Ilija prorok branio vjeru u Izraelu. U Starom Zavjetu spominje se kao mjesto gdje je prorok Ilija izazvao 450 Baalovih proroka da vide koji \u0107e Bog uspjeti zapaliti \u017ertvenu vatru, \u0161to je zavr\u0161ilo Ilijinom i Jahveovom pobjedom.<\/p><\/div><\/div><div class='content-column one_half last_column'><div style=\"padding-right:0px;padding-left:6px;\"><p>Der Berg Carmel in Pal\u00e4stina an der K\u00fcste des Mittelmeers ist der Ort, an dem der Prophet Elias den wahren Glauben der Israeli verteidigte. Im Alten Testament wird der Ort erw\u00e4hnt, wo der Prophet Elias 450 Baalpropheten herausforderte mittels Feueropfer den wahren Gott zu ermitteln und wo dies mit Jahves Sieg endete.<\/p><\/div><\/div><div class='clear_column'><\/div><div class='content-column one_half'><div style=\"padding-right:6px;\"><p>Karmel je i mjesto na kojem i po kojem je 1155. g. za vrijeme kri\u017earskih ratova, Bertold iz Kalabrije osnovao rimokatoli\u010dki crkveni red &#8211; Karmeli\u0107ani.<\/p><\/div><\/div><div class='content-column one_half last_column'><div style=\"padding-right:0px;padding-left:6px;\"><p>Carmel ist auch der Ort, wo w\u00e4hrend der Kreuzz\u00fcge im Jahr 1155 der Kreuzfahrer Bertold aus Kalabrien einen r\u00f6misch-katholischen Orden gr\u00fcndete und ihn Karmeliter nannte.<\/p><\/div><\/div><div class='clear_column'><\/div><\/p>\n<div id=\"attachment_74082\" style=\"width: 730px\" class=\"wp-caption aligncenter\"><img loading=\"lazy\" decoding=\"async\" aria-describedby=\"caption-attachment-74082\" class=\"wp-image-74082 size-full\" src=\"https:\/\/www.topohvar.at\/wp-content\/uploads\/2026\/04\/ru-ck-01-20.jpg\" alt=\"\" width=\"720\" height=\"540\" srcset=\"https:\/\/www.topohvar.at\/wp-content\/uploads\/2026\/04\/ru-ck-01-20.jpg 720w, https:\/\/www.topohvar.at\/wp-content\/uploads\/2026\/04\/ru-ck-01-20-300x225.jpg 300w\" sizes=\"auto, (max-width: 720px) 100vw, 720px\" \/><p id=\"caption-attachment-74082\" class=\"wp-caption-text\"><em>(Foto: Jasenka Bosni\u0107, Facebook)<\/em><\/p><\/div>\n<p style=\"text-align: right;\"><span style=\"color: #3366ff;\"><a style=\"color: #3366ff;\" href=\"#seite_oben\">natrag na vrh \/ Seitenanfang<\/a><\/span><\/p>\n<hr \/>\n<p><strong>Linkovi \/ Links<\/strong><\/p>\n<p>&#8211;<\/p>\n","protected":false},"excerpt":{"rendered":"<p>Ime \/ Name Crkvica \u00bbSv. Marije (Gospa od Kormena\/Karmela)\u00ab \/ Kirche zur hl. Maria (Unsere liebe Frau vom Berg Karmel) Code: RU-CK-01\u00a0 \u00a0 \u00a0 \u00a0 \u00a0 \u00a0 \u00a0 \u00a0\u00a0 \u00a0 \u00a0 \u00a0 \u00a0 \u00a0 \u00a0 \u00a0 \u00a0 \u00a0\u00a0 \u00a0 \u00a0 &hellip; <a href=\"https:\/\/www.topohvar.at\/topo\/orte\/ru\/ru-ck-01-1\/\">Weiterlesen <span class=\"meta-nav\">&rarr;<\/span><\/a><\/p>\n","protected":false},"author":1,"featured_media":0,"parent":93,"menu_order":0,"comment_status":"closed","ping_status":"closed","template":"","meta":{"footnotes":""},"class_list":["post-5514","page","type-page","status-publish","hentry"],"_links":{"self":[{"href":"https:\/\/www.topohvar.at\/topo\/wp-json\/wp\/v2\/pages\/5514","targetHints":{"allow":["GET"]}}],"collection":[{"href":"https:\/\/www.topohvar.at\/topo\/wp-json\/wp\/v2\/pages"}],"about":[{"href":"https:\/\/www.topohvar.at\/topo\/wp-json\/wp\/v2\/types\/page"}],"author":[{"embeddable":true,"href":"https:\/\/www.topohvar.at\/topo\/wp-json\/wp\/v2\/users\/1"}],"replies":[{"embeddable":true,"href":"https:\/\/www.topohvar.at\/topo\/wp-json\/wp\/v2\/comments?post=5514"}],"version-history":[{"count":17,"href":"https:\/\/www.topohvar.at\/topo\/wp-json\/wp\/v2\/pages\/5514\/revisions"}],"predecessor-version":[{"id":74084,"href":"https:\/\/www.topohvar.at\/topo\/wp-json\/wp\/v2\/pages\/5514\/revisions\/74084"}],"up":[{"embeddable":true,"href":"https:\/\/www.topohvar.at\/topo\/wp-json\/wp\/v2\/pages\/93"}],"wp:attachment":[{"href":"https:\/\/www.topohvar.at\/topo\/wp-json\/wp\/v2\/media?parent=5514"}],"curies":[{"name":"wp","href":"https:\/\/api.w.org\/{rel}","templated":true}]}}

<p><a name="seite_oben"></a><br />
<strong><img loading="lazy" decoding="async" class="alignnone wp-image-5446 size-large" src="https://www.topohvar.at/wp-content/uploads/2018/08/RU-CK-01-0-1024x503.jpg" alt="" width="640" height="314" srcset="https://www.topohvar.at/wp-content/uploads/2018/08/RU-CK-01-0-1024x503.jpg 1024w, https://www.topohvar.at/wp-content/uploads/2018/08/RU-CK-01-0-300x147.jpg 300w, https://www.topohvar.at/wp-content/uploads/2018/08/RU-CK-01-0-768x377.jpg 768w, https://www.topohvar.at/wp-content/uploads/2018/08/RU-CK-01-0.jpg 1080w" sizes="auto, (max-width: 640px) 100vw, 640px" /></strong></p>
<p><strong>Ime / Name<br />
</strong>Crkvica »Sv. Marije (Gospa od Kormena/Karmela)« / Kirche zur hl. Maria (Unsere liebe Frau vom Berg Karmel)</p>
<p><strong>Code: </strong>RU-CK-01               <strong>                          <a href="https://www.topohvar.at/orte/ru/"><img loading="lazy" decoding="async" class="alignnone wp-image-535 size-full" src="https://www.topohvar.at/wp-content/uploads/2018/07/push-o-30.jpg" alt="" width="61" height="30" /></a>      </strong></p>
<hr />
<p><strong>Adresa / Adresse<br />
</strong>Vela Rudina</p>
<p><strong>Lokacija / Position<a href="https://goo.gl/maps/y8MfJfd1xi8L8jFc8"><img loading="lazy" decoding="async" class="alignright wp-image-5610" src="https://www.topohvar.at/wp-content/uploads/2018/08/0488.jpg" alt="" width="134" height="100" /></a><br />
</strong><span style="color: #3366ff;"><a style="color: #3366ff;" href="https://goo.gl/maps/y8MfJfd1xi8L8jFc8">Latitude: N 43,20192°    Longitude: E 16,59005° </a></span><strong><br />
</strong>Visina / Höhe: 84 m</p>
<p><strong>Katastarska čestica / Grundstücke<br />
</strong>*1072/2 (Stari Grad, Rudine)<div class='content-column one_half'><div style="padding-right:6px;"><p><strong>Datum snimanja / Erfassungsdatum<br />
</strong>23.05.2013 09:26:16</p>
<hr />
<p><strong>Informacije</strong></p>
<p>16. srpnja u Rudini obilježava se blagdan Blažene Djevice Marije od brda Karmela &#8211; Gospa od Karmena.</p></div></div><div class='content-column one_half last_column'><div style="padding-right:0px;padding-left:6px;"><p><strong>Stupanj zaštite / Schutzstellung<br />
</strong>&#8211;</p>
<hr />
<p><strong>Info</strong></p>
<p>Am 16. Juli wird in Rudina das Fest der Heiligen Jungfrau Maria vom Berge Carmel gefeiert.</p></div></div><div class='clear_column'></div></p>
<hr />
<div class='content-column one_half'><div style="padding-right:6px;"><p>Gospa Karmelska ili Gospa od (brda) Karmela, katolički je blagdan koji se slavi 16. srpnja u uspomenu na zaštitu Majke Božje, koju je pružila nositeljima karmelskog škapulara.</p></div></div><div class='content-column one_half last_column'><div style="padding-right:0px;padding-left:6px;"><p>Unsere Liebe Frau von Carmel oder Unsere Liebe Frau vom (Berg) Carmel, ist ein katholisches Fest, das am 16. Juli in Erinnerung an den Schutz der Mutter Gottes von den trägern des karmelitischen Škapular (Šcapular &#8211; zwei Streifen, die über der Kleidung über der Schulter an Brust und Rücken von verschiedenen religiösen Gemeinschaften getragen werden) gefeiert wird.</p></div></div><div class='clear_column'></div><div class='content-column one_half'><div style="padding-right:6px;"><p>Brdo Karmel u Palestini uz obalu Sredozemnoga mora mjesto je odakle je Ilija prorok branio vjeru u Izraelu. U Starom Zavjetu spominje se kao mjesto gdje je prorok Ilija izazvao 450 Baalovih proroka da vide koji će Bog uspjeti zapaliti žrtvenu vatru, što je završilo Ilijinom i Jahveovom pobjedom.</p></div></div><div class='content-column one_half last_column'><div style="padding-right:0px;padding-left:6px;"><p>Der Berg Carmel in Palästina an der Küste des Mittelmeers ist der Ort, an dem der Prophet Elias den wahren Glauben der Israeli verteidigte. Im Alten Testament wird der Ort erwähnt, wo der Prophet Elias 450 Baalpropheten herausforderte mittels Feueropfer den wahren Gott zu ermitteln und wo dies mit Jahves Sieg endete.</p></div></div><div class='clear_column'></div><div class='content-column one_half'><div style="padding-right:6px;"><p>Karmel je i mjesto na kojem i po kojem je 1155. g. za vrijeme križarskih ratova, Bertold iz Kalabrije osnovao rimokatolički crkveni red &#8211; Karmelićani.</p></div></div><div class='content-column one_half last_column'><div style="padding-right:0px;padding-left:6px;"><p>Carmel ist auch der Ort, wo während der Kreuzzüge im Jahr 1155 der Kreuzfahrer Bertold aus Kalabrien einen römisch-katholischen Orden gründete und ihn Karmeliter nannte.</p></div></div><div class='clear_column'></div></p>
<div id="attachment_74082" style="width: 730px" class="wp-caption aligncenter"><img loading="lazy" decoding="async" aria-describedby="caption-attachment-74082" class="wp-image-74082 size-full" src="https://www.topohvar.at/wp-content/uploads/2026/04/ru-ck-01-20.jpg" alt="" width="720" height="540" srcset="https://www.topohvar.at/wp-content/uploads/2026/04/ru-ck-01-20.jpg 720w, https://www.topohvar.at/wp-content/uploads/2026/04/ru-ck-01-20-300x225.jpg 300w" sizes="auto, (max-width: 720px) 100vw, 720px" /><p id="caption-attachment-74082" class="wp-caption-text"><em>(Foto: Jasenka Bosnić, Facebook)</em></p></div>
<p style="text-align: right;"><span style="color: #3366ff;"><a style="color: #3366ff;" href="#seite_oben">natrag na vrh / Seitenanfang</a></span></p>
<hr />
<p><strong>Linkovi / Links</strong></p>
<p>&#8211;</p>
