{"id":55776,"date":"2022-01-02T18:28:10","date_gmt":"2022-01-02T17:28:10","guid":{"rendered":"https:\/\/www.topohvar.at\/topo\/?page_id=55776"},"modified":"2022-01-02T18:34:48","modified_gmt":"2022-01-02T17:34:48","slug":"gv-is-05-1","status":"publish","type":"page","link":"https:\/\/www.topohvar.at\/topo\/orte\/gv\/gv-is-05-1\/","title":{"rendered":"VELO GRABLJE &#8211; Spomen plo\u010da \u00bbKod grobljanskog kri\u017ea\u00ab"},"content":{"rendered":"<p><a name=\"seite_oben\"><\/a><br \/>\n<strong><img loading=\"lazy\" decoding=\"async\" class=\"aligncenter wp-image-55777 size-full\" src=\"https:\/\/www.topohvar.at\/wp-content\/uploads\/2022\/01\/gv-is-05-1.jpg\" alt=\"\" width=\"1080\" height=\"530\" srcset=\"https:\/\/www.topohvar.at\/wp-content\/uploads\/2022\/01\/gv-is-05-1.jpg 1080w, https:\/\/www.topohvar.at\/wp-content\/uploads\/2022\/01\/gv-is-05-1-300x147.jpg 300w, https:\/\/www.topohvar.at\/wp-content\/uploads\/2022\/01\/gv-is-05-1-1024x503.jpg 1024w, https:\/\/www.topohvar.at\/wp-content\/uploads\/2022\/01\/gv-is-05-1-768x377.jpg 768w\" sizes=\"auto, (max-width: 1080px) 100vw, 1080px\" \/><\/strong><\/p>\n<p><strong>Ime \/ Name<br \/>\n<\/strong>Spomen plo\u010da \u00bbKod grobljanskog kri\u017ea\u00ab \/ Gedenktafel beim Friedhofskreuz<\/p>\n<p><strong>Code: <\/strong>GV-IS-05\u00a0 \u00a0 \u00a0 \u00a0 \u00a0 \u00a0 \u00a0 \u00a0 \u00a0 \u00a0 \u00a0 \u00a0 \u00a0 \u00a0 \u00a0 \u00a0 \u00a0 \u00a0<a href=\"https:\/\/www.topohvar.at\/orte\/gv\/gv-ip-01-1\/\"><img loading=\"lazy\" decoding=\"async\" class=\"alignnone wp-image-12300 size-full\" src=\"https:\/\/www.topohvar.at\/wp-content\/uploads\/2018\/09\/push-vor-30.jpg\" alt=\"\" width=\"61\" height=\"30\" \/><\/a>\u00a0<strong><a href=\"https:\/\/www.topohvar.at\/orte\/gv\/gv-is-07-1\/\"><img loading=\"lazy\" decoding=\"async\" class=\"alignnone wp-image-533 size-full\" src=\"https:\/\/www.topohvar.at\/wp-content\/uploads\/2018\/07\/push-l-30.jpg\" alt=\"\" width=\"61\" height=\"30\" \/><\/a> <a href=\"https:\/\/www.topohvar.at\/orte\/gv\/\"><img loading=\"lazy\" decoding=\"async\" class=\"alignnone wp-image-535 size-full\" src=\"https:\/\/www.topohvar.at\/wp-content\/uploads\/2018\/07\/push-o-30.jpg\" alt=\"\" width=\"61\" height=\"30\" \/><\/a> <a href=\"https:\/\/www.topohvar.at\/orte\/gv\/gv-is-12-1\/\"><img loading=\"lazy\" decoding=\"async\" class=\"alignnone wp-image-536 size-full\" src=\"https:\/\/www.topohvar.at\/wp-content\/uploads\/2018\/07\/push-r-30.jpg\" alt=\"\" width=\"61\" height=\"30\" \/><\/a><\/strong><\/p>\n<hr \/>\n<p><strong>Adresa \/ Adresse<br \/>\n<\/strong>Velo Grablje, groblje<\/p>\n<p><strong>Lokalna polo\u017eaj \/ Position<a href=\"https:\/\/goo.gl\/maps\/Eiesc5EeQaArASYi6\"><img loading=\"lazy\" decoding=\"async\" class=\"alignright wp-image-9984\" src=\"https:\/\/www.topohvar.at\/wp-content\/uploads\/2018\/09\/1178.jpg\" alt=\"\" width=\"133\" height=\"100\" \/><\/a><br \/>\n<\/strong><a href=\"https:\/\/goo.gl\/maps\/Eiesc5EeQaArASYi6\"><span style=\"color: #3366ff;\">Latitude: N 43,16847\u00b0\u00a0 \u00a0Longitude: E 16,52039\u00b0 <\/span><\/a><strong><br \/>\n<\/strong>Visina \/ H\u00f6he: 288 m<\/p>\n<p><strong>Zemlji\u0161te \/ Grundst\u00fccke<br \/>\n<\/strong>4054 <div class='content-column one_half'><div style=\"padding-right:6px;\"><p><strong>Datum snimanja \/ Erfassungsdatum<br \/>\n<\/strong>26.09.2021 16:21:00<\/p>\n<hr \/>\n<p><strong>Informacije<\/strong><\/p>\n<p>U podno\u017eju grobljanskog kri\u017ea nalazi se spomen plo\u010da sa sljede\u0107im natpisom:<\/p><\/div><\/div><div class='content-column one_half last_column'><div style=\"padding-right:0px;padding-left:6px;\"><p><strong>Za\u0161titni polo\u017eaj \/ Schutzstellung<br \/>\n<\/strong>&#8211;<\/p>\n<hr \/>\n<p><strong>Info<\/strong><\/p>\n<p>Am Sockel des Friedhofkreuzes befindet sich eine Gedenktafel mit folgender Inschrift:<\/p><\/div><\/div><div class='clear_column'><\/div><div class='content-column one_half'><div style=\"padding-right:6px;\"><p style=\"text-align: center;\">NA SLAVU DOBROM<br \/>\nSVEVI\u0160NJEM BOGU<br \/>\nA NA HARNI SPOMEN<br \/>\nPOKOJNIMA<\/p><\/div><\/div><div class='content-column one_half last_column'><div style=\"padding-right:0px;padding-left:6px;\"><p style=\"text-align: center;\">zur Ehre des guten<br \/>\nh\u00f6chsten Gottes<br \/>\nund zum Andenken<br \/>\nan die Verstorbenen<\/p><\/div><\/div><div class='clear_column'><\/div><\/p>\n<p style=\"text-align: right;\"><span style=\"color: #3366ff;\"><a style=\"color: #3366ff;\" href=\"#seite_oben\">natrag na vrh \/ Seitenanfang<\/a><\/span><\/p>\n<hr \/>\n<p><strong>Linkovi \/ Links<\/strong><\/p>\n<p><span style=\"color: #3366ff;\"><a style=\"color: #3366ff;\" href=\"https:\/\/www.topohvar.at\/topo\/orte\/gv\/gv-cz-12-1\/\">Kri\u017e \u00bbGrobljanski kri\u017e\u00ab \/ Kreuz \u00bbFriedhofskreuz\u00ab<\/a><br \/>\n<a style=\"color: #3366ff;\" href=\"https:\/\/www.topohvar.at\/orte\/gv\/gv-og-01-1\/\">Groblje \/ Friedhof<\/a><\/span><\/p>\n","protected":false},"excerpt":{"rendered":"<p>Ime \/ Name Spomen plo\u010da \u00bbKod grobljanskog kri\u017ea\u00ab \/ Gedenktafel beim Friedhofskreuz Code: GV-IS-05\u00a0 \u00a0 \u00a0 \u00a0 \u00a0 \u00a0 \u00a0 \u00a0 \u00a0 \u00a0 \u00a0 \u00a0 \u00a0 \u00a0 \u00a0 \u00a0 \u00a0 \u00a0\u00a0 Adresa \/ Adresse Velo Grablje, groblje Lokalna polo\u017eaj \/ &hellip; <a href=\"https:\/\/www.topohvar.at\/topo\/orte\/gv\/gv-is-05-1\/\">Weiterlesen <span class=\"meta-nav\">&rarr;<\/span><\/a><\/p>\n","protected":false},"author":1,"featured_media":0,"parent":76,"menu_order":0,"comment_status":"closed","ping_status":"closed","template":"","meta":{"footnotes":""},"class_list":["post-55776","page","type-page","status-publish","hentry"],"_links":{"self":[{"href":"https:\/\/www.topohvar.at\/topo\/wp-json\/wp\/v2\/pages\/55776","targetHints":{"allow":["GET"]}}],"collection":[{"href":"https:\/\/www.topohvar.at\/topo\/wp-json\/wp\/v2\/pages"}],"about":[{"href":"https:\/\/www.topohvar.at\/topo\/wp-json\/wp\/v2\/types\/page"}],"author":[{"embeddable":true,"href":"https:\/\/www.topohvar.at\/topo\/wp-json\/wp\/v2\/users\/1"}],"replies":[{"embeddable":true,"href":"https:\/\/www.topohvar.at\/topo\/wp-json\/wp\/v2\/comments?post=55776"}],"version-history":[{"count":3,"href":"https:\/\/www.topohvar.at\/topo\/wp-json\/wp\/v2\/pages\/55776\/revisions"}],"predecessor-version":[{"id":55781,"href":"https:\/\/www.topohvar.at\/topo\/wp-json\/wp\/v2\/pages\/55776\/revisions\/55781"}],"up":[{"embeddable":true,"href":"https:\/\/www.topohvar.at\/topo\/wp-json\/wp\/v2\/pages\/76"}],"wp:attachment":[{"href":"https:\/\/www.topohvar.at\/topo\/wp-json\/wp\/v2\/media?parent=55776"}],"curies":[{"name":"wp","href":"https:\/\/api.w.org\/{rel}","templated":true}]}}

VELO GRABLJE &#8211; Spomen ploča »Kod grobljanskog križa«

<p><a name="seite_oben"></a><br />
<strong><img loading="lazy" decoding="async" class="aligncenter wp-image-55777 size-full" src="https://www.topohvar.at/wp-content/uploads/2022/01/gv-is-05-1.jpg" alt="" width="1080" height="530" srcset="https://www.topohvar.at/wp-content/uploads/2022/01/gv-is-05-1.jpg 1080w, https://www.topohvar.at/wp-content/uploads/2022/01/gv-is-05-1-300x147.jpg 300w, https://www.topohvar.at/wp-content/uploads/2022/01/gv-is-05-1-1024x503.jpg 1024w, https://www.topohvar.at/wp-content/uploads/2022/01/gv-is-05-1-768x377.jpg 768w" sizes="auto, (max-width: 1080px) 100vw, 1080px" /></strong></p>
<p><strong>Ime / Name<br />
</strong>Spomen ploča »Kod grobljanskog križa« / Gedenktafel beim Friedhofskreuz</p>
<p><strong>Code: </strong>GV-IS-05                                   <a href="https://www.topohvar.at/orte/gv/gv-ip-01-1/"><img loading="lazy" decoding="async" class="alignnone wp-image-12300 size-full" src="https://www.topohvar.at/wp-content/uploads/2018/09/push-vor-30.jpg" alt="" width="61" height="30" /></a> <strong><a href="https://www.topohvar.at/orte/gv/gv-is-07-1/"><img loading="lazy" decoding="async" class="alignnone wp-image-533 size-full" src="https://www.topohvar.at/wp-content/uploads/2018/07/push-l-30.jpg" alt="" width="61" height="30" /></a> <a href="https://www.topohvar.at/orte/gv/"><img loading="lazy" decoding="async" class="alignnone wp-image-535 size-full" src="https://www.topohvar.at/wp-content/uploads/2018/07/push-o-30.jpg" alt="" width="61" height="30" /></a> <a href="https://www.topohvar.at/orte/gv/gv-is-12-1/"><img loading="lazy" decoding="async" class="alignnone wp-image-536 size-full" src="https://www.topohvar.at/wp-content/uploads/2018/07/push-r-30.jpg" alt="" width="61" height="30" /></a></strong></p>
<hr />
<p><strong>Adresa / Adresse<br />
</strong>Velo Grablje, groblje</p>
<p><strong>Lokalna položaj / Position<a href="https://goo.gl/maps/Eiesc5EeQaArASYi6"><img loading="lazy" decoding="async" class="alignright wp-image-9984" src="https://www.topohvar.at/wp-content/uploads/2018/09/1178.jpg" alt="" width="133" height="100" /></a><br />
</strong><a href="https://goo.gl/maps/Eiesc5EeQaArASYi6"><span style="color: #3366ff;">Latitude: N 43,16847°   Longitude: E 16,52039° </span></a><strong><br />
</strong>Visina / Höhe: 288 m</p>
<p><strong>Zemljište / Grundstücke<br />
</strong>4054 <div class='content-column one_half'><div style="padding-right:6px;"><p><strong>Datum snimanja / Erfassungsdatum<br />
</strong>26.09.2021 16:21:00</p>
<hr />
<p><strong>Informacije</strong></p>
<p>U podnožju grobljanskog križa nalazi se spomen ploča sa sljedećim natpisom:</p></div></div><div class='content-column one_half last_column'><div style="padding-right:0px;padding-left:6px;"><p><strong>Zaštitni položaj / Schutzstellung<br />
</strong>&#8211;</p>
<hr />
<p><strong>Info</strong></p>
<p>Am Sockel des Friedhofkreuzes befindet sich eine Gedenktafel mit folgender Inschrift:</p></div></div><div class='clear_column'></div><div class='content-column one_half'><div style="padding-right:6px;"><p style="text-align: center;">NA SLAVU DOBROM<br />
SVEVIŠNJEM BOGU<br />
A NA HARNI SPOMEN<br />
POKOJNIMA</p></div></div><div class='content-column one_half last_column'><div style="padding-right:0px;padding-left:6px;"><p style="text-align: center;">zur Ehre des guten<br />
höchsten Gottes<br />
und zum Andenken<br />
an die Verstorbenen</p></div></div><div class='clear_column'></div></p>
<p style="text-align: right;"><span style="color: #3366ff;"><a style="color: #3366ff;" href="#seite_oben">natrag na vrh / Seitenanfang</a></span></p>
<hr />
<p><strong>Linkovi / Links</strong></p>
<p><span style="color: #3366ff;"><a style="color: #3366ff;" href="https://www.topohvar.at/topo/orte/gv/gv-cz-12-1/">Križ »Grobljanski križ« / Kreuz »Friedhofskreuz«</a><br />
<a style="color: #3366ff;" href="https://www.topohvar.at/orte/gv/gv-og-01-1/">Groblje / Friedhof</a></span></p>

<p>Ime / Name Spomen ploča »Kod grobljanskog križa« / Gedenktafel beim Friedhofskreuz Code: GV-IS-05                                     Adresa / Adresse Velo Grablje, groblje Lokalna položaj / &hellip; <a href="https://www.topohvar.at/topo/orte/gv/gv-is-05-1/">Weiterlesen <span class="meta-nav">&rarr;</span></a></p>
