{"id":55992,"date":"2022-01-16T17:18:37","date_gmt":"2022-01-16T16:18:37","guid":{"rendered":"https:\/\/www.topohvar.at\/topo\/?page_id=55992"},"modified":"2022-01-21T18:37:09","modified_gmt":"2022-01-21T17:37:09","slug":"hu-pu-02-1","status":"publish","type":"page","link":"https:\/\/www.topohvar.at\/topo\/orte\/hu\/hu-pu-02-1\/","title":{"rendered":"HUMAC &#8211; Objekt \u00bbBiciklisti\u010dka ruta [702] Humac\u00ab"},"content":{"rendered":"<p><a name=\"seite_oben\"><\/a><br \/>\n<strong><img loading=\"lazy\" decoding=\"async\" class=\"alignnone wp-image-56502 size-full\" src=\"https:\/\/www.topohvar.at\/wp-content\/uploads\/2022\/01\/biketrack-702.jpg\" alt=\"\" width=\"640\" height=\"314\" srcset=\"https:\/\/www.topohvar.at\/wp-content\/uploads\/2022\/01\/biketrack-702.jpg 640w, https:\/\/www.topohvar.at\/wp-content\/uploads\/2022\/01\/biketrack-702-300x147.jpg 300w\" sizes=\"auto, (max-width: 640px) 100vw, 640px\" \/><\/strong><\/p>\n<p><strong>Ime \/ Name<br \/>\n<\/strong>Objekt \u00bbBiciklisti\u010dka ruta [702] Humac\u00ab \/ Radroute [702] Humac<\/p>\n<p><strong>Code: <\/strong>HU-PU-02\u00a0 \u00a0 \u00a0 \u00a0 \u00a0 \u00a0 \u00a0 \u00a0 \u00a0 \u00a0 \u00a0 \u00a0 \u00a0 \u00a0 \u00a0 \u00a0 \u00a0 \u00a0 \u00a0 \u00a0 \u00a0<strong> <a href=\"https:\/\/www.topohvar.at\/topo\/orte\/hu\/hu-ob-05-1\/\"><img loading=\"lazy\" decoding=\"async\" class=\"alignnone wp-image-12300 size-full\" src=\"https:\/\/www.topohvar.at\/wp-content\/uploads\/2018\/09\/push-vor-30.jpg\" alt=\"\" width=\"61\" height=\"30\" \/><\/a> <a href=\"https:\/\/www.topohvar.at\/topo\/orte\/hu\/hu-pu-01-1\/\"><img loading=\"lazy\" decoding=\"async\" class=\"alignnone wp-image-533 size-full\" src=\"https:\/\/www.topohvar.at\/wp-content\/uploads\/2018\/07\/push-l-30.jpg\" alt=\"\" width=\"61\" height=\"30\" \/><\/a> <a href=\"https:\/\/www.topohvar.at\/orte\/hu\/\"><img loading=\"lazy\" decoding=\"async\" class=\"alignnone wp-image-535 size-full\" src=\"https:\/\/www.topohvar.at\/wp-content\/uploads\/2018\/07\/push-o-30.jpg\" alt=\"\" width=\"61\" height=\"30\" \/><\/a> <a href=\"https:\/\/www.topohvar.at\/topo\/orte\/hu\/hu-pu-01-1\/\"><img loading=\"lazy\" decoding=\"async\" class=\"alignnone wp-image-12299 size-full\" src=\"https:\/\/www.topohvar.at\/wp-content\/uploads\/2018\/09\/push-next-30.jpg\" alt=\"\" width=\"61\" height=\"30\" \/><\/a><\/strong><\/p>\n<hr \/>\n<p><strong>Adresa \/ Adresse<br \/>\n<\/strong>Humac, Zastra\u017ei\u0161\u0107e, Pokrivenik, Tetikovac, Poljica, Humac<\/p>\n<p><strong>Lokacija<\/strong><strong> \/ Position<br \/>\n<\/strong><span style=\"color: #3366ff;\">Latitude: N 43\u00b0\u00a0 \u00a0Longitude: E 16\u00b0 <\/span><strong><br \/>\n<\/strong>Visina \/ H\u00f6he: 41 m &#8211; 336 m<\/p>\n<p><strong>Katastarska \u010destica <\/strong><strong>\/ Grundst\u00fccke<br \/>\n<\/strong>&#8211;<div class='content-column one_half'><div style=\"padding-right:6px;\"><p><strong>Datum snimanja \/ Erfassungsdatum<br \/>\n<\/strong>01.01.2000 00:00:00<\/p>\n<hr \/>\n<p><strong>Informacije<\/strong><\/p>\n<p>Kru\u017ena staza, kombinacija asfaltirane ceste i makadamskih puteva, nalazi se na srednjem dijelu otoka i duga je 32 km. Ve\u0107im se dijelom prote\u017ee preko hrpta od istoka prema zapadu. Po\u010detak staze je u etno-eko selu Humac, a potom se nastavlja makadamskim putem dalje prema istoku do dr\u017eavne ceste D-116. Tu se staza vra\u0107a prema zapadu do naselja Zastra\u017ei\u0161\u0107e. U Zastra\u017ei\u0161\u0107u staza skre\u0107e prema sjeveru te makadamskim putem prolazi kroz maslinike i ostalu vegetaciju, a potom ide prema zapadu, do mjesta gdje se ponovno spaja na dr\u017eavnu cestu. Staza nastavlja sredi\u0161njim dijelom otoka prema zapadu do Humca, gdje i zavr\u0161ava.<\/p><\/div><\/div><div class='content-column one_half last_column'><div style=\"padding-right:0px;padding-left:6px;\"><p><strong>Stupanj za\u0161tite<\/strong><strong> \/ Schutzstellung<br \/>\n<\/strong>&#8211;<\/p>\n<hr \/>\n<p><strong>Info<\/strong><\/p>\n<p>Der Rundwanderweg, eine Kombination aus Asphalt- und Schotterstra\u00dfen, liegt in der Mitte der Insel und ist 32 km lang. Er erstreckt sich zum gr\u00f6\u00dften Teil \u00fcber den Kamm von Ost nach West. Der Weg beginnt im Ethno-\u00d6ko-Dorf Humac und f\u00fchrt dann auf einer Schotterstra\u00dfe weiter nach Osten bis zur Staatsstra\u00dfe D-116. Hier kehrt der Weg nach Westen zur Siedlung Zastra\u017ei\u0161\u0107e zur\u00fcck. In Zastra\u017ei\u0161\u0107e biegt der Weg nach Norden ab und f\u00fchrt auf einer Schotterstra\u00dfe durch Olivenhaine und andere Vegetation und dann nach Westen bis zu der Stelle, an der er wieder auf die Staatsstra\u00dfe trifft. Der Weg f\u00fchrt weiter durch den zentralen Teil der Insel nach Westen bis nach Humac, wo er endet.<\/p><\/div><\/div><div class='clear_column'><\/div><div class='content-column one_half'><div style=\"padding-right:6px;\"><p>Du\u017eina: 32,00 km<br \/>\nAsfalt: 13,90 km \/ 43.43 %<br \/>\nMakadam: 18,10 km \/ 56,57 %<br \/>\nNajni\u017ea to\u010dka: 42 m<br \/>\nNajvi\u0161a to\u010dka: 336 m<br \/>\nUkupno metara uspona: 651 m<\/p><\/div><\/div><div class='content-column one_half last_column'><div style=\"padding-right:0px;padding-left:6px;\"><p>L\u00e4nge: 32,00 km<br \/>\nAsphalt: 13,90 km \/ 43,43 %<br \/>\nMakadam: 18,10 km \/ 56,57 %<br \/>\nNiedrigster Punkt: 42 m<br \/>\nH\u00f6chster Punkt: 336 m<br \/>\nH\u00f6henmeter (Aufstieg) insgesamt: 651 m<\/p><\/div><\/div><div class='clear_column'><\/div><\/p>\n<p><img loading=\"lazy\" decoding=\"async\" class=\"alignnone size-full wp-image-56503\" src=\"https:\/\/www.topohvar.at\/wp-content\/uploads\/2022\/01\/bike-702.jpg\" alt=\"\" width=\"1080\" height=\"450\" srcset=\"https:\/\/www.topohvar.at\/wp-content\/uploads\/2022\/01\/bike-702.jpg 1080w, https:\/\/www.topohvar.at\/wp-content\/uploads\/2022\/01\/bike-702-300x125.jpg 300w, https:\/\/www.topohvar.at\/wp-content\/uploads\/2022\/01\/bike-702-1024x427.jpg 1024w, https:\/\/www.topohvar.at\/wp-content\/uploads\/2022\/01\/bike-702-768x320.jpg 768w\" sizes=\"auto, (max-width: 1080px) 100vw, 1080px\" \/><\/p>\n<p style=\"text-align: center;\"><em>(Izvor: \/ Quelle: <span style=\"color: #3366ff;\"><a style=\"color: #3366ff;\" href=\"https:\/\/tzjelsa.hr\/hr\/626\/biciklisticke-rute\/\">TZ Jelsa<\/a><\/span>)<\/em><\/p>\n<p style=\"text-align: right;\"><span style=\"color: #3366ff;\"><a style=\"color: #3366ff;\" href=\"#seite_oben\">natrag na vrh \/ Seitenanfang<\/a><\/span><\/p>\n<hr \/>\n<p><strong>Linkovi \/ Links<\/strong><\/p>\n<p><span style=\"color: #3366ff;\"><a style=\"color: #3366ff;\" href=\"https:\/\/www.topohvar.at\/orte\/hu\/hu-pu-01-1\/\">Objekt \u00bbBiciklisti\u010dka ruta Preko Vrha\u00ab \/ Radroute \u00fcber Vrh<\/a><br \/>\n<a class=\"ytp-title-link yt-uix-sessionlink\" style=\"color: #3366ff;\" tabindex=\"-1\" href=\"https:\/\/www.youtube.com\/watch?v=__eRtvDZJcQ\" target=\"_blank\" rel=\"noopener\" data-sessionlink=\"feature=player-title\">VIDEO &#8211; Cycling IslandofHvar Jelsa2019<\/a><\/span><\/p>\n","protected":false},"excerpt":{"rendered":"<p>Ime \/ Name Objekt \u00bbBiciklisti\u010dka ruta [702] Humac\u00ab \/ Radroute [702] Humac Code: HU-PU-02\u00a0 \u00a0 \u00a0 \u00a0 \u00a0 \u00a0 \u00a0 \u00a0 \u00a0 \u00a0 \u00a0 \u00a0 \u00a0 \u00a0 \u00a0 \u00a0 \u00a0 \u00a0 \u00a0 \u00a0 \u00a0 Adresa \/ Adresse Humac, Zastra\u017ei\u0161\u0107e, Pokrivenik, &hellip; <a href=\"https:\/\/www.topohvar.at\/topo\/orte\/hu\/hu-pu-02-1\/\">Weiterlesen <span class=\"meta-nav\">&rarr;<\/span><\/a><\/p>\n","protected":false},"author":1,"featured_media":0,"parent":78,"menu_order":0,"comment_status":"closed","ping_status":"closed","template":"","meta":{"footnotes":""},"class_list":["post-55992","page","type-page","status-publish","hentry"],"_links":{"self":[{"href":"https:\/\/www.topohvar.at\/topo\/wp-json\/wp\/v2\/pages\/55992","targetHints":{"allow":["GET"]}}],"collection":[{"href":"https:\/\/www.topohvar.at\/topo\/wp-json\/wp\/v2\/pages"}],"about":[{"href":"https:\/\/www.topohvar.at\/topo\/wp-json\/wp\/v2\/types\/page"}],"author":[{"embeddable":true,"href":"https:\/\/www.topohvar.at\/topo\/wp-json\/wp\/v2\/users\/1"}],"replies":[{"embeddable":true,"href":"https:\/\/www.topohvar.at\/topo\/wp-json\/wp\/v2\/comments?post=55992"}],"version-history":[{"count":5,"href":"https:\/\/www.topohvar.at\/topo\/wp-json\/wp\/v2\/pages\/55992\/revisions"}],"predecessor-version":[{"id":56504,"href":"https:\/\/www.topohvar.at\/topo\/wp-json\/wp\/v2\/pages\/55992\/revisions\/56504"}],"up":[{"embeddable":true,"href":"https:\/\/www.topohvar.at\/topo\/wp-json\/wp\/v2\/pages\/78"}],"wp:attachment":[{"href":"https:\/\/www.topohvar.at\/topo\/wp-json\/wp\/v2\/media?parent=55992"}],"curies":[{"name":"wp","href":"https:\/\/api.w.org\/{rel}","templated":true}]}}