{"id":56163,"date":"2022-01-17T09:55:46","date_gmt":"2022-01-17T08:55:46","guid":{"rendered":"https:\/\/www.topohvar.at\/topo\/?page_id=56163"},"modified":"2022-01-21T19:23:39","modified_gmt":"2022-01-21T18:23:39","slug":"sa-pu-03-1","status":"publish","type":"page","link":"https:\/\/www.topohvar.at\/topo\/orte\/sa\/sa-pu-03-1\/","title":{"rendered":"SELCA (kod Starog Grada) &#8211; Objekt \u00bbBiciklisti\u010dka ruta [709] Dubova\u00ab"},"content":{"rendered":"<p><a name=\"seite_oben\"><\/a><br \/>\n<img loading=\"lazy\" decoding=\"async\" class=\"alignnone wp-image-56510 size-full\" src=\"https:\/\/www.topohvar.at\/wp-content\/uploads\/2022\/01\/biketrack-709.jpg\" alt=\"\" width=\"640\" height=\"314\" srcset=\"https:\/\/www.topohvar.at\/wp-content\/uploads\/2022\/01\/biketrack-709.jpg 640w, https:\/\/www.topohvar.at\/wp-content\/uploads\/2022\/01\/biketrack-709-300x147.jpg 300w\" sizes=\"auto, (max-width: 640px) 100vw, 640px\" \/><\/p>\n<p><strong>Ime \/ Name<br \/>\n<\/strong>Objekt \u00bbBiciklisti\u010dka ruta [709] Dubova\u00ab \/ Radroute [709] &#8222;Dubova&#8220;<\/p>\n<p><strong>Code: <\/strong>SA-PU-03\u00a0 \u00a0 \u00a0 \u00a0 \u00a0 \u00a0 \u00a0 \u00a0 \u00a0 \u00a0 \u00a0 \u00a0 \u00a0 \u00a0 \u00a0 \u00a0 \u00a0 \u00a0 \u00a0 \u00a0\u00a0<strong> <a href=\" https:\/\/www.topohvar.at\/topo\/orte\/sa\/sa-pu-02-1\/\"><img loading=\"lazy\" decoding=\"async\" class=\"alignnone wp-image-533 size-full\" src=\"https:\/\/www.topohvar.at\/wp-content\/uploads\/2018\/07\/push-l-30.jpg\" alt=\"\" width=\"61\" height=\"30\" \/><\/a> <a href=\"https:\/\/www.topohvar.at\/orte\/sa\/\"><img loading=\"lazy\" decoding=\"async\" class=\"alignnone wp-image-535 size-full\" src=\"https:\/\/www.topohvar.at\/wp-content\/uploads\/2018\/07\/push-o-30.jpg\" alt=\"\" width=\"61\" height=\"30\" \/><\/a> <a href=\"https:\/\/www.topohvar.at\/orte\/sa\/sa-og-01-1\/\"><img loading=\"lazy\" decoding=\"async\" class=\"alignnone wp-image-536 size-full\" src=\"https:\/\/www.topohvar.at\/wp-content\/uploads\/2018\/07\/push-r-30.jpg\" alt=\"\" width=\"61\" height=\"30\" \/><\/a><\/strong><strong>\u00a0 \u00a0<\/strong><\/p>\n<hr \/>\n<p><strong>Adresa \/ Adresse<br \/>\n<\/strong>Mo\u010da (Selca), Malo Grablje, Milna, Zara\u0107e, Dubovica, Mo\u010da (Selca)<\/p>\n<p><strong>Lokalna polo\u017eaj \/ Position<br \/>\n<\/strong><span style=\"color: #3366ff;\">Latitude: N 43\u00b0\u00a0 \u00a0Longitude: E 16\u00b0 <\/span><strong><br \/>\n<\/strong>Visina \/ H\u00f6he: 37 m &#8211; 416 m<\/p>\n<p><strong>Zemlji\u0161te \/ Grundst\u00fccke<br \/>\n<\/strong>&#8211;<div class='content-column one_half'><div style=\"padding-right:6px;\"><p><strong>Datum snimanja \/ Erfassungsdatum<br \/>\n<\/strong>01.01.2000 00:00:00<\/p>\n<hr \/>\n<p><strong>Informacije<\/strong><\/p>\n<p>Staza je kru\u017ena i nalazi se na zapadnom dijelu otoka. Po\u010detak staze je kod naselja Milna te nastavlja dr\u017eavnom cestom prema istoku do tunela Selca. Dalje skre\u0107e na makadamski put do vrha (Mo\u010da), a potom ide prema zapadu do vidikovca iznad naselja Velo Grablje. Na tom se mjestu staza spaja na asfaltiranu cestu koja prolazi iznad naselja Velo Grablje i vodi sve do Brusja, gdje skre\u0107e na makadamski put koji prolazi preko napu\u0161tenog sela Malo Grablje pa sve do naselja Milna, gdje staza i zavr\u0161ava. Staza je kombinacija asfaltirane ceste i makadamskih puteva, a duga je 20,5 km.<\/p><\/div><\/div><div class='content-column one_half last_column'><div style=\"padding-right:0px;padding-left:6px;\"><p><strong>Za\u0161titni polo\u017eaj \/ Schutzstellung<br \/>\n<\/strong>&#8211;<\/p>\n<hr \/>\n<p><strong>Info<\/strong><\/p>\n<p>Die Radrundroute befindet sich im westlichen Teil der Insel. Der Weg beginnt im Dorf Milna und f\u00fchrt entlang der Staatsstra\u00dfe nach Osten bis zum Selca-Tunnel. Dann biegt er auf eine Makadamstra\u00dfe zum Gipfel (Mo\u010da) ab und f\u00fchrt dann nach Westen zum Aussichtspunkt \u00fcber der Siedlung Velo Grablje. An diesem Punkt verbindet sich der Weg mit der Asphaltstra\u00dfe, die oberhalb der Siedlung Velo Grablje vorbeif\u00fchrt und bis nach Brusje f\u00fchrt, wo er auf eine Makadamstra\u00dfe abbiegt, die durch das verlassene Dorf Malo Grablje bis zur Siedlung f\u00fchrt Milna, wo der Weg endet. Der Weg ist eine Kombination aus Asphaltstra\u00dfe und Schotterstra\u00dfen und ist 20,5 km lang.<\/p><\/div><\/div><div class='clear_column'><\/div><div class='content-column one_half'><div style=\"padding-right:6px;\"><p>Du\u017eina: 20,50 km<br \/>\nAsfalt: 14,10 km \/ 68,78 %<br \/>\nMakadam: 6,40 km \/ 31,22 %<br \/>\nNajni\u017ea to\u010dka: 37 m<br \/>\nNajvi\u0161a to\u010dka: 416 m<br \/>\nUkupno metara uspona: 659 m<\/p><\/div><\/div><div class='content-column one_half last_column'><div style=\"padding-right:0px;padding-left:6px;\"><p>L\u00e4nge: 20,50 km<br \/>\nAsphalt: 14,10 km \/ 68,78 %<br \/>\nMakadam: 6,40 km \/ 31,22 %<br \/>\nNiedrigster Punkt: 37 m<br \/>\nH\u00f6chster Punkt: 416 m<br \/>\nH\u00f6henmeter (Aufstieg) insgesamt: 659 m<\/p><\/div><\/div><div class='clear_column'><\/div><\/p>\n<p><img loading=\"lazy\" decoding=\"async\" class=\"alignnone size-full wp-image-56511\" src=\"https:\/\/www.topohvar.at\/wp-content\/uploads\/2022\/01\/bike-709.jpg\" alt=\"\" width=\"1080\" height=\"450\" srcset=\"https:\/\/www.topohvar.at\/wp-content\/uploads\/2022\/01\/bike-709.jpg 1080w, https:\/\/www.topohvar.at\/wp-content\/uploads\/2022\/01\/bike-709-300x125.jpg 300w, https:\/\/www.topohvar.at\/wp-content\/uploads\/2022\/01\/bike-709-1024x427.jpg 1024w, https:\/\/www.topohvar.at\/wp-content\/uploads\/2022\/01\/bike-709-768x320.jpg 768w\" sizes=\"auto, (max-width: 1080px) 100vw, 1080px\" \/><\/p>\n<p style=\"text-align: center;\"><em>(Izvor: \/ Quelle: <span style=\"color: #3366ff;\"><a style=\"color: #3366ff;\" href=\"https:\/\/tzjelsa.hr\/hr\/626\/biciklisticke-rute\/\">TZ Jelsa<\/a><\/span>)<\/em><\/p>\n<p style=\"text-align: right;\"><span style=\"color: #3366ff;\"><a style=\"color: #3366ff;\" href=\"#seite_oben\">natrag na vrh \/ Seitenanfang<\/a><\/span><\/p>\n<hr \/>\n<p><strong>Linkovi \/ Links<\/strong><\/p>\n<p><span style=\"color: #3366ff;\"><a style=\"color: #3366ff;\" href=\"https:\/\/www.topohvar.at\/orte\/sa\/sa-pu-02-1\/\">Objekt \u00bbBiciklisti\u010dka ruta Purkin Kuk\u00ab \/ Radroute \u201ePurkin Kuk\u201c<\/a><br \/>\n<a class=\"ytp-title-link yt-uix-sessionlink\" style=\"color: #3366ff;\" tabindex=\"-1\" href=\"https:\/\/www.youtube.com\/watch?v=__eRtvDZJcQ\" target=\"_blank\" rel=\"noopener\" data-sessionlink=\"feature=player-title\">VIDEO &#8211; Cycling IslandofHvar Jelsa2019<\/a><\/span><\/p>\n","protected":false},"excerpt":{"rendered":"<p>Ime \/ Name Objekt \u00bbBiciklisti\u010dka ruta [709] Dubova\u00ab \/ Radroute [709] &#8222;Dubova&#8220; Code: SA-PU-03\u00a0 \u00a0 \u00a0 \u00a0 \u00a0 \u00a0 \u00a0 \u00a0 \u00a0 \u00a0 \u00a0 \u00a0 \u00a0 \u00a0 \u00a0 \u00a0 \u00a0 \u00a0 \u00a0 \u00a0\u00a0 \u00a0 \u00a0 Adresa \/ Adresse Mo\u010da (Selca), &hellip; <a href=\"https:\/\/www.topohvar.at\/topo\/orte\/sa\/sa-pu-03-1\/\">Weiterlesen <span class=\"meta-nav\">&rarr;<\/span><\/a><\/p>\n","protected":false},"author":1,"featured_media":0,"parent":95,"menu_order":0,"comment_status":"closed","ping_status":"closed","template":"","meta":{"footnotes":""},"class_list":["post-56163","page","type-page","status-publish","hentry"],"_links":{"self":[{"href":"https:\/\/www.topohvar.at\/topo\/wp-json\/wp\/v2\/pages\/56163","targetHints":{"allow":["GET"]}}],"collection":[{"href":"https:\/\/www.topohvar.at\/topo\/wp-json\/wp\/v2\/pages"}],"about":[{"href":"https:\/\/www.topohvar.at\/topo\/wp-json\/wp\/v2\/types\/page"}],"author":[{"embeddable":true,"href":"https:\/\/www.topohvar.at\/topo\/wp-json\/wp\/v2\/users\/1"}],"replies":[{"embeddable":true,"href":"https:\/\/www.topohvar.at\/topo\/wp-json\/wp\/v2\/comments?post=56163"}],"version-history":[{"count":6,"href":"https:\/\/www.topohvar.at\/topo\/wp-json\/wp\/v2\/pages\/56163\/revisions"}],"predecessor-version":[{"id":56532,"href":"https:\/\/www.topohvar.at\/topo\/wp-json\/wp\/v2\/pages\/56163\/revisions\/56532"}],"up":[{"embeddable":true,"href":"https:\/\/www.topohvar.at\/topo\/wp-json\/wp\/v2\/pages\/95"}],"wp:attachment":[{"href":"https:\/\/www.topohvar.at\/topo\/wp-json\/wp\/v2\/media?parent=56163"}],"curies":[{"name":"wp","href":"https:\/\/api.w.org\/{rel}","templated":true}]}}

SELCA (kod Starog Grada) &#8211; Objekt »Biciklistička ruta [709] Dubova«

<p><a name="seite_oben"></a><br />
<img loading="lazy" decoding="async" class="alignnone wp-image-56510 size-full" src="https://www.topohvar.at/wp-content/uploads/2022/01/biketrack-709.jpg" alt="" width="640" height="314" srcset="https://www.topohvar.at/wp-content/uploads/2022/01/biketrack-709.jpg 640w, https://www.topohvar.at/wp-content/uploads/2022/01/biketrack-709-300x147.jpg 300w" sizes="auto, (max-width: 640px) 100vw, 640px" /></p>
<p><strong>Ime / Name<br />
</strong>Objekt »Biciklistička ruta [709] Dubova« / Radroute [709] &#8222;Dubova&#8220;</p>
<p><strong>Code: </strong>SA-PU-03                                        <strong> <a href=" https://www.topohvar.at/topo/orte/sa/sa-pu-02-1/"><img loading="lazy" decoding="async" class="alignnone wp-image-533 size-full" src="https://www.topohvar.at/wp-content/uploads/2018/07/push-l-30.jpg" alt="" width="61" height="30" /></a> <a href="https://www.topohvar.at/orte/sa/"><img loading="lazy" decoding="async" class="alignnone wp-image-535 size-full" src="https://www.topohvar.at/wp-content/uploads/2018/07/push-o-30.jpg" alt="" width="61" height="30" /></a> <a href="https://www.topohvar.at/orte/sa/sa-og-01-1/"><img loading="lazy" decoding="async" class="alignnone wp-image-536 size-full" src="https://www.topohvar.at/wp-content/uploads/2018/07/push-r-30.jpg" alt="" width="61" height="30" /></a></strong><strong>   </strong></p>
<hr />
<p><strong>Adresa / Adresse<br />
</strong>Moča (Selca), Malo Grablje, Milna, Zaraće, Dubovica, Moča (Selca)</p>
<p><strong>Lokalna položaj / Position<br />
</strong><span style="color: #3366ff;">Latitude: N 43°   Longitude: E 16° </span><strong><br />
</strong>Visina / Höhe: 37 m &#8211; 416 m</p>
<p><strong>Zemljište / Grundstücke<br />
</strong>&#8211;<div class='content-column one_half'><div style="padding-right:6px;"><p><strong>Datum snimanja / Erfassungsdatum<br />
</strong>01.01.2000 00:00:00</p>
<hr />
<p><strong>Informacije</strong></p>
<p>Staza je kružna i nalazi se na zapadnom dijelu otoka. Početak staze je kod naselja Milna te nastavlja državnom cestom prema istoku do tunela Selca. Dalje skreće na makadamski put do vrha (Moča), a potom ide prema zapadu do vidikovca iznad naselja Velo Grablje. Na tom se mjestu staza spaja na asfaltiranu cestu koja prolazi iznad naselja Velo Grablje i vodi sve do Brusja, gdje skreće na makadamski put koji prolazi preko napuštenog sela Malo Grablje pa sve do naselja Milna, gdje staza i završava. Staza je kombinacija asfaltirane ceste i makadamskih puteva, a duga je 20,5 km.</p></div></div><div class='content-column one_half last_column'><div style="padding-right:0px;padding-left:6px;"><p><strong>Zaštitni položaj / Schutzstellung<br />
</strong>&#8211;</p>
<hr />
<p><strong>Info</strong></p>
<p>Die Radrundroute befindet sich im westlichen Teil der Insel. Der Weg beginnt im Dorf Milna und führt entlang der Staatsstraße nach Osten bis zum Selca-Tunnel. Dann biegt er auf eine Makadamstraße zum Gipfel (Moča) ab und führt dann nach Westen zum Aussichtspunkt über der Siedlung Velo Grablje. An diesem Punkt verbindet sich der Weg mit der Asphaltstraße, die oberhalb der Siedlung Velo Grablje vorbeiführt und bis nach Brusje führt, wo er auf eine Makadamstraße abbiegt, die durch das verlassene Dorf Malo Grablje bis zur Siedlung führt Milna, wo der Weg endet. Der Weg ist eine Kombination aus Asphaltstraße und Schotterstraßen und ist 20,5 km lang.</p></div></div><div class='clear_column'></div><div class='content-column one_half'><div style="padding-right:6px;"><p>Dužina: 20,50 km<br />
Asfalt: 14,10 km / 68,78 %<br />
Makadam: 6,40 km / 31,22 %<br />
Najniža točka: 37 m<br />
Najviša točka: 416 m<br />
Ukupno metara uspona: 659 m</p></div></div><div class='content-column one_half last_column'><div style="padding-right:0px;padding-left:6px;"><p>Länge: 20,50 km<br />
Asphalt: 14,10 km / 68,78 %<br />
Makadam: 6,40 km / 31,22 %<br />
Niedrigster Punkt: 37 m<br />
Höchster Punkt: 416 m<br />
Höhenmeter (Aufstieg) insgesamt: 659 m</p></div></div><div class='clear_column'></div></p>
<p><img loading="lazy" decoding="async" class="alignnone size-full wp-image-56511" src="https://www.topohvar.at/wp-content/uploads/2022/01/bike-709.jpg" alt="" width="1080" height="450" srcset="https://www.topohvar.at/wp-content/uploads/2022/01/bike-709.jpg 1080w, https://www.topohvar.at/wp-content/uploads/2022/01/bike-709-300x125.jpg 300w, https://www.topohvar.at/wp-content/uploads/2022/01/bike-709-1024x427.jpg 1024w, https://www.topohvar.at/wp-content/uploads/2022/01/bike-709-768x320.jpg 768w" sizes="auto, (max-width: 1080px) 100vw, 1080px" /></p>
<p style="text-align: center;"><em>(Izvor: / Quelle: <span style="color: #3366ff;"><a style="color: #3366ff;" href="https://tzjelsa.hr/hr/626/biciklisticke-rute/">TZ Jelsa</a></span>)</em></p>
<p style="text-align: right;"><span style="color: #3366ff;"><a style="color: #3366ff;" href="#seite_oben">natrag na vrh / Seitenanfang</a></span></p>
<hr />
<p><strong>Linkovi / Links</strong></p>
<p><span style="color: #3366ff;"><a style="color: #3366ff;" href="https://www.topohvar.at/orte/sa/sa-pu-02-1/">Objekt »Biciklistička ruta Purkin Kuk« / Radroute „Purkin Kuk“</a><br />
<a class="ytp-title-link yt-uix-sessionlink" style="color: #3366ff;" tabindex="-1" href="https://www.youtube.com/watch?v=__eRtvDZJcQ" target="_blank" rel="noopener" data-sessionlink="feature=player-title">VIDEO &#8211; Cycling IslandofHvar Jelsa2019</a></span></p>

<p>Ime / Name Objekt »Biciklistička ruta [709] Dubova« / Radroute [709] &#8222;Dubova&#8220; Code: SA-PU-03                                             Adresa / Adresse Moča (Selca), &hellip; <a href="https://www.topohvar.at/topo/orte/sa/sa-pu-03-1/">Weiterlesen <span class="meta-nav">&rarr;</span></a></p>
