{"id":56257,"date":"2022-01-17T16:48:54","date_gmt":"2022-01-17T15:48:54","guid":{"rendered":"https:\/\/www.topohvar.at\/topo\/?page_id=56257"},"modified":"2024-04-20T07:39:24","modified_gmt":"2024-04-20T05:39:24","slug":"gj-pu-01-1","status":"publish","type":"page","link":"https:\/\/www.topohvar.at\/topo\/orte\/gj\/gj-pu-01-1\/","title":{"rendered":"GDINJ &#8211; Objekt \u00bbBiciklisti\u010dka ruta [701] -10 Uvale\u00ab"},"content":{"rendered":"<p><a name=\"seite_oben\"><\/a><br \/>\n<img loading=\"lazy\" decoding=\"async\" class=\"alignnone wp-image-56475 size-full\" src=\"https:\/\/www.topohvar.at\/wp-content\/uploads\/2022\/01\/biketrack-701.jpg\" alt=\"\" width=\"640\" height=\"314\" srcset=\"https:\/\/www.topohvar.at\/wp-content\/uploads\/2022\/01\/biketrack-701.jpg 640w, https:\/\/www.topohvar.at\/wp-content\/uploads\/2022\/01\/biketrack-701-300x147.jpg 300w\" sizes=\"auto, (max-width: 640px) 100vw, 640px\" \/><\/p>\n<p><strong>Ime \/ Name<br \/>\n<\/strong>Objekt \u00bbBiciklisti\u010dka ruta [701] \u2013 10 Uvale\u00ab \/ Radroute [701] &#8211; 10 Buchten<\/p>\n<p><strong>Code: <\/strong>GJ-PU-01\u00a0 \u00a0 \u00a0 \u00a0 \u00a0 \u00a0 \u00a0 \u00a0 \u00a0 \u00a0 \u00a0 \u00a0 \u00a0 \u00a0 \u00a0 \u00a0 \u00a0 \u00a0 \u00a0 \u00a0 \u00a0<strong> <a href=\"https:\/\/www.topohvar.at\/orte\/gj\/gj-ob-03-1\/\"><img loading=\"lazy\" decoding=\"async\" class=\"alignnone wp-image-12300 size-full\" src=\"https:\/\/www.topohvar.at\/wp-content\/uploads\/2018\/09\/push-vor-30.jpg\" alt=\"\" width=\"61\" height=\"30\" \/><\/a>\u00a0<a href=\"https:\/\/www.topohvar.at\/topo\/orte\/gj\/gj-on-02-1\/\"><img loading=\"lazy\" decoding=\"async\" class=\"alignnone wp-image-533 size-full\" src=\"https:\/\/www.topohvar.at\/wp-content\/uploads\/2018\/07\/push-l-30.jpg\" alt=\"\" width=\"61\" height=\"30\" \/><\/a> <a href=\"https:\/\/www.topohvar.at\/orte\/gj\/\"><img loading=\"lazy\" decoding=\"async\" class=\"alignnone wp-image-535 size-full\" src=\"https:\/\/www.topohvar.at\/wp-content\/uploads\/2018\/07\/push-o-30.jpg\" alt=\"\" width=\"61\" height=\"30\" \/><\/a> <a href=\"https:\/\/www.topohvar.at\/topo\/orte\/gj\/gj-on-01-1\/\"><img loading=\"lazy\" decoding=\"async\" class=\"alignnone wp-image-536 size-full\" src=\"https:\/\/www.topohvar.at\/wp-content\/uploads\/2018\/07\/push-r-30.jpg\" alt=\"\" width=\"61\" height=\"30\" \/><\/a> <a href=\"https:\/\/www.topohvar.at\/topo\/orte\/gj\/gj-ov-01-1\/\"><img loading=\"lazy\" decoding=\"async\" class=\"alignnone wp-image-12299 size-full\" src=\"https:\/\/www.topohvar.at\/wp-content\/uploads\/2018\/09\/push-next-30.jpg\" alt=\"\" width=\"61\" height=\"30\" \/><\/a><\/strong><\/p>\n<hr \/>\n<p><strong>Adresa \/ Adresse<br \/>\n<\/strong>Gdinj, Gdinjske vale\u2013 Bogomoljske vale, Bogomolje, Gdinj<\/p>\n<p><strong>Lokacija \/ Position<br \/>\n<\/strong><span style=\"color: #3366ff;\">Latitude: N 43\u00b0\u00a0 \u00a0 Longitude: E 16\u00b0\u00a0<\/span><strong><br \/>\n<\/strong>Visina \/ H\u00f6he: 1 m -351 m<\/p>\n<p><strong>Katastarska \u010destica<\/strong><strong> \/ Grundst\u00fccke<br \/>\n<\/strong>&#8211;<div class='content-column one_half'><div style=\"padding-right:6px;\"><p><strong>Datum snimanja \/ Erfassungsdatum<br \/>\n<\/strong>01.01.2000 00:00:00<\/p>\n<hr \/>\n<p><strong>Informacije<\/strong><\/p>\n<p>Kru\u017ena staza nalazi se na isto\u010dnom dijelu otoka, dijelom ide preko hrpta s istoka prema zapadu, a potom se spu\u0161ta prema ju\u017enoj obali. Po\u010detak staze je u naselju Bogomolje i tu staza prolazi kroz mjesto prema sjeveru te s asfaltirane ceste skre\u0107e na makadamski put koji prolazi kroz maslinike. Nastavljaju\u0107i prema zapadu slijedi lagani uspon (od 220 m do 350 m) i staza se spaja na dr\u017eavnu cestu D-116 prema Gdinju. Po dolasku u Gdinj asfaltiranim serpentinama staza se strmo spu\u0161ta (350 m \u2013 10 m) prema ju\u017enim uvalama Gdinja i Bogomolja. Dalje se staza nastavlja makadamskim putem kroz uvale do dijela gdje se ponovno strmo uspinje do zavr\u0161etka u mjestu Bogomolje. Staza je kombinacija asfaltirane ceste i makadamskih puteva, a duga je 19,8 km.<\/p><\/div><\/div><div class='content-column one_half last_column'><div style=\"padding-right:0px;padding-left:6px;\"><p><strong>Stupanj za\u0161tite<\/strong><strong> \/ Schutzstellung<br \/>\n<\/strong>&#8211;<\/p>\n<hr \/>\n<p><strong>Info<\/strong><\/p>\n<p>Die Radrunde befindet sich im \u00f6stlichen Teil der Insel und f\u00fchrt teilweise von Ost nach West \u00fcber den Kamm und dann zur S\u00fcdk\u00fcste hinab. Der Weg befindet sich in der Siedlung Bogomolje und f\u00fchrt durch den Ort nach Norden. An der Asphaltstra\u00dfe biegt er auf eine Schotterstra\u00dfe ab, die durch Olivenhaine f\u00fchrt. Wenn man weiter nach Westen radelt, kommt ein leichter Anstieg (von 220 m auf 350 m) und der Weg m\u00fcndet in die\u00a0 Staatsstra\u00dfe D-116 in Richtung Gdinj. Nach der Ankunft in Gdinj f\u00fchrt der Weg \u00fcber Serpentinen hinunter (350 m &#8211; 10 m) in Richtung der s\u00fcdlichen Buchten von Gdinj und Bogomolje. Weiter f\u00fchrt der Weg auf einer Schotterstra\u00dfe durch die Buchten bis zu dem Teil, wo er wieder steil ansteigt, zur\u00fcck zur Ortschaft Bogomolje. Der Weg ist eine Kombination aus Asphaltstra\u00dfe und Schotterstra\u00dfen und ist 19,8 km lang.<\/p><\/div><\/div><div class='clear_column'><\/div><div class='content-column one_half'><div style=\"padding-right:6px;\"><p>Du\u017eina: 19,80 km<br \/>\nAsfalt 8,60 km \/ 43,43 %<br \/>\nMakadam: 11,20 km \/ 56,56 %<br \/>\nNajni\u017ea to\u010dka: 1 m<br \/>\nNajvi\u0161a to\u010dka: 351 m<br \/>\nUkupno metara uspona: 647 m<\/p><\/div><\/div><div class='content-column one_half last_column'><div style=\"padding-right:0px;padding-left:6px;\"><p>L\u00e4nge: 19,80 km<br \/>\nAsphalt 8,60 km \/ 43,43 %<br \/>\nMakadam: 11,20 km \/ 56,56 %<br \/>\nNiedrigster Punkt: 1 m<br \/>\nH\u00f6chster Punkt: 351 m<br \/>\nH\u00f6henmeter (Aufstieg) insgesamt: 647 m<\/p><\/div><\/div><div class='clear_column'><\/div><\/p>\n<p><img loading=\"lazy\" decoding=\"async\" class=\"alignnone wp-image-56476 size-full\" src=\"https:\/\/www.topohvar.at\/wp-content\/uploads\/2022\/01\/bike-701.jpg\" alt=\"\" width=\"1080\" height=\"450\" srcset=\"https:\/\/www.topohvar.at\/wp-content\/uploads\/2022\/01\/bike-701.jpg 1080w, https:\/\/www.topohvar.at\/wp-content\/uploads\/2022\/01\/bike-701-300x125.jpg 300w, https:\/\/www.topohvar.at\/wp-content\/uploads\/2022\/01\/bike-701-1024x427.jpg 1024w, https:\/\/www.topohvar.at\/wp-content\/uploads\/2022\/01\/bike-701-768x320.jpg 768w\" sizes=\"auto, (max-width: 1080px) 100vw, 1080px\" \/><\/p>\n<p style=\"text-align: center;\"><em>(Izvor: \/ Quelle: <span style=\"color: #3366ff;\"><a style=\"color: #3366ff;\" href=\"https:\/\/tzjelsa.hr\/hr\/626\/biciklisticke-rute\/\">TZ Jelsa<\/a><\/span>)<\/em><\/p>\n<p style=\"text-align: right;\"><span style=\"color: #3366ff;\"><a style=\"color: #3366ff;\" href=\"#seite_oben\">natrag na vrh \/ Seitenanfang<\/a><\/span><\/p>\n<hr \/>\n<p><strong>Linkovi \/ Links<\/strong><\/p>\n<p><span style=\"color: #3366ff;\">&#8211;<\/span><\/p>\n","protected":false},"excerpt":{"rendered":"<p>Ime \/ Name Objekt \u00bbBiciklisti\u010dka ruta [701] \u2013 10 Uvale\u00ab \/ Radroute [701] &#8211; 10 Buchten Code: GJ-PU-01\u00a0 \u00a0 \u00a0 \u00a0 \u00a0 \u00a0 \u00a0 \u00a0 \u00a0 \u00a0 \u00a0 \u00a0 \u00a0 \u00a0 \u00a0 \u00a0 \u00a0 \u00a0 \u00a0 \u00a0 \u00a0 \u00a0 Adresa &hellip; <a href=\"https:\/\/www.topohvar.at\/topo\/orte\/gj\/gj-pu-01-1\/\">Weiterlesen <span class=\"meta-nav\">&rarr;<\/span><\/a><\/p>\n","protected":false},"author":1,"featured_media":0,"parent":72,"menu_order":0,"comment_status":"closed","ping_status":"closed","template":"","meta":{"footnotes":""},"class_list":["post-56257","page","type-page","status-publish","hentry"],"_links":{"self":[{"href":"https:\/\/www.topohvar.at\/topo\/wp-json\/wp\/v2\/pages\/56257","targetHints":{"allow":["GET"]}}],"collection":[{"href":"https:\/\/www.topohvar.at\/topo\/wp-json\/wp\/v2\/pages"}],"about":[{"href":"https:\/\/www.topohvar.at\/topo\/wp-json\/wp\/v2\/types\/page"}],"author":[{"embeddable":true,"href":"https:\/\/www.topohvar.at\/topo\/wp-json\/wp\/v2\/users\/1"}],"replies":[{"embeddable":true,"href":"https:\/\/www.topohvar.at\/topo\/wp-json\/wp\/v2\/comments?post=56257"}],"version-history":[{"count":7,"href":"https:\/\/www.topohvar.at\/topo\/wp-json\/wp\/v2\/pages\/56257\/revisions"}],"predecessor-version":[{"id":66480,"href":"https:\/\/www.topohvar.at\/topo\/wp-json\/wp\/v2\/pages\/56257\/revisions\/66480"}],"up":[{"embeddable":true,"href":"https:\/\/www.topohvar.at\/topo\/wp-json\/wp\/v2\/pages\/72"}],"wp:attachment":[{"href":"https:\/\/www.topohvar.at\/topo\/wp-json\/wp\/v2\/media?parent=56257"}],"curies":[{"name":"wp","href":"https:\/\/api.w.org\/{rel}","templated":true}]}}