{"id":56573,"date":"2022-01-22T12:15:10","date_gmt":"2022-01-22T11:15:10","guid":{"rendered":"https:\/\/www.topohvar.at\/topo\/?page_id=56573"},"modified":"2022-01-22T12:40:40","modified_gmt":"2022-01-22T11:40:40","slug":"hv-ov-05-1","status":"publish","type":"page","link":"https:\/\/www.topohvar.at\/topo\/orte\/hv\/hv-ov-05-1\/","title":{"rendered":"HVAR &#8211; Objekt \u00bb\u010cempres u vrtu Franjeva\u010dkog samostana\u00ab"},"content":{"rendered":"<p><a name=\"seite_oben\"><\/a><br \/>\n<img loading=\"lazy\" decoding=\"async\" class=\"alignleft wp-image-56576 size-full\" src=\"https:\/\/www.topohvar.at\/wp-content\/uploads\/2022\/01\/hv-ov-05-1.jpg\" alt=\"\" width=\"640\" height=\"314\" srcset=\"https:\/\/www.topohvar.at\/wp-content\/uploads\/2022\/01\/hv-ov-05-1.jpg 640w, https:\/\/www.topohvar.at\/wp-content\/uploads\/2022\/01\/hv-ov-05-1-300x147.jpg 300w\" sizes=\"auto, (max-width: 640px) 100vw, 640px\" \/><\/p>\n<p><strong>Ime \/ Name<br \/>\n<\/strong>Objekt \u00bb\u010cempres u vrtu Franjeva\u010dkog samostana\u00ab \/ Zypresse im Garten des Franziskanerklosters<\/p>\n<p><strong>Code: <\/strong>HV-OV-05\u00a0 \u00a0 \u00a0 \u00a0 \u00a0 \u00a0 \u00a0 \u00a0 \u00a0 \u00a0 \u00a0 \u00a0 \u00a0 \u00a0 \u00a0 \u00a0 \u00a0 \u00a0 <a href=\"https:\/\/www.topohvar.at\/hv-os-04-1\/\"><img loading=\"lazy\" decoding=\"async\" class=\"alignnone wp-image-12300 size-full\" src=\"https:\/\/www.topohvar.at\/wp-content\/uploads\/2018\/09\/push-vor-30.jpg\" alt=\"\" width=\"61\" height=\"30\" \/><\/a>\u00a0<strong><a href=\"https:\/\/www.topohvar.at\/orte\/hv\/hv-ov-03-1\/\"><img loading=\"lazy\" decoding=\"async\" class=\"alignnone wp-image-533 size-full\" src=\"https:\/\/www.topohvar.at\/wp-content\/uploads\/2018\/07\/push-l-30.jpg\" alt=\"\" width=\"61\" height=\"30\" \/><\/a> <a href=\"https:\/\/www.topohvar.at\/orte\/hv\/\"><img loading=\"lazy\" decoding=\"async\" class=\"alignnone wp-image-535 size-full\" src=\"https:\/\/www.topohvar.at\/wp-content\/uploads\/2018\/07\/push-o-30.jpg\" alt=\"\" width=\"61\" height=\"30\" \/><\/a> <a href=\"https:\/\/www.topohvar.at\/orte\/hv\/hv-ok-01-1\/\"><img loading=\"lazy\" decoding=\"async\" class=\"alignnone wp-image-536 size-full\" src=\"https:\/\/www.topohvar.at\/wp-content\/uploads\/2018\/07\/push-r-30.jpg\" alt=\"\" width=\"61\" height=\"30\" \/><\/a>\u00a0<a href=\"https:\/\/www.topohvar.at\/hv-pu-01-1\/\"><img loading=\"lazy\" decoding=\"async\" class=\"alignnone wp-image-12299 size-full\" src=\"https:\/\/www.topohvar.at\/wp-content\/uploads\/2018\/09\/push-next-30.jpg\" alt=\"\" width=\"61\" height=\"30\" \/><\/a><\/strong><\/p>\n<hr \/>\n<p><strong>Adresa \/ Adresse<br \/>\n<\/strong>Grad Hvar,\u00a0\u0160etali\u0161te put Kri\u017ea 15<\/p>\n<p><strong>Lokacija \/ Position<a href=\"https:\/\/goo.gl\/maps\/8umb2qv18knp37p78\"><img loading=\"lazy\" decoding=\"async\" class=\"alignright wp-image-15572\" src=\"https:\/\/www.topohvar.at\/wp-content\/uploads\/2019\/01\/0223.jpg\" alt=\"\" width=\"134\" height=\"100\" \/><\/a><br \/>\n<\/strong><span style=\"color: #3366ff;\"><a style=\"color: #3366ff;\" href=\"https:\/\/goo.gl\/maps\/8umb2qv18knp37p78\">Latitude: N 43,16814\u00b0\u00a0 \u00a0Longitude: E 16,44307\u00b0<\/a> <\/span><strong><br \/>\n<\/strong>Visina \/ H\u00f6he: 7 m<\/p>\n<p><strong>Katastarska \u010destica \/ Grundst\u00fccke<br \/>\n<\/strong>*485, *486<div class='content-column one_half'><div style=\"padding-right:6px;\"><p><strong>Datum snimanja \/ Erfassungsdatum<br \/>\n<\/strong>28.10.2014 09:15:41<\/p>\n<hr \/>\n<p><strong>Informacije<\/strong><\/p>\n<p>\u010cempres u vrtu Franjeva\u010dkog samostana (cupressus sempervirens var. horizontalis), prema mjesnoj predaji, u 17. st. posadio je slikar znamenite \u201ePosljednje ve\u010dere\u201c postavljene u samostanskoj blagovaonici, koji se u samostanu nakon brodoloma oporavljao od bolesti. Svojom velikom, 7 metara visokom kro\u0161njom i do 8 metara dugim, neobi\u010dno plosnatim i horizontalno polo\u017eenim granama privla\u010di pozornost posjetitelja i znanstvenika. U ranoj fazi rasta navodno je u drvo udarila munja, zbog \u010dega je po\u010delo rasti u neobi\u010dan oblik, a \u0161irenje grana je refleksija \u0161irenja njegova korijenja u kamenitom hvarskom tlu.<\/p><\/div><\/div><div class='content-column one_half last_column'><div style=\"padding-right:0px;padding-left:6px;\"><p><strong>Stupanj za\u0161tite \/ Schutzstellung<br \/>\n<\/strong>Z-5091, RST 205<\/p>\n<hr \/>\n<p><strong>Info<\/strong><\/p>\n<p>Die Zypresse im Garten des Franziskanerklosters (cupressus sempervirens var. Horizontalis) wurde gem\u00e4\u00df lokaler Tradition im 17. Jahrhundert von dem Maler des ber\u00fchmten Abendmahls im Speisesaal des Klosters gepflanzt, der sich hier von einer Krankheit erholte. Mit seiner gro\u00dfen, 7 Meter hohen Krone und seinen bis zu 8 Meter langen, ungew\u00f6hnlich flach und horizontal verzweigten \u00c4sten zieht er die Aufmerksamkeit von Besuchern und Wissenschaftlern auf sich. In der fr\u00fchen Wachstumsphase schlug angeblich ein Blitz in den Baum ein, wodurch er diese ungew\u00f6hnliche Form annahm. Die Ausbreitung der \u00c4ste spiegelt die Ausbreitung seiner Wurzeln im felsigen Hvarer Boden wider.<\/p><\/div><\/div><div class='clear_column'><\/div><div class='content-column one_half'><div style=\"padding-right:6px;\"><p>\u010cempres u vrtu Franjeva\u010dkog samostana bio je kandidat za Hrvatsko stablo godine 2021.<\/p><\/div><\/div><div class='content-column one_half last_column'><div style=\"padding-right:0px;padding-left:6px;\"><p>Die Zypresse im Garten des Franziskanerklosters war im Jahr 2021 Kandidat f\u00fcr den &#8222;Kroatischen Baum des Jahres 2021&#8220;.<\/p><\/div><\/div><div class='clear_column'><\/div><\/p>\n<p style=\"text-align: center;\"><em>(Izvor: \/ Quelle: <span style=\"color: #3366ff;\"><a style=\"color: #3366ff;\" href=\"http:\/\/www.hvar.hr\/portal\/cempres-u-vrtu-franjevackog-samostana-u-hvaru-kandidat-za-hrvatsko-stablo-godine-2021\/\">Grad Hvar \/ portal<\/a><\/span>)<\/em><\/p>\n<p style=\"text-align: right;\"><span style=\"color: #3366ff;\"><a style=\"color: #3366ff;\" href=\"#seite_oben\">natrag na vrh \/ Seitenanfang<\/a><\/span><\/p>\n<hr \/>\n<p><strong>Linkovi \/ Links<\/strong><\/p>\n<p><span style=\"color: #3366ff;\"><a style=\"color: #3366ff;\" href=\"https:\/\/www.topohvar.at\/orte\/hv\/hv-ca-01-1\/\">Franjeva\u010dki samostan \/ Franziskanerkloster<\/a><\/span><\/p>\n","protected":false},"excerpt":{"rendered":"<p>Ime \/ Name Objekt \u00bb\u010cempres u vrtu Franjeva\u010dkog samostana\u00ab \/ Zypresse im Garten des Franziskanerklosters Code: HV-OV-05\u00a0 \u00a0 \u00a0 \u00a0 \u00a0 \u00a0 \u00a0 \u00a0 \u00a0 \u00a0 \u00a0 \u00a0 \u00a0 \u00a0 \u00a0 \u00a0 \u00a0 \u00a0 \u00a0 \u00a0 Adresa \/ Adresse Grad &hellip; <a href=\"https:\/\/www.topohvar.at\/topo\/orte\/hv\/hv-ov-05-1\/\">Weiterlesen <span class=\"meta-nav\">&rarr;<\/span><\/a><\/p>\n","protected":false},"author":1,"featured_media":0,"parent":80,"menu_order":0,"comment_status":"closed","ping_status":"closed","template":"","meta":{"footnotes":""},"class_list":["post-56573","page","type-page","status-publish","hentry"],"_links":{"self":[{"href":"https:\/\/www.topohvar.at\/topo\/wp-json\/wp\/v2\/pages\/56573","targetHints":{"allow":["GET"]}}],"collection":[{"href":"https:\/\/www.topohvar.at\/topo\/wp-json\/wp\/v2\/pages"}],"about":[{"href":"https:\/\/www.topohvar.at\/topo\/wp-json\/wp\/v2\/types\/page"}],"author":[{"embeddable":true,"href":"https:\/\/www.topohvar.at\/topo\/wp-json\/wp\/v2\/users\/1"}],"replies":[{"embeddable":true,"href":"https:\/\/www.topohvar.at\/topo\/wp-json\/wp\/v2\/comments?post=56573"}],"version-history":[{"count":3,"href":"https:\/\/www.topohvar.at\/topo\/wp-json\/wp\/v2\/pages\/56573\/revisions"}],"predecessor-version":[{"id":56577,"href":"https:\/\/www.topohvar.at\/topo\/wp-json\/wp\/v2\/pages\/56573\/revisions\/56577"}],"up":[{"embeddable":true,"href":"https:\/\/www.topohvar.at\/topo\/wp-json\/wp\/v2\/pages\/80"}],"wp:attachment":[{"href":"https:\/\/www.topohvar.at\/topo\/wp-json\/wp\/v2\/media?parent=56573"}],"curies":[{"name":"wp","href":"https:\/\/api.w.org\/{rel}","templated":true}]}}

HVAR &#8211; Objekt »Čempres u vrtu Franjevačkog samostana«

<p><a name="seite_oben"></a><br />
<img loading="lazy" decoding="async" class="alignleft wp-image-56576 size-full" src="https://www.topohvar.at/wp-content/uploads/2022/01/hv-ov-05-1.jpg" alt="" width="640" height="314" srcset="https://www.topohvar.at/wp-content/uploads/2022/01/hv-ov-05-1.jpg 640w, https://www.topohvar.at/wp-content/uploads/2022/01/hv-ov-05-1-300x147.jpg 300w" sizes="auto, (max-width: 640px) 100vw, 640px" /></p>
<p><strong>Ime / Name<br />
</strong>Objekt »Čempres u vrtu Franjevačkog samostana« / Zypresse im Garten des Franziskanerklosters</p>
<p><strong>Code: </strong>HV-OV-05                                    <a href="https://www.topohvar.at/hv-os-04-1/"><img loading="lazy" decoding="async" class="alignnone wp-image-12300 size-full" src="https://www.topohvar.at/wp-content/uploads/2018/09/push-vor-30.jpg" alt="" width="61" height="30" /></a> <strong><a href="https://www.topohvar.at/orte/hv/hv-ov-03-1/"><img loading="lazy" decoding="async" class="alignnone wp-image-533 size-full" src="https://www.topohvar.at/wp-content/uploads/2018/07/push-l-30.jpg" alt="" width="61" height="30" /></a> <a href="https://www.topohvar.at/orte/hv/"><img loading="lazy" decoding="async" class="alignnone wp-image-535 size-full" src="https://www.topohvar.at/wp-content/uploads/2018/07/push-o-30.jpg" alt="" width="61" height="30" /></a> <a href="https://www.topohvar.at/orte/hv/hv-ok-01-1/"><img loading="lazy" decoding="async" class="alignnone wp-image-536 size-full" src="https://www.topohvar.at/wp-content/uploads/2018/07/push-r-30.jpg" alt="" width="61" height="30" /></a> <a href="https://www.topohvar.at/hv-pu-01-1/"><img loading="lazy" decoding="async" class="alignnone wp-image-12299 size-full" src="https://www.topohvar.at/wp-content/uploads/2018/09/push-next-30.jpg" alt="" width="61" height="30" /></a></strong></p>
<hr />
<p><strong>Adresa / Adresse<br />
</strong>Grad Hvar, Šetalište put Križa 15</p>
<p><strong>Lokacija / Position<a href="https://goo.gl/maps/8umb2qv18knp37p78"><img loading="lazy" decoding="async" class="alignright wp-image-15572" src="https://www.topohvar.at/wp-content/uploads/2019/01/0223.jpg" alt="" width="134" height="100" /></a><br />
</strong><span style="color: #3366ff;"><a style="color: #3366ff;" href="https://goo.gl/maps/8umb2qv18knp37p78">Latitude: N 43,16814°   Longitude: E 16,44307°</a> </span><strong><br />
</strong>Visina / Höhe: 7 m</p>
<p><strong>Katastarska čestica / Grundstücke<br />
</strong>*485, *486<div class='content-column one_half'><div style="padding-right:6px;"><p><strong>Datum snimanja / Erfassungsdatum<br />
</strong>28.10.2014 09:15:41</p>
<hr />
<p><strong>Informacije</strong></p>
<p>Čempres u vrtu Franjevačkog samostana (cupressus sempervirens var. horizontalis), prema mjesnoj predaji, u 17. st. posadio je slikar znamenite „Posljednje večere“ postavljene u samostanskoj blagovaonici, koji se u samostanu nakon brodoloma oporavljao od bolesti. Svojom velikom, 7 metara visokom krošnjom i do 8 metara dugim, neobično plosnatim i horizontalno položenim granama privlači pozornost posjetitelja i znanstvenika. U ranoj fazi rasta navodno je u drvo udarila munja, zbog čega je počelo rasti u neobičan oblik, a širenje grana je refleksija širenja njegova korijenja u kamenitom hvarskom tlu.</p></div></div><div class='content-column one_half last_column'><div style="padding-right:0px;padding-left:6px;"><p><strong>Stupanj zaštite / Schutzstellung<br />
</strong>Z-5091, RST 205</p>
<hr />
<p><strong>Info</strong></p>
<p>Die Zypresse im Garten des Franziskanerklosters (cupressus sempervirens var. Horizontalis) wurde gemäß lokaler Tradition im 17. Jahrhundert von dem Maler des berühmten Abendmahls im Speisesaal des Klosters gepflanzt, der sich hier von einer Krankheit erholte. Mit seiner großen, 7 Meter hohen Krone und seinen bis zu 8 Meter langen, ungewöhnlich flach und horizontal verzweigten Ästen zieht er die Aufmerksamkeit von Besuchern und Wissenschaftlern auf sich. In der frühen Wachstumsphase schlug angeblich ein Blitz in den Baum ein, wodurch er diese ungewöhnliche Form annahm. Die Ausbreitung der Äste spiegelt die Ausbreitung seiner Wurzeln im felsigen Hvarer Boden wider.</p></div></div><div class='clear_column'></div><div class='content-column one_half'><div style="padding-right:6px;"><p>Čempres u vrtu Franjevačkog samostana bio je kandidat za Hrvatsko stablo godine 2021.</p></div></div><div class='content-column one_half last_column'><div style="padding-right:0px;padding-left:6px;"><p>Die Zypresse im Garten des Franziskanerklosters war im Jahr 2021 Kandidat für den &#8222;Kroatischen Baum des Jahres 2021&#8220;.</p></div></div><div class='clear_column'></div></p>
<p style="text-align: center;"><em>(Izvor: / Quelle: <span style="color: #3366ff;"><a style="color: #3366ff;" href="http://www.hvar.hr/portal/cempres-u-vrtu-franjevackog-samostana-u-hvaru-kandidat-za-hrvatsko-stablo-godine-2021/">Grad Hvar / portal</a></span>)</em></p>
<p style="text-align: right;"><span style="color: #3366ff;"><a style="color: #3366ff;" href="#seite_oben">natrag na vrh / Seitenanfang</a></span></p>
<hr />
<p><strong>Linkovi / Links</strong></p>
<p><span style="color: #3366ff;"><a style="color: #3366ff;" href="https://www.topohvar.at/orte/hv/hv-ca-01-1/">Franjevački samostan / Franziskanerkloster</a></span></p>

<p>Ime / Name Objekt »Čempres u vrtu Franjevačkog samostana« / Zypresse im Garten des Franziskanerklosters Code: HV-OV-05                                        Adresa / Adresse Grad &hellip; <a href="https://www.topohvar.at/topo/orte/hv/hv-ov-05-1/">Weiterlesen <span class="meta-nav">&rarr;</span></a></p>
