{"id":56618,"date":"2022-01-23T09:37:14","date_gmt":"2022-01-23T08:37:14","guid":{"rendered":"https:\/\/www.topohvar.at\/topo\/?page_id=56618"},"modified":"2024-12-15T17:02:17","modified_gmt":"2024-12-15T16:02:17","slug":"op-po-03-1","status":"publish","type":"page","link":"https:\/\/www.topohvar.at\/topo\/orte\/op\/op-po-03-1\/","title":{"rendered":"OTOCI PAKLENI &#8211; Anti\u010dko nalazi\u0161te \u00bbPovijesni kamenolom\u00ab"},"content":{"rendered":"<p><a name=\"seite_oben\"><\/a><br \/>\n<strong><img loading=\"lazy\" decoding=\"async\" class=\"alignnone wp-image-387 size-full\" src=\"https:\/\/www.topohvar.at\/wp-content\/uploads\/2018\/07\/00-00-00-1.jpg\" alt=\"\" width=\"114\" height=\"56\" \/><\/strong><\/p>\n<p><strong>Ime \/ Name<br \/>\n<\/strong>Anti\u010dko nalazi\u0161te \u00bbPovijesni kamenolom\u00ab \/ historischer Steinbruch<\/p>\n<p><strong>Code: <\/strong>OP-PO-03\u00a0 \u00a0 \u00a0 \u00a0 \u00a0 \u00a0 \u00a0 \u00a0 \u00a0 \u00a0 \u00a0 \u00a0 \u00a0 \u00a0 \u00a0 \u00a0 \u00a0 \u00a0<strong>\u00a0<a href=\"https:\/\/www.topohvar.at\/orte\/op\/op-po- 04-1\/\"><img loading=\"lazy\" decoding=\"async\" class=\"alignnone wp-image-533 size-full\" src=\"https:\/\/www.topohvar.at\/wp-content\/uploads\/2018\/07\/push-l-30.jpg\" alt=\"\" width=\"61\" height=\"30\" \/><\/a> <a href=\"https:\/\/www.topohvar.at\/orte\/op\/\"><img loading=\"lazy\" decoding=\"async\" class=\"alignnone wp-image-535 size-full\" src=\"https:\/\/www.topohvar.at\/wp-content\/uploads\/2018\/07\/push-o-30.jpg\" alt=\"\" width=\"61\" height=\"30\" \/><\/a> <a href=\"https:\/\/www.topohvar.at\/orte\/op\/op-po-02-1\/\"><img loading=\"lazy\" decoding=\"async\" class=\"alignnone wp-image-536 size-full\" src=\"https:\/\/www.topohvar.at\/wp-content\/uploads\/2018\/07\/push-r-30.jpg\" alt=\"\" width=\"61\" height=\"30\" \/><\/a>\u00a0<\/strong><\/p>\n<hr \/>\n<p><strong>Adresa \/ Adresse<br \/>\n<\/strong>Pakleni otoci, Otok Sv. Klement, Uvala Tar\u0161\u0107e<\/p>\n<p><strong>Lokacija \/ Position<a href=\"https:\/\/goo.gl\/maps\/a6uJtPHjbHDCd4hu9\"><img loading=\"lazy\" decoding=\"async\" class=\"alignright wp-image-56620\" src=\"https:\/\/www.topohvar.at\/wp-content\/uploads\/2022\/01\/3381.jpg\" alt=\"\" width=\"134\" height=\"100\" \/><\/a><br \/>\n<\/strong><span style=\"color: #3366ff;\"><a style=\"color: #3366ff;\" href=\"https:\/\/goo.gl\/maps\/a6uJtPHjbHDCd4hu9\">Latitude: N 43,16186\u00b0\u00a0 \u00a0Longitude: E 16,37529\u00b0<\/a> <\/span><strong><br \/>\n<\/strong>Visina \/ H\u00f6he: 20 m<\/p>\n<p><strong>Katastarska \u010destica <\/strong><strong>\/ Grundst\u00fccke<br \/>\n<\/strong>4152<div class='content-column one_half'><div style=\"padding-right:6px;\"><p><strong>Datum snimanja \/ Erfassungsdatum<br \/>\n<\/strong>01.01.2000 00:00:00<\/p>\n<hr \/>\n<p><strong>Informacije<\/strong><\/p>\n<p>Povijesni kamenolom na otoku Sv. Klement, vjerojatno anti\u010dki, nalazi se u uvali Tar\u0161\u0107e. Visina seka (povr\u0161ina zasijecanja kamene mase) je 6\u20137 m. \u0160irina kamenoloma je 13\u201315 m. Oko 4m je visina kamenih blokova koji su se izrezivali. U kontinuitetu do obale ide ploha po kojoj su, pretpostavimo, do mora vozili kamene blokove za utovar na brod. Rimski transport kamenih blokova do morske obale obavljao se povla\u010denjem po gredicama koje su bile ukopane u zemlju i namazane lojem, a po kojima je klizila drvena konstrukcija za prijenos tereta (formirana kao dvije skije povezane popre\u010dnim gredama). Druga mogu\u0107nost transporta bila je drvenim napravama slo\u017eenim od gredica (sli\u010dno sanjkama) koje su vukli konji ili volovi po neravnom terenu. Ispred kamenoloma u uvali Tar\u0161\u0107e je polukru\u017eno oblikovana uvala s istacima poput molova koji su \u0161titili uvalu. Vrlo je va\u017eno da je kod utovara kamenih blokova more mirno<\/p><\/div><\/div><div class='content-column one_half last_column'><div style=\"padding-right:0px;padding-left:6px;\"><p><strong>Stupanj za\u0161tite<\/strong><strong> \/ Schutzstellung<br \/>\n<\/strong>&#8211;<\/p>\n<hr \/>\n<p><strong>Info<\/strong><\/p>\n<p>Der historischer Steinbruch auf der Insel Sv. Clement befindet sich in der Bucht von Tar\u0161\u0107e. Die Bruchh\u00f6he (Schnittfl\u00e4che der Steinmasse) betr\u00e4gt 6-7 m. Die Breite des Steinbruchs betr\u00e4gt 13-15 m. Die H\u00f6he der gebrochenen Steinbl\u00f6cke betr\u00e4gt etwa 4 m. Kontinuierlich neigt sich die Oberfl\u00e4che zum Ufer, gut geeignet zum Verladen der Bl\u00f6cke auf ein Schiff. Der Transport von Steinbl\u00f6cken zum Meeresufer in der R\u00f6merzeit erfolgte durch Ziehen der Bl\u00f6cke \u00fcber Balken, die im Boden vergraben und mit Talg bestrichen waren. Auf denen konnte eine Holzkonstruktion zum Tragen der Fracht rutschen (geformt als zwei Kufen, die durch Querbalken verbunden waren). Eine andere Transportm\u00f6glichkeit waren Holzger\u00e4te aus Balken (\u00e4hnlich wie Schlitten), die von Pferden oder Ochsen auf unebenem Gel\u00e4nde gezogen wurden. Vor dem Steinbruch in der Tar\u0161\u0107e-Bucht befindet sich eine halbkreisf\u00f6rmige Bucht mit Vorspr\u00fcngen wie Pfeilern, die die Bucht sch\u00fctzten. Beim Verladen von Steinbl\u00f6cken ist es sehr wichtig, dass das Meer ruhig ist.<\/p><\/div><\/div><div class='clear_column'><\/div><div class='content-column one_half'><div style=\"padding-right:6px;\"><p>Iznad uvale Tar\u0161\u0107e, na koti 80 m iznad mora (vrh Glavica), na\u0111eni su rasuti kameni blokovi koji bi mogli biti dio neke strukture, mo\u017eda osmatra\u010dnice, te bi njihovu namjenu i dataciju trebalo istra\u017eiti. To je polo\u017eaj koji kontrolira kanal izme\u0111u otoka Sv. Klement i otoka Hvara te ima panoramske poglede prema Starigradu, Hvaru i Visu.<\/p><\/div><\/div><div class='content-column one_half last_column'><div style=\"padding-right:0px;padding-left:6px;\"><p>Oberhalb der Bucht von Tar\u0161\u0107e, auf einer H\u00f6he von 80 m \u00fcber dem Meeresspiegel (Spitze Glavica), wurden verstreute Steinbl\u00f6cke gefunden, die Teil eines Bauwerks sein k\u00f6nnten, vielleicht eines Observatoriums, und ihr Zweck und ihre Datierung sollten untersucht werden. Es ist eine Position, die den Kanal zwischen der Insel Sv. Klement und der Insel Hvar und bietet einen Panoramablick auf Starigrad, Hvar und Vis.<\/p><\/div><\/div><div class='clear_column'><\/div><\/p>\n<p style=\"text-align: center;\"><em>(Izvor: \/ Quelle: <span style=\"color: #3366ff;\"><a style=\"color: #3366ff;\" href=\"https:\/\/pakleniotoci.eu\/PakleniIslands\/CulHisHeritage\">pakleniotoci.eu<\/a><\/span>)<\/em><\/p>\n<p style=\"text-align: right;\"><span style=\"color: #3366ff;\"><a style=\"color: #3366ff;\" href=\"#seite_oben\">natrag na vrh \/ Seitenanfang<\/a><\/span><\/p>\n<hr \/>\n<p><strong>Linkovi \/ Links<\/strong><\/p>\n<p><em><span style=\"color: #3366ff;\"><a style=\"color: #3366ff;\" href=\"https:\/\/pakleniotoci.eu\/PakleniIslands\/CulHisHeritage\">pakleniotoci.eu<\/a><\/span><\/em><\/p>\n","protected":false},"excerpt":{"rendered":"<p>Ime \/ Name Anti\u010dko nalazi\u0161te \u00bbPovijesni kamenolom\u00ab \/ historischer Steinbruch Code: OP-PO-03\u00a0 \u00a0 \u00a0 \u00a0 \u00a0 \u00a0 \u00a0 \u00a0 \u00a0 \u00a0 \u00a0 \u00a0 \u00a0 \u00a0 \u00a0 \u00a0 \u00a0 \u00a0\u00a0 \u00a0 Adresa \/ Adresse Pakleni otoci, Otok Sv. Klement, Uvala Tar\u0161\u0107e &hellip; <a href=\"https:\/\/www.topohvar.at\/topo\/orte\/op\/op-po-03-1\/\">Weiterlesen <span class=\"meta-nav\">&rarr;<\/span><\/a><\/p>\n","protected":false},"author":1,"featured_media":0,"parent":123,"menu_order":0,"comment_status":"closed","ping_status":"closed","template":"","meta":{"footnotes":""},"class_list":["post-56618","page","type-page","status-publish","hentry"],"_links":{"self":[{"href":"https:\/\/www.topohvar.at\/topo\/wp-json\/wp\/v2\/pages\/56618","targetHints":{"allow":["GET"]}}],"collection":[{"href":"https:\/\/www.topohvar.at\/topo\/wp-json\/wp\/v2\/pages"}],"about":[{"href":"https:\/\/www.topohvar.at\/topo\/wp-json\/wp\/v2\/types\/page"}],"author":[{"embeddable":true,"href":"https:\/\/www.topohvar.at\/topo\/wp-json\/wp\/v2\/users\/1"}],"replies":[{"embeddable":true,"href":"https:\/\/www.topohvar.at\/topo\/wp-json\/wp\/v2\/comments?post=56618"}],"version-history":[{"count":6,"href":"https:\/\/www.topohvar.at\/topo\/wp-json\/wp\/v2\/pages\/56618\/revisions"}],"predecessor-version":[{"id":70733,"href":"https:\/\/www.topohvar.at\/topo\/wp-json\/wp\/v2\/pages\/56618\/revisions\/70733"}],"up":[{"embeddable":true,"href":"https:\/\/www.topohvar.at\/topo\/wp-json\/wp\/v2\/pages\/123"}],"wp:attachment":[{"href":"https:\/\/www.topohvar.at\/topo\/wp-json\/wp\/v2\/media?parent=56618"}],"curies":[{"name":"wp","href":"https:\/\/api.w.org\/{rel}","templated":true}]}}