{"id":56713,"date":"2022-01-25T09:04:57","date_gmt":"2022-01-25T08:04:57","guid":{"rendered":"https:\/\/www.topohvar.at\/topo\/?page_id=56713"},"modified":"2024-04-23T18:05:40","modified_gmt":"2024-04-23T16:05:40","slug":"za-td-02-1","status":"publish","type":"page","link":"https:\/\/www.topohvar.at\/topo\/orte\/za\/za-td-02-1\/","title":{"rendered":"ZASTRA\u017dI\u0160\u0106E \u2013 Kula \u00bbHara\u010di\u0107a\u00ab"},"content":{"rendered":"<p><a name=\"seite_oben\"><\/a><br \/>\n<strong><img loading=\"lazy\" decoding=\"async\" class=\"alignnone wp-image-387 size-full\" src=\"https:\/\/www.topohvar.at\/wp-content\/uploads\/2018\/07\/00-00-00-1.jpg\" alt=\"\" width=\"114\" height=\"56\" \/><\/strong><\/p>\n<p><strong>Ime \/ Name<br \/>\n<\/strong>Kula \u00bbHara\u010di\u0107a\u00ab \/ Turm Hara\u010di\u0107<\/p>\n<p><strong>Code: <\/strong>ZA-TD-02\u00a0 \u00a0 \u00a0 \u00a0 \u00a0 \u00a0 \u00a0 \u00a0 \u00a0 \u00a0 \u00a0 \u00a0 \u00a0 \u00a0 \u00a0 \u00a0 \u00a0 \u00a0 \u00a0 \u00a0 \u00a0 \u00a0 \u00a0 \u00a0 \u00a0\u00a0<strong> <a href=\"https:\/\/www.topohvar.at\/topo\/orte\/za\/za-td-01-1\/\"><img loading=\"lazy\" decoding=\"async\" class=\"alignnone wp-image-533 size-full\" src=\"https:\/\/www.topohvar.at\/wp-content\/uploads\/2018\/07\/push-l-30.jpg\" alt=\"\" width=\"61\" height=\"30\" \/><\/a> <a href=\"https:\/\/www.topohvar.at\/orte\/za\/\"><img loading=\"lazy\" decoding=\"async\" class=\"alignnone wp-image-535 size-full\" src=\"https:\/\/www.topohvar.at\/wp-content\/uploads\/2018\/07\/push-o-30.jpg\" alt=\"\" width=\"61\" height=\"30\" \/><\/a>\u00a0<\/strong><\/p>\n<hr \/>\n<p><strong>Adresa \/ Adresse<br \/>\n<\/strong>Zastra\u017ei\u0161\u0107e<\/p>\n<p><strong>Lokalna polo\u017eaj \/ Position<a href=\"https:\/\/goo.gl\/maps\/DyMWcZasu5M79efe9\"><img loading=\"lazy\" decoding=\"async\" class=\"alignright wp-image-56714\" src=\"https:\/\/www.topohvar.at\/wp-content\/uploads\/2022\/01\/3384.jpg\" alt=\"\" width=\"134\" height=\"100\" \/><\/a><br \/>\n<\/strong><span style=\"color: #3366ff;\"><a style=\"color: #3366ff;\" href=\"https:\/\/goo.gl\/maps\/DyMWcZasu5M79efe9\">Latitude: N 43,14785\u00b0\u00a0 \u00a0Longitude: E 16,84550\u00b0<\/a><\/span> <strong><br \/>\n<\/strong>Visina \/ H\u00f6he: 175 m<\/p>\n<p><strong>Zemlji\u0161te \/ Grundst\u00fccke<br \/>\n<\/strong>*147 <div class='content-column one_half'><div style=\"padding-right:6px;\"><p><strong>Datum snimanja \/ Erfassungsdatum<br \/>\n<\/strong>12.05.2018 13:01:00<\/p>\n<hr \/>\n<p><strong>Informacije<\/strong><\/p>\n<p>U blizini crkvice svete Barbare nalazi se kula Hara\u010di\u0107a iz XVII. St. Kula Hara\u010di\u0107a dan danas svjedo\u010di o postojanju obitelji koja je na\u0161em mjestu u nasljedstvo ostavila neobi\u010dnu legendu o \u201dmorskemu \u010doviku\u201d.<\/p><\/div><\/div><div class='content-column one_half last_column'><div style=\"padding-right:0px;padding-left:6px;\"><p><strong>Za\u0161titni polo\u017eaj \/ Schutzstellung<br \/>\n<\/strong>&#8211;<\/p>\n<hr \/>\n<p><strong>Info<\/strong><\/p>\n<p>In der N\u00e4he der Kirche St. Barbara befindet sich der Turm Hara\u010di\u0107 aus dem 17. Jahrhundert. Heute zeugt der Hara\u010di\u0107-Turm von der Existenz einer Familie, die unserem Ort das Erbe einer ungew\u00f6hnlichen Legende \u00fcber einen \u201eSeemann\u201c hinterlassen hat.<\/p><\/div><\/div><div class='clear_column'><\/div><div class='content-column one_half'><div style=\"padding-right:6px;\"><p>Usmena predaja nam govori kako je ta bogata vlastelinska obitelj jednog dana oti\u0161la na ribanje. Dan je obilje\u017eio neobi\u010dan ulov. Stvorenje koje su ulovili nije bilo ni riba ni \u010dovjek pa su ga nazvali \u201dmorski \u010dovik\u201d. Zato\u010dili su ga u kavez bez hrane i pi\u0107a, te smjestili uz kamin u kojem je gorjela vatra. Jedan obrambeni toranj s natpisom sagradio je Gazar An\u0111elinovi\u0107 1624. godine, a djelomi\u010dno sru\u0161en 1949. godine. Na toj kuli je bio jedan od prvih natpisa na hrvatskom jeziku na otoku Hvaru, a datira iz 1624. godine. Natpis je danas u \u017eupnoj crkvi sv. Nichola.<\/p><\/div><\/div><div class='content-column one_half last_column'><div style=\"padding-right:0px;padding-left:6px;\"><p>M\u00fcndliche \u00dcberlieferungen erz\u00e4hlen uns, wie diese reiche Adelsfamilie eines Tages fischen ging. Der Tag war gepr\u00e4gt von einem ungew\u00f6hnlichen Fang. Die Kreatur, die sie fingen, war weder ein Fisch noch ein Mensch, also nannten sie ihn einen \u201eSeemann\u201c. Er wurde ohne Essen und Trinken in einen K\u00e4fig gesperrt und neben den Kamin gestellt, wo ein Feuer brannte.<\/p><\/div><\/div><div class='clear_column'><\/div><div class='content-column one_half'><div style=\"padding-right:6px;\"><p>Vru\u0107ina je bila strahovito mu\u010denje za \u201dmorskog \u010dovika\u201d, no u trenutku neopreznosti tamni\u010dara, \u201dmorski \u010dovik\u201d je uspio pobje\u0107i iz kaveza. Tr\u010de\u0107i prema moru koje je bilo njegov spas prokleo je Hara\u010di\u0107e da se zbog muka koje je podnio njihovo ime nakon sto godina vi\u0161e nikada ne spomene u Zastra\u017ei\u0161\u0107u, odnosno da izumre njihovo koljeno.<\/p><\/div><\/div><div class='content-column one_half last_column'><div style=\"padding-right:0px;padding-left:6px;\"><p>Die Hitze war eine schreckliche Qual f\u00fcr den \u201eSeemann\u201c, aber in einem Moment der Unachtsamkeit des Gef\u00e4ngnisw\u00e4rters gelang es dem \u201eSeemann\u201c aus dem K\u00e4fig zu entkommen. Er rannte zum Meer, das seine Rettung war, und verfluchte die Hara\u010di\u0107, dass ihr Name wegen der erlittenen Qualen in Zastra\u017ei\u0161\u0107e nach hundert Jahren nie wieder erw\u00e4hnt wird. Das hei\u00dft, dass ihre Generation aussterben wird.<\/p><\/div><\/div><div class='clear_column'><\/div><div class='content-column one_half'><div style=\"padding-right:6px;\"><p>I uistinu, ime posljednjih \u017eivu\u0107ih \u010dlanova obitelji je zadnji put spomenuto u Zastra\u017ei\u0161\u0107u 1813. nakon otprilike 100 godina. Kao ostav\u0161tina su ostali zidovi kule Hara\u010di\u0107a i legenda koja se jo\u0161 uvijek prenosi mla\u0111im nara\u0161tajima.<\/p><\/div><\/div><div class='content-column one_half last_column'><div style=\"padding-right:0px;padding-left:6px;\"><p>Und tats\u00e4chlich wurde der Name der letzten lebenden Familienmitglieder in Zastra\u017ei\u0161\u0107e zuletzt im Jahr 1813 also nach etwa 100 Jahren erw\u00e4hnt. Die Mauern des Hara\u010di\u0107-Turms und die Legende, die immer noch an j\u00fcngere Generationen weitergegeben wird, sind als Erbe geblieben.<\/p><\/div><\/div><div class='clear_column'><\/div><\/p>\n<p style=\"text-align: center;\"><em>(Izvor: \/ Quelle: <span style=\"color: #3366ff;\"><a style=\"color: #3366ff;\" href=\"https:\/\/tzjelsa.hr\/hr\/destinacija\/zastrazisce\/\">TZ Jelsa<\/a><\/span>)<\/em><\/p>\n<p style=\"text-align: right;\"><span style=\"color: #3366ff;\"><a style=\"color: #3366ff;\" href=\"#seite_oben\">natrag na vrh \/ Seitenanfang<\/a><\/span><\/p>\n<hr \/>\n<p><strong>Linkovi \/ Links<\/strong><\/p>\n<p>&#8211;<\/p>\n","protected":false},"excerpt":{"rendered":"<p>Ime \/ Name Kula \u00bbHara\u010di\u0107a\u00ab \/ Turm Hara\u010di\u0107 Code: ZA-TD-02\u00a0 \u00a0 \u00a0 \u00a0 \u00a0 \u00a0 \u00a0 \u00a0 \u00a0 \u00a0 \u00a0 \u00a0 \u00a0 \u00a0 \u00a0 \u00a0 \u00a0 \u00a0 \u00a0 \u00a0 \u00a0 \u00a0 \u00a0 \u00a0 \u00a0\u00a0 \u00a0 Adresa \/ Adresse Zastra\u017ei\u0161\u0107e Lokalna &hellip; <a href=\"https:\/\/www.topohvar.at\/topo\/orte\/za\/za-td-02-1\/\">Weiterlesen <span class=\"meta-nav\">&rarr;<\/span><\/a><\/p>\n","protected":false},"author":1,"featured_media":0,"parent":115,"menu_order":0,"comment_status":"closed","ping_status":"closed","template":"","meta":{"footnotes":""},"class_list":["post-56713","page","type-page","status-publish","hentry"],"_links":{"self":[{"href":"https:\/\/www.topohvar.at\/topo\/wp-json\/wp\/v2\/pages\/56713","targetHints":{"allow":["GET"]}}],"collection":[{"href":"https:\/\/www.topohvar.at\/topo\/wp-json\/wp\/v2\/pages"}],"about":[{"href":"https:\/\/www.topohvar.at\/topo\/wp-json\/wp\/v2\/types\/page"}],"author":[{"embeddable":true,"href":"https:\/\/www.topohvar.at\/topo\/wp-json\/wp\/v2\/users\/1"}],"replies":[{"embeddable":true,"href":"https:\/\/www.topohvar.at\/topo\/wp-json\/wp\/v2\/comments?post=56713"}],"version-history":[{"count":5,"href":"https:\/\/www.topohvar.at\/topo\/wp-json\/wp\/v2\/pages\/56713\/revisions"}],"predecessor-version":[{"id":66819,"href":"https:\/\/www.topohvar.at\/topo\/wp-json\/wp\/v2\/pages\/56713\/revisions\/66819"}],"up":[{"embeddable":true,"href":"https:\/\/www.topohvar.at\/topo\/wp-json\/wp\/v2\/pages\/115"}],"wp:attachment":[{"href":"https:\/\/www.topohvar.at\/topo\/wp-json\/wp\/v2\/media?parent=56713"}],"curies":[{"name":"wp","href":"https:\/\/api.w.org\/{rel}","templated":true}]}}

ZASTRAŽIŠĆE – Kula »Haračića«

<p><a name="seite_oben"></a><br />
<strong><img loading="lazy" decoding="async" class="alignnone wp-image-387 size-full" src="https://www.topohvar.at/wp-content/uploads/2018/07/00-00-00-1.jpg" alt="" width="114" height="56" /></strong></p>
<p><strong>Ime / Name<br />
</strong>Kula »Haračića« / Turm Haračić</p>
<p><strong>Code: </strong>ZA-TD-02                                                  <strong> <a href="https://www.topohvar.at/topo/orte/za/za-td-01-1/"><img loading="lazy" decoding="async" class="alignnone wp-image-533 size-full" src="https://www.topohvar.at/wp-content/uploads/2018/07/push-l-30.jpg" alt="" width="61" height="30" /></a> <a href="https://www.topohvar.at/orte/za/"><img loading="lazy" decoding="async" class="alignnone wp-image-535 size-full" src="https://www.topohvar.at/wp-content/uploads/2018/07/push-o-30.jpg" alt="" width="61" height="30" /></a> </strong></p>
<hr />
<p><strong>Adresa / Adresse<br />
</strong>Zastražišće</p>
<p><strong>Lokalna položaj / Position<a href="https://goo.gl/maps/DyMWcZasu5M79efe9"><img loading="lazy" decoding="async" class="alignright wp-image-56714" src="https://www.topohvar.at/wp-content/uploads/2022/01/3384.jpg" alt="" width="134" height="100" /></a><br />
</strong><span style="color: #3366ff;"><a style="color: #3366ff;" href="https://goo.gl/maps/DyMWcZasu5M79efe9">Latitude: N 43,14785°   Longitude: E 16,84550°</a></span> <strong><br />
</strong>Visina / Höhe: 175 m</p>
<p><strong>Zemljište / Grundstücke<br />
</strong>*147 <div class='content-column one_half'><div style="padding-right:6px;"><p><strong>Datum snimanja / Erfassungsdatum<br />
</strong>12.05.2018 13:01:00</p>
<hr />
<p><strong>Informacije</strong></p>
<p>U blizini crkvice svete Barbare nalazi se kula Haračića iz XVII. St. Kula Haračića dan danas svjedoči o postojanju obitelji koja je našem mjestu u nasljedstvo ostavila neobičnu legendu o ”morskemu čoviku”.</p></div></div><div class='content-column one_half last_column'><div style="padding-right:0px;padding-left:6px;"><p><strong>Zaštitni položaj / Schutzstellung<br />
</strong>&#8211;</p>
<hr />
<p><strong>Info</strong></p>
<p>In der Nähe der Kirche St. Barbara befindet sich der Turm Haračić aus dem 17. Jahrhundert. Heute zeugt der Haračić-Turm von der Existenz einer Familie, die unserem Ort das Erbe einer ungewöhnlichen Legende über einen „Seemann“ hinterlassen hat.</p></div></div><div class='clear_column'></div><div class='content-column one_half'><div style="padding-right:6px;"><p>Usmena predaja nam govori kako je ta bogata vlastelinska obitelj jednog dana otišla na ribanje. Dan je obilježio neobičan ulov. Stvorenje koje su ulovili nije bilo ni riba ni čovjek pa su ga nazvali ”morski čovik”. Zatočili su ga u kavez bez hrane i pića, te smjestili uz kamin u kojem je gorjela vatra. Jedan obrambeni toranj s natpisom sagradio je Gazar Anđelinović 1624. godine, a djelomično srušen 1949. godine. Na toj kuli je bio jedan od prvih natpisa na hrvatskom jeziku na otoku Hvaru, a datira iz 1624. godine. Natpis je danas u župnoj crkvi sv. Nichola.</p></div></div><div class='content-column one_half last_column'><div style="padding-right:0px;padding-left:6px;"><p>Mündliche Überlieferungen erzählen uns, wie diese reiche Adelsfamilie eines Tages fischen ging. Der Tag war geprägt von einem ungewöhnlichen Fang. Die Kreatur, die sie fingen, war weder ein Fisch noch ein Mensch, also nannten sie ihn einen „Seemann“. Er wurde ohne Essen und Trinken in einen Käfig gesperrt und neben den Kamin gestellt, wo ein Feuer brannte.</p></div></div><div class='clear_column'></div><div class='content-column one_half'><div style="padding-right:6px;"><p>Vrućina je bila strahovito mučenje za ”morskog čovika”, no u trenutku neopreznosti tamničara, ”morski čovik” je uspio pobjeći iz kaveza. Trčeći prema moru koje je bilo njegov spas prokleo je Haračiće da se zbog muka koje je podnio njihovo ime nakon sto godina više nikada ne spomene u Zastražišću, odnosno da izumre njihovo koljeno.</p></div></div><div class='content-column one_half last_column'><div style="padding-right:0px;padding-left:6px;"><p>Die Hitze war eine schreckliche Qual für den „Seemann“, aber in einem Moment der Unachtsamkeit des Gefängniswärters gelang es dem „Seemann“ aus dem Käfig zu entkommen. Er rannte zum Meer, das seine Rettung war, und verfluchte die Haračić, dass ihr Name wegen der erlittenen Qualen in Zastražišće nach hundert Jahren nie wieder erwähnt wird. Das heißt, dass ihre Generation aussterben wird.</p></div></div><div class='clear_column'></div><div class='content-column one_half'><div style="padding-right:6px;"><p>I uistinu, ime posljednjih živućih članova obitelji je zadnji put spomenuto u Zastražišću 1813. nakon otprilike 100 godina. Kao ostavština su ostali zidovi kule Haračića i legenda koja se još uvijek prenosi mlađim naraštajima.</p></div></div><div class='content-column one_half last_column'><div style="padding-right:0px;padding-left:6px;"><p>Und tatsächlich wurde der Name der letzten lebenden Familienmitglieder in Zastražišće zuletzt im Jahr 1813 also nach etwa 100 Jahren erwähnt. Die Mauern des Haračić-Turms und die Legende, die immer noch an jüngere Generationen weitergegeben wird, sind als Erbe geblieben.</p></div></div><div class='clear_column'></div></p>
<p style="text-align: center;"><em>(Izvor: / Quelle: <span style="color: #3366ff;"><a style="color: #3366ff;" href="https://tzjelsa.hr/hr/destinacija/zastrazisce/">TZ Jelsa</a></span>)</em></p>
<p style="text-align: right;"><span style="color: #3366ff;"><a style="color: #3366ff;" href="#seite_oben">natrag na vrh / Seitenanfang</a></span></p>
<hr />
<p><strong>Linkovi / Links</strong></p>
<p>&#8211;</p>

<p>Ime / Name Kula »Haračića« / Turm Haračić Code: ZA-TD-02                                                     Adresa / Adresse Zastražišće Lokalna &hellip; <a href="https://www.topohvar.at/topo/orte/za/za-td-02-1/">Weiterlesen <span class="meta-nav">&rarr;</span></a></p>
