{"id":5814,"date":"2018-08-16T17:52:44","date_gmt":"2018-08-16T15:52:44","guid":{"rendered":"https:\/\/www.topohvar.at\/?page_id=5814"},"modified":"2021-12-02T15:03:40","modified_gmt":"2021-12-02T14:03:40","slug":"sa-aa-01-1","status":"publish","type":"page","link":"https:\/\/www.topohvar.at\/topo\/orte\/sa\/sa-aa-01-1\/","title":{"rendered":"SELCA (kod Starog Grada) &#8211; Ruralna cjelina \u00bbSelca\u00ab"},"content":{"rendered":"<p><a name=\"seite_oben\"><\/a><br \/>\n<img loading=\"lazy\" decoding=\"async\" class=\"alignnone wp-image-5795 size-large\" src=\"https:\/\/www.topohvar.at\/wp-content\/uploads\/2018\/08\/SA-TG-00-0-1024x503.jpg\" alt=\"\" width=\"640\" height=\"314\" srcset=\"https:\/\/www.topohvar.at\/wp-content\/uploads\/2018\/08\/SA-TG-00-0-1024x503.jpg 1024w, https:\/\/www.topohvar.at\/wp-content\/uploads\/2018\/08\/SA-TG-00-0-300x147.jpg 300w, https:\/\/www.topohvar.at\/wp-content\/uploads\/2018\/08\/SA-TG-00-0-768x377.jpg 768w, https:\/\/www.topohvar.at\/wp-content\/uploads\/2018\/08\/SA-TG-00-0.jpg 1080w\" sizes=\"auto, (max-width: 640px) 100vw, 640px\" \/><\/p>\n<p><strong>Ime \/ Name<br \/>\n<\/strong>Ruralna cjelina \/ d\u00f6rflich-l\u00e4ndliche Einheit\u00bbSelca\u00ab<\/p>\n<p><strong>Code: <\/strong>SA-AA-01\u00a0 \u00a0 \u00a0 \u00a0 \u00a0 \u00a0 \u00a0 \u00a0 \u00a0 \u00a0 \u00a0 \u00a0 \u00a0 \u00a0 \u00a0 \u00a0 \u00a0 \u00a0 \u00a0 \u00a0 \u00a0 \u00a0 \u00a0 \u00a0 \u00a0\u00a0<strong> <a href=\"https:\/\/www.topohvar.at\/orte\/sa\/\"><img loading=\"lazy\" decoding=\"async\" class=\"alignnone wp-image-535 size-full\" src=\"https:\/\/www.topohvar.at\/wp-content\/uploads\/2018\/07\/push-o-30.jpg\" alt=\"\" width=\"61\" height=\"30\" \/><\/a> <a href=\"https:\/\/www.topohvar.at\/topo\/orte\/sa\/sa-ai-01-1\/\"><img loading=\"lazy\" decoding=\"async\" class=\"alignnone wp-image-536 size-full\" src=\"https:\/\/www.topohvar.at\/wp-content\/uploads\/2018\/07\/push-r-30.jpg\" alt=\"\" width=\"61\" height=\"30\" \/><\/a> <\/strong><\/p>\n<hr \/>\n<p><strong>Adresa \/ Adresse<br \/>\n<\/strong>Selca (kod Starog Grada)<\/p>\n<p><strong>Lokacija \/ Position<a href=\"https:\/\/goo.gl\/maps\/StsMr2WK5MXFZYQe7\"><img loading=\"lazy\" decoding=\"async\" class=\"alignright wp-image-5819\" src=\"https:\/\/www.topohvar.at\/wp-content\/uploads\/2018\/08\/1044.jpg\" alt=\"\" width=\"133\" height=\"100\" \/><\/a><br \/>\n<\/strong><span style=\"color: #3366ff;\"><a style=\"color: #3366ff;\" href=\"https:\/\/goo.gl\/maps\/StsMr2WK5MXFZYQe7\">Latitude: N 43,16556\u00b0\u00a0 \u00a0Longitude: E 16,56635\u00b0<\/a> <\/span><strong><br \/>\n<\/strong>Visina \/ H\u00f6he: 220m<\/p>\n<p><strong>Katastarska \u010destica <\/strong><strong>\/ Grundst\u00fccke<br \/>\n<\/strong>&#8211;<div class='content-column one_half'><div style=\"padding-right:6px;\"><p><strong>Datum snimanja \/ Erfassungsdatum<br \/>\n<\/strong>05.05.2016 14:35:00<\/p>\n<hr \/>\n<p><strong>Informacije<\/strong><\/p>\n<p>Selca je tipi\u010dno dalmatinsko selo s crkvom i mnogo kamenih ku\u0107a. Je\u00a0suburbium Staroga Grada i nalazi se oko 4 km od grada Starog Grada. Neko\u0107 \u017eivahno mjesto sada je mirno, rustikalno selo, idealno za one koji tra\u017ee mala, tradicionalna mjesta s prekrasnim kamenim ku\u0107ama.<\/p><\/div><\/div><div class='content-column one_half last_column'><div style=\"padding-right:0px;padding-left:6px;\"><p><strong>Stupanj za\u0161tite <\/strong><strong>\/ Schutzstellung<br \/>\n<\/strong>P-2768<\/p>\n<hr \/>\n<p><strong>Info<\/strong><\/p>\n<p>Selca ist ein typisch dalmatinisches Dorf mit einer Kirche und vielen Steinh\u00e4usern. Es ist ein &#8222;Vorort&#8220; von Stari Grad und etwa 4 km von der Stadt Stari Grad entfernt\u00a0 Was vor einiger Zeit ein lebhafter Ort war, ist heute ein ruhiges, rustikales Dorf, ideal f\u00fcr diejenigen, die nach kleinen, traditionellen Orten mit sch\u00f6nen Steinh\u00e4usern suchen.<\/p><\/div><\/div><div class='clear_column'><\/div><div class='content-column one_half'><div style=\"padding-right:6px;\"><p>Oko 1900. ovdje je jo\u0161 \u017eivjelo ne\u0161to manje od 200 stanovnika, a danas ih je samo ne\u0161to vi\u0161e od desetak.\u00a0Ve\u0107ina ku\u0107a je napu\u0161tena, ali neke od njih lijepo su obnovili novi vlasnici koji ovdje provode svoj odmor.<\/p><\/div><\/div><div class='content-column one_half last_column'><div style=\"padding-right:0px;padding-left:6px;\"><p>Um das Jahr 1900 lebten hier noch knapp 200 Einwohner, heute sind es nur mehr etwas mehr als ein Dutzend.\u00a0Die meisten H\u00e4user wurden aufgegeben, aber einige von ihnen wurden von neuen Eigent\u00fcmern, die hier ihren Urlaub verbringen, wundersch\u00f6n restauriert.<\/p><\/div><\/div><div class='clear_column'><\/div><div class='content-column one_half'><div style=\"padding-right:6px;\"><p>Iznad sela slikovite Gomilice, devastiran grob lije\u010dnika D. Gazzarija, na putu za Sv. Nikolu,<\/p><\/div><\/div><div class='content-column one_half last_column'><div style=\"padding-right:0px;padding-left:6px;\"><p>\u00dcber dem Dorf malerische Gomilice und das verw\u00fcstete Grab von Doktor D. Gazzari, auf dem Weg nach Sv. Nikola.<\/p><\/div><\/div><div class='clear_column'><\/div><\/p>\n<p><img loading=\"lazy\" decoding=\"async\" class=\"aligncenter wp-image-37823 size-full\" src=\"https:\/\/www.topohvar.at\/wp-content\/uploads\/2020\/05\/sa-aa-01-11.jpg\" alt=\"\" width=\"1080\" height=\"528\" srcset=\"https:\/\/www.topohvar.at\/wp-content\/uploads\/2020\/05\/sa-aa-01-11.jpg 1080w, https:\/\/www.topohvar.at\/wp-content\/uploads\/2020\/05\/sa-aa-01-11-300x147.jpg 300w, https:\/\/www.topohvar.at\/wp-content\/uploads\/2020\/05\/sa-aa-01-11-1024x501.jpg 1024w, https:\/\/www.topohvar.at\/wp-content\/uploads\/2020\/05\/sa-aa-01-11-768x375.jpg 768w\" sizes=\"auto, (max-width: 1080px) 100vw, 1080px\" \/><\/p>\n<p style=\"text-align: right;\"><span style=\"color: #3366ff;\"><a style=\"color: #3366ff;\" href=\"#seite_oben\">natrag na vrh \/ Seitenanfang<\/a><\/span><\/p>\n<hr \/>\n<p><strong>Linkovi \/ Links<\/strong><\/p>\n<p>&#8211;<\/p>\n","protected":false},"excerpt":{"rendered":"<p>Ime \/ Name Ruralna cjelina \/ d\u00f6rflich-l\u00e4ndliche Einheit\u00bbSelca\u00ab Code: SA-AA-01\u00a0 \u00a0 \u00a0 \u00a0 \u00a0 \u00a0 \u00a0 \u00a0 \u00a0 \u00a0 \u00a0 \u00a0 \u00a0 \u00a0 \u00a0 \u00a0 \u00a0 \u00a0 \u00a0 \u00a0 \u00a0 \u00a0 \u00a0 \u00a0 \u00a0\u00a0 Adresa \/ Adresse Selca (kod Starog &hellip; <a href=\"https:\/\/www.topohvar.at\/topo\/orte\/sa\/sa-aa-01-1\/\">Weiterlesen <span class=\"meta-nav\">&rarr;<\/span><\/a><\/p>\n","protected":false},"author":1,"featured_media":0,"parent":95,"menu_order":0,"comment_status":"closed","ping_status":"closed","template":"","meta":{"footnotes":""},"class_list":["post-5814","page","type-page","status-publish","hentry"],"_links":{"self":[{"href":"https:\/\/www.topohvar.at\/topo\/wp-json\/wp\/v2\/pages\/5814","targetHints":{"allow":["GET"]}}],"collection":[{"href":"https:\/\/www.topohvar.at\/topo\/wp-json\/wp\/v2\/pages"}],"about":[{"href":"https:\/\/www.topohvar.at\/topo\/wp-json\/wp\/v2\/types\/page"}],"author":[{"embeddable":true,"href":"https:\/\/www.topohvar.at\/topo\/wp-json\/wp\/v2\/users\/1"}],"replies":[{"embeddable":true,"href":"https:\/\/www.topohvar.at\/topo\/wp-json\/wp\/v2\/comments?post=5814"}],"version-history":[{"count":15,"href":"https:\/\/www.topohvar.at\/topo\/wp-json\/wp\/v2\/pages\/5814\/revisions"}],"predecessor-version":[{"id":54335,"href":"https:\/\/www.topohvar.at\/topo\/wp-json\/wp\/v2\/pages\/5814\/revisions\/54335"}],"up":[{"embeddable":true,"href":"https:\/\/www.topohvar.at\/topo\/wp-json\/wp\/v2\/pages\/95"}],"wp:attachment":[{"href":"https:\/\/www.topohvar.at\/topo\/wp-json\/wp\/v2\/media?parent=5814"}],"curies":[{"name":"wp","href":"https:\/\/api.w.org\/{rel}","templated":true}]}}