{"id":5868,"date":"2018-08-16T18:51:07","date_gmt":"2018-08-16T16:51:07","guid":{"rendered":"https:\/\/www.topohvar.at\/?page_id=5868"},"modified":"2021-05-12T09:22:33","modified_gmt":"2021-05-12T07:22:33","slug":"sa-tr-09-1","status":"publish","type":"page","link":"https:\/\/www.topohvar.at\/topo\/orte\/sa\/sa-tr-09-1\/","title":{"rendered":"SELCA (kod Starog Grada) &#8211; Trim \u00bbSG-TR-09 \u00ab"},"content":{"rendered":"<p><a name=\"seite_oben\"><\/a><br \/>\n<img loading=\"lazy\" decoding=\"async\" class=\"aligncenter wp-image-24268 size-large\" src=\"https:\/\/www.topohvar.at\/wp-content\/uploads\/2019\/10\/sa-tr-09-21-1024x503.jpg\" alt=\"\" width=\"640\" height=\"314\" srcset=\"https:\/\/www.topohvar.at\/wp-content\/uploads\/2019\/10\/sa-tr-09-21-1024x503.jpg 1024w, https:\/\/www.topohvar.at\/wp-content\/uploads\/2019\/10\/sa-tr-09-21-300x147.jpg 300w, https:\/\/www.topohvar.at\/wp-content\/uploads\/2019\/10\/sa-tr-09-21-768x377.jpg 768w, https:\/\/www.topohvar.at\/wp-content\/uploads\/2019\/10\/sa-tr-09-21.jpg 1080w\" sizes=\"auto, (max-width: 640px) 100vw, 640px\" \/><\/p>\n<p><strong>Ime \/ Name<br \/>\n<\/strong>Trim \u00bbSG-TR-09\u00ab<\/p>\n<p><strong>Code: <\/strong>SG-TR-09\u00a0 \u00a0 \u00a0 \u00a0 \u00a0 \u00a0 \u00a0 \u00a0 \u00a0 \u00a0 \u00a0 \u00a0 \u00a0 \u00a0 \u00a0 \u00a0 \u00a0 \u00a0 \u00a0 \u00a0 <strong><a href=\"https:\/\/www.topohvar.at\/orte\/sa\/sa-tr-00-1\/\"><img loading=\"lazy\" decoding=\"async\" class=\"alignnone wp-image-12300 size-full\" src=\"https:\/\/www.topohvar.at\/wp-content\/uploads\/2018\/09\/push-vor-30.jpg\" alt=\"\" width=\"61\" height=\"30\" \/><\/a><\/strong>\u00a0<strong><a href=\"https:\/\/www.topohvar.at\/orte\/sa\/sa-tr-06-1\/\"><img loading=\"lazy\" decoding=\"async\" class=\"alignnone wp-image-533 size-full\" src=\"https:\/\/www.topohvar.at\/wp-content\/uploads\/2018\/07\/push-l-30.jpg\" alt=\"\" width=\"61\" height=\"30\" \/><\/a> <a href=\"https:\/\/www.topohvar.at\/orte\/sa\/\"><img loading=\"lazy\" decoding=\"async\" class=\"alignnone wp-image-535 size-full\" src=\"https:\/\/www.topohvar.at\/wp-content\/uploads\/2018\/07\/push-o-30.jpg\" alt=\"\" width=\"61\" height=\"30\" \/><\/a> <a href=\"https:\/\/www.topohvar.at\/orte\/sa\/sa-tr-25-1\/\"><img loading=\"lazy\" decoding=\"async\" class=\"alignnone wp-image-536 size-full\" src=\"https:\/\/www.topohvar.at\/wp-content\/uploads\/2018\/07\/push-r-30.jpg\" alt=\"\" width=\"61\" height=\"30\" \/><\/a><\/strong><\/p>\n<hr \/>\n<p><strong>Adresa \/ Adresse<br \/>\n<\/strong>Selca (kod Starog Grada), put\u00a0Selca &#8211; Purkin Kuk<\/p>\n<p><strong>Lokacija \/ Position<a href=\"https:\/\/goo.gl\/maps\/4Qg4SNJT67FzupJi7\"><img loading=\"lazy\" decoding=\"async\" class=\"alignright wp-image-5877\" src=\"https:\/\/www.topohvar.at\/wp-content\/uploads\/2018\/08\/0519.jpg\" alt=\"\" width=\"133\" height=\"100\" \/><\/a><br \/>\n<\/strong><span style=\"color: #3366ff;\"><a style=\"color: #3366ff;\" href=\"https:\/\/goo.gl\/maps\/4Qg4SNJT67FzupJi7\">Latitude: N 43,16199\u00b0\u00a0 \u00a0Longitude: E 16,57596\u00b0<\/a> <\/span><strong><br \/>\n<\/strong>Visina \/ H\u00f6he: 313 m<\/p>\n<p><strong>Katastarska \u010destica \/ Grundst\u00fccke<br \/>\n<\/strong>1085\/1<div class='content-column one_half'><div style=\"padding-right:6px;\"><p><strong>Datum snimanja \/ Erfassungsdatum<br \/>\n<\/strong>17.09.2015 12:18:51<\/p>\n<hr \/>\n<p><strong>Informacije<\/strong><\/p>\n<p>Dvostepeni trim nalazi se ispod nekada\u0161nje rute od Selca do Purkin Kuka. Integriran je u kameni zid koji razdvaja nekada\u0161nji kulturni krajolik od gustih grmova na zapadu. Nepravilna trapezoidna unutra\u0161njost prekrivena je vrlo velikom kamenom plo\u010dom na vrhu. Trim je dobro o\u010duvan i vi\u0161e se ne koristi.<\/p><\/div><\/div><div class='content-column one_half last_column'><div style=\"padding-right:0px;padding-left:6px;\"><p><strong>Stupanj za\u0161tite \/ Schutzstellung<br \/>\n<\/strong>&#8211;<\/p>\n<hr \/>\n<p><strong>Info<\/strong><\/p>\n<p>Der zweistufige Trim befindet sich unterhalb des ehemaligen Weges von Selca nach Purkin Kuk. Er ist in eine Steinmauer integriert, die ehemalige Kulturlandschaft gegen dichtes Buschwerk im Westen abgrenzt. Der unregelm\u00e4\u00dfig-trapezf\u00f6rmige Innenraum ist oben mit einer sehr gro\u00dfen Steinplatte gedeckt. Der Trim ist gut erhalten und wird nicht mehr genutzt.<\/p><\/div><\/div><div class='clear_column'><\/div><div class='content-column one_half'><div style=\"padding-right:6px;\"><div id=\"attachment_24717\" style=\"width: 310px\" class=\"wp-caption aligncenter\"><img loading=\"lazy\" decoding=\"async\" aria-describedby=\"caption-attachment-24717\" class=\"size-full wp-image-24717\" src=\"https:\/\/www.topohvar.at\/wp-content\/uploads\/2019\/12\/sa-tr-09-20.jpg\" alt=\"\" width=\"300\" height=\"300\" srcset=\"https:\/\/www.topohvar.at\/wp-content\/uploads\/2019\/12\/sa-tr-09-20.jpg 300w, https:\/\/www.topohvar.at\/wp-content\/uploads\/2019\/12\/sa-tr-09-20-150x150.jpg 150w\" sizes=\"auto, (max-width: 300px) 100vw, 300px\" \/><p id=\"caption-attachment-24717\" class=\"wp-caption-text\">Ulaz \/ Eingang<\/p><\/div>\n<p>Dana 01.10.2019 trim je posje\u0107en i prona\u0111en je sljede\u0107i<\/p>\n<p>Lokacija: grmlje<br \/>\nPodzemlje: sklon<br \/>\nSklop: kameni zid<br \/>\nUpotreba: ne koristi<br \/>\nStanje izgradnje: dobro sa\u010duvan<br \/>\nBroj prstenova trima: dva prstena<br \/>\nDodatni kameni prsten: nema kamenog prstena<br \/>\nStepeni\u0161te: nema stepenica<br \/>\nOblik kamena: uglast<br \/>\nPodru\u010dje ispred ulaza: lako dostupni<br \/>\nVrata na stranicu: JZ (220\u00b0)<br \/>\nPromjer trima (cm): 390<br \/>\nVisina trima (cm): 270<br \/>\nVisina prstena (cm): prsten 1: 190 , prsten 2: 250<br \/>\nDebljina zida (cm): 80<br \/>\n\u0160irina vrata (cm): 100<br \/>\nVisina vrata (cm): 110<br \/>\n\u0160irina unutra (cm): 200 &#8211; 230<br \/>\nVisina unutra (cm): 260<br \/>\nVolumen iznutra (m3): 5,89<br \/>\nNema ni\u0161e<\/p><\/div><\/div><div class='content-column one_half last_column'><div style=\"padding-right:0px;padding-left:6px;\"><div id=\"attachment_24718\" style=\"width: 310px\" class=\"wp-caption aligncenter\"><img loading=\"lazy\" decoding=\"async\" aria-describedby=\"caption-attachment-24718\" class=\"size-full wp-image-24718\" src=\"https:\/\/www.topohvar.at\/wp-content\/uploads\/2019\/12\/sa-tr-09-29.jpg\" alt=\"\" width=\"300\" height=\"300\" srcset=\"https:\/\/www.topohvar.at\/wp-content\/uploads\/2019\/12\/sa-tr-09-29.jpg 300w, https:\/\/www.topohvar.at\/wp-content\/uploads\/2019\/12\/sa-tr-09-29-150x150.jpg 150w\" sizes=\"auto, (max-width: 300px) 100vw, 300px\" \/><p id=\"caption-attachment-24718\" class=\"wp-caption-text\">Pogled na zapad \/ Blick nach Westen<\/p><\/div>\n<p>Am 01.10.2019 wurde der Trim besucht und untersucht<\/p>\n<p>Standort: Buschwerk<br \/>\nUntergrund: geneigt<br \/>\nVerbunden mit: Steinmauer<br \/>\nNutzung: ungenutzt<br \/>\nZustand: gut erhalten<br \/>\nRinge\/Stufen des Trim: zweistufig<br \/>\nZus\u00e4tzlicher Steinring: kein Steinring<br \/>\nStiege: keine Stufen<br \/>\nSteinform: kantig<br \/>\nEingangsbereich: frei<br \/>\nEingangsseite: SW (220\u00b0)<br \/>\nTrimdurchmesser (cm): 390<br \/>\nTrimh\u00f6he (cm): 270<br \/>\nStufen\/Ringh\u00f6he (cm): Ring 1: 190 , Ring 2: 250<br \/>\nWandst\u00e4rke: 80<br \/>\nT\u00fcrbreite (cm): 100<br \/>\nT\u00fcrh\u00f6he (cm): 110<br \/>\nInnenraumbreite (cm): 200 &#8211; 230<br \/>\nInnenraumh\u00f6he (cm): 260<br \/>\nRaumvolumen (m3): 5,89<br \/>\nKeine Nische<\/p><\/div><\/div><div class='clear_column'><\/div><\/p>\n<p><img loading=\"lazy\" decoding=\"async\" class=\"aligncenter size-full wp-image-24719\" src=\"https:\/\/www.topohvar.at\/wp-content\/uploads\/2019\/12\/sa-tr-09-sc.jpg\" alt=\"\" width=\"600\" height=\"919\" srcset=\"https:\/\/www.topohvar.at\/wp-content\/uploads\/2019\/12\/sa-tr-09-sc.jpg 600w, https:\/\/www.topohvar.at\/wp-content\/uploads\/2019\/12\/sa-tr-09-sc-196x300.jpg 196w\" sizes=\"auto, (max-width: 600px) 100vw, 600px\" \/><\/p>\n<p style=\"text-align: right;\"><a href=\"#seite_oben\">natrag na vrh \/ Seitenanfang<\/a><\/p>\n<hr \/>\n<p><strong>Linkovi \/ Links<\/strong><\/p>\n<p>&#8211;<\/p>\n","protected":false},"excerpt":{"rendered":"<p>Ime \/ Name Trim \u00bbSG-TR-09\u00ab Code: SG-TR-09\u00a0 \u00a0 \u00a0 \u00a0 \u00a0 \u00a0 \u00a0 \u00a0 \u00a0 \u00a0 \u00a0 \u00a0 \u00a0 \u00a0 \u00a0 \u00a0 \u00a0 \u00a0 \u00a0 \u00a0 \u00a0 Adresa \/ Adresse Selca (kod Starog Grada), put\u00a0Selca &#8211; Purkin Kuk Lokacija \/ &hellip; <a href=\"https:\/\/www.topohvar.at\/topo\/orte\/sa\/sa-tr-09-1\/\">Weiterlesen <span class=\"meta-nav\">&rarr;<\/span><\/a><\/p>\n","protected":false},"author":1,"featured_media":0,"parent":95,"menu_order":0,"comment_status":"closed","ping_status":"closed","template":"","meta":{"footnotes":""},"class_list":["post-5868","page","type-page","status-publish","hentry"],"_links":{"self":[{"href":"https:\/\/www.topohvar.at\/topo\/wp-json\/wp\/v2\/pages\/5868","targetHints":{"allow":["GET"]}}],"collection":[{"href":"https:\/\/www.topohvar.at\/topo\/wp-json\/wp\/v2\/pages"}],"about":[{"href":"https:\/\/www.topohvar.at\/topo\/wp-json\/wp\/v2\/types\/page"}],"author":[{"embeddable":true,"href":"https:\/\/www.topohvar.at\/topo\/wp-json\/wp\/v2\/users\/1"}],"replies":[{"embeddable":true,"href":"https:\/\/www.topohvar.at\/topo\/wp-json\/wp\/v2\/comments?post=5868"}],"version-history":[{"count":15,"href":"https:\/\/www.topohvar.at\/topo\/wp-json\/wp\/v2\/pages\/5868\/revisions"}],"predecessor-version":[{"id":49108,"href":"https:\/\/www.topohvar.at\/topo\/wp-json\/wp\/v2\/pages\/5868\/revisions\/49108"}],"up":[{"embeddable":true,"href":"https:\/\/www.topohvar.at\/topo\/wp-json\/wp\/v2\/pages\/95"}],"wp:attachment":[{"href":"https:\/\/www.topohvar.at\/topo\/wp-json\/wp\/v2\/media?parent=5868"}],"curies":[{"name":"wp","href":"https:\/\/api.w.org\/{rel}","templated":true}]}}

<p><a name="seite_oben"></a><br />
<img loading="lazy" decoding="async" class="aligncenter wp-image-24268 size-large" src="https://www.topohvar.at/wp-content/uploads/2019/10/sa-tr-09-21-1024x503.jpg" alt="" width="640" height="314" srcset="https://www.topohvar.at/wp-content/uploads/2019/10/sa-tr-09-21-1024x503.jpg 1024w, https://www.topohvar.at/wp-content/uploads/2019/10/sa-tr-09-21-300x147.jpg 300w, https://www.topohvar.at/wp-content/uploads/2019/10/sa-tr-09-21-768x377.jpg 768w, https://www.topohvar.at/wp-content/uploads/2019/10/sa-tr-09-21.jpg 1080w" sizes="auto, (max-width: 640px) 100vw, 640px" /></p>
<p><strong>Ime / Name<br />
</strong>Trim »SG-TR-09«</p>
<p><strong>Code: </strong>SG-TR-09                                        <strong><a href="https://www.topohvar.at/orte/sa/sa-tr-00-1/"><img loading="lazy" decoding="async" class="alignnone wp-image-12300 size-full" src="https://www.topohvar.at/wp-content/uploads/2018/09/push-vor-30.jpg" alt="" width="61" height="30" /></a></strong> <strong><a href="https://www.topohvar.at/orte/sa/sa-tr-06-1/"><img loading="lazy" decoding="async" class="alignnone wp-image-533 size-full" src="https://www.topohvar.at/wp-content/uploads/2018/07/push-l-30.jpg" alt="" width="61" height="30" /></a> <a href="https://www.topohvar.at/orte/sa/"><img loading="lazy" decoding="async" class="alignnone wp-image-535 size-full" src="https://www.topohvar.at/wp-content/uploads/2018/07/push-o-30.jpg" alt="" width="61" height="30" /></a> <a href="https://www.topohvar.at/orte/sa/sa-tr-25-1/"><img loading="lazy" decoding="async" class="alignnone wp-image-536 size-full" src="https://www.topohvar.at/wp-content/uploads/2018/07/push-r-30.jpg" alt="" width="61" height="30" /></a></strong></p>
<hr />
<p><strong>Adresa / Adresse<br />
</strong>Selca (kod Starog Grada), put Selca &#8211; Purkin Kuk</p>
<p><strong>Lokacija / Position<a href="https://goo.gl/maps/4Qg4SNJT67FzupJi7"><img loading="lazy" decoding="async" class="alignright wp-image-5877" src="https://www.topohvar.at/wp-content/uploads/2018/08/0519.jpg" alt="" width="133" height="100" /></a><br />
</strong><span style="color: #3366ff;"><a style="color: #3366ff;" href="https://goo.gl/maps/4Qg4SNJT67FzupJi7">Latitude: N 43,16199°   Longitude: E 16,57596°</a> </span><strong><br />
</strong>Visina / Höhe: 313 m</p>
<p><strong>Katastarska čestica / Grundstücke<br />
</strong>1085/1<div class='content-column one_half'><div style="padding-right:6px;"><p><strong>Datum snimanja / Erfassungsdatum<br />
</strong>17.09.2015 12:18:51</p>
<hr />
<p><strong>Informacije</strong></p>
<p>Dvostepeni trim nalazi se ispod nekadašnje rute od Selca do Purkin Kuka. Integriran je u kameni zid koji razdvaja nekadašnji kulturni krajolik od gustih grmova na zapadu. Nepravilna trapezoidna unutrašnjost prekrivena je vrlo velikom kamenom pločom na vrhu. Trim je dobro očuvan i više se ne koristi.</p></div></div><div class='content-column one_half last_column'><div style="padding-right:0px;padding-left:6px;"><p><strong>Stupanj zaštite / Schutzstellung<br />
</strong>&#8211;</p>
<hr />
<p><strong>Info</strong></p>
<p>Der zweistufige Trim befindet sich unterhalb des ehemaligen Weges von Selca nach Purkin Kuk. Er ist in eine Steinmauer integriert, die ehemalige Kulturlandschaft gegen dichtes Buschwerk im Westen abgrenzt. Der unregelmäßig-trapezförmige Innenraum ist oben mit einer sehr großen Steinplatte gedeckt. Der Trim ist gut erhalten und wird nicht mehr genutzt.</p></div></div><div class='clear_column'></div><div class='content-column one_half'><div style="padding-right:6px;"><div id="attachment_24717" style="width: 310px" class="wp-caption aligncenter"><img loading="lazy" decoding="async" aria-describedby="caption-attachment-24717" class="size-full wp-image-24717" src="https://www.topohvar.at/wp-content/uploads/2019/12/sa-tr-09-20.jpg" alt="" width="300" height="300" srcset="https://www.topohvar.at/wp-content/uploads/2019/12/sa-tr-09-20.jpg 300w, https://www.topohvar.at/wp-content/uploads/2019/12/sa-tr-09-20-150x150.jpg 150w" sizes="auto, (max-width: 300px) 100vw, 300px" /><p id="caption-attachment-24717" class="wp-caption-text">Ulaz / Eingang</p></div>
<p>Dana 01.10.2019 trim je posjećen i pronađen je sljedeći</p>
<p>Lokacija: grmlje<br />
Podzemlje: sklon<br />
Sklop: kameni zid<br />
Upotreba: ne koristi<br />
Stanje izgradnje: dobro sačuvan<br />
Broj prstenova trima: dva prstena<br />
Dodatni kameni prsten: nema kamenog prstena<br />
Stepenište: nema stepenica<br />
Oblik kamena: uglast<br />
Područje ispred ulaza: lako dostupni<br />
Vrata na stranicu: JZ (220°)<br />
Promjer trima (cm): 390<br />
Visina trima (cm): 270<br />
Visina prstena (cm): prsten 1: 190 , prsten 2: 250<br />
Debljina zida (cm): 80<br />
Širina vrata (cm): 100<br />
Visina vrata (cm): 110<br />
Širina unutra (cm): 200 &#8211; 230<br />
Visina unutra (cm): 260<br />
Volumen iznutra (m3): 5,89<br />
Nema niše</p></div></div><div class='content-column one_half last_column'><div style="padding-right:0px;padding-left:6px;"><div id="attachment_24718" style="width: 310px" class="wp-caption aligncenter"><img loading="lazy" decoding="async" aria-describedby="caption-attachment-24718" class="size-full wp-image-24718" src="https://www.topohvar.at/wp-content/uploads/2019/12/sa-tr-09-29.jpg" alt="" width="300" height="300" srcset="https://www.topohvar.at/wp-content/uploads/2019/12/sa-tr-09-29.jpg 300w, https://www.topohvar.at/wp-content/uploads/2019/12/sa-tr-09-29-150x150.jpg 150w" sizes="auto, (max-width: 300px) 100vw, 300px" /><p id="caption-attachment-24718" class="wp-caption-text">Pogled na zapad / Blick nach Westen</p></div>
<p>Am 01.10.2019 wurde der Trim besucht und untersucht</p>
<p>Standort: Buschwerk<br />
Untergrund: geneigt<br />
Verbunden mit: Steinmauer<br />
Nutzung: ungenutzt<br />
Zustand: gut erhalten<br />
Ringe/Stufen des Trim: zweistufig<br />
Zusätzlicher Steinring: kein Steinring<br />
Stiege: keine Stufen<br />
Steinform: kantig<br />
Eingangsbereich: frei<br />
Eingangsseite: SW (220°)<br />
Trimdurchmesser (cm): 390<br />
Trimhöhe (cm): 270<br />
Stufen/Ringhöhe (cm): Ring 1: 190 , Ring 2: 250<br />
Wandstärke: 80<br />
Türbreite (cm): 100<br />
Türhöhe (cm): 110<br />
Innenraumbreite (cm): 200 &#8211; 230<br />
Innenraumhöhe (cm): 260<br />
Raumvolumen (m3): 5,89<br />
Keine Nische</p></div></div><div class='clear_column'></div></p>
<p><img loading="lazy" decoding="async" class="aligncenter size-full wp-image-24719" src="https://www.topohvar.at/wp-content/uploads/2019/12/sa-tr-09-sc.jpg" alt="" width="600" height="919" srcset="https://www.topohvar.at/wp-content/uploads/2019/12/sa-tr-09-sc.jpg 600w, https://www.topohvar.at/wp-content/uploads/2019/12/sa-tr-09-sc-196x300.jpg 196w" sizes="auto, (max-width: 600px) 100vw, 600px" /></p>
<p style="text-align: right;"><a href="#seite_oben">natrag na vrh / Seitenanfang</a></p>
<hr />
<p><strong>Linkovi / Links</strong></p>
<p>&#8211;</p>
