{"id":60528,"date":"2022-08-30T11:22:59","date_gmt":"2022-08-30T09:22:59","guid":{"rendered":"https:\/\/www.topohvar.at\/topo\/?page_id=60528"},"modified":"2024-12-31T16:46:38","modified_gmt":"2024-12-31T15:46:38","slug":"datenschutz","status":"publish","type":"page","link":"https:\/\/www.topohvar.at\/topo\/datenschutz\/","title":{"rendered":"Datenschutz"},"content":{"rendered":"<hr \/>\n<div class='content-column one_half'><div style=\"padding-right:6px;\"><h2>Izjava o privatnosti<\/h2><\/div><\/div><div class='content-column one_half last_column'><div style=\"padding-right:0px;padding-left:6px;\"><h2>Datenschutzerkl\u00e4rung<\/h2><\/div><\/div><div class='clear_column'><\/div><div class='content-column one_half'><div style=\"padding-right:6px;\"><p>Ova web stranica nije komercijalna, ve\u0107 je namijenjena isklju\u010divo informiranju i osobnom interesu posjetitelja. Njihovo kori\u0161tenje mogu\u0107e je samo bez davanja osobnih podataka.\u00a0 Stoga se osobni podaci ne prikupljaju, obra\u0111uju, pohranjuju ili dijele.<\/p><\/div><\/div><div class='content-column one_half last_column'><div style=\"padding-right:0px;padding-left:6px;\"><p>Diese Website ist keine gewerbliche Website, sondern dient ausschlie\u00dflich der Information und dem pers\u00f6nlichen Interesse der Besucher. Ihre Nutzung ist nur ohne Angabe personenbezogener Daten m\u00f6glich. Es werden daher keine personenbezogenen Daten gesammelt, verarbeitet, gespeichert oder geteilt.<\/p><\/div><\/div><div class='clear_column'><\/div><div class='content-column one_half'><div style=\"padding-right:6px;\"><p>Na stranicama objekata imate mogu\u0107nost vidjeti to\u010dnu lokaciju pojedinih objekata koriste\u0107i Google Maps. Objekti se zatim prikazuju na karti i mo\u017eete ih lak\u0161e prona\u0107i.<\/p><\/div><\/div><div class='content-column one_half last_column'><div style=\"padding-right:0px;padding-left:6px;\"><p>Auf den Objektseiten haben Sie die M\u00f6glichkeit den genauen Standort der einzelnen Objekte mittels Google-Maps zu sehen. Die Objekte werden dann in einer Karte gezeigt und Sie k\u00f6nnen sie viel leichter finden.<\/p><\/div><\/div><div class='clear_column'><\/div><div class='content-column one_half'><div style=\"padding-right:6px;\"><p>Me\u0111utim, kori\u0161tenjem Google karata podaci (IP adresa) se prenose Googleu i pohranjuju na Google poslu\u017eiteljima. Prema Europskom sudu pravde (ECJ), IP adrese tako\u0111er se ra\u010dunaju kao osobni podaci. IT stru\u010dnjaci mogu koristiti va\u0161u IP adresu kako bi odredili barem pribli\u017enu lokaciju va\u0161eg ure\u0111aja, a potom i vas kao vlasnika veze.<\/p><\/div><\/div><div class='content-column one_half last_column'><div style=\"padding-right:0px;padding-left:6px;\"><p>Durch die Verwendung von Google Maps werden jedoch Daten (IP-Adresse) an Google \u00fcbertragen und auf Google-Servern gespeichert. Laut Europ\u00e4ischem Gerichtshof (EuGH) z\u00e4hlen IP-Adressen auch zu den personenbezogenen Daten. IT-Experten k\u00f6nnten anhand Ihrer IP-Adresse zumindest den ungef\u00e4hren Standort Ihres Ger\u00e4ts und in weiterer Folge Sie als Anschlussinhaber ermitteln.<\/p><\/div><\/div><div class='clear_column'><\/div><div class='content-column one_half'><div style=\"padding-right:6px;\"><p>Ako to ne \u017eelite usluge Google-Maps, morate se zadovoljiti gledanjem odjeljka karte (primjer slike 1) na stranicama objekata. Nadalje, informacije o polo\u017eaju (primjer slike 2 &#8222;\u0160irina: <span style=\"color: #3366ff;\">N 43,16986\u00b0 Du\u017eina: E 16,64612\u00b0<\/span>&#8222;) koriste se samo za informacije i ne smiju se kliknuti.<\/p><\/div><\/div><div class='content-column one_half last_column'><div style=\"padding-right:0px;padding-left:6px;\"><p>Wenn Sie das Service von Google-Maps nicht m\u00f6chten m\u00fcssen Sie sich auf den Objektseiten mit der Betrachtung des Kartenausschnittes (Beispiel Bild 1) begn\u00fcgen. Weiters dient dann die Positionsangabe (Beispiel Bild 2 \u201e<span style=\"color: #3366ff;\">Latitude: N 43,16986\u00b0 Longitude: E 16,64612\u00b0<\/span>\u201c) lediglich als Information und sollte nicht angeklickt werden.<\/p><\/div><\/div><div class='clear_column'><\/div><div class='content-column one_half'><div style=\"padding-right:6px;\"><div id=\"attachment_6909\" style=\"width: 277px\" class=\"wp-caption aligncenter\"><img loading=\"lazy\" decoding=\"async\" aria-describedby=\"caption-attachment-6909\" class=\"wp-image-6909 size-full\" src=\"https:\/\/www.topohvar.at\/wp-content\/uploads\/2018\/08\/0865.jpg\" alt=\"\" width=\"267\" height=\"200\" \/><p id=\"caption-attachment-6909\" class=\"wp-caption-text\">slika 1 \/ Bild 1:<br \/>ne klikaj! \/ nicht anklicken!<\/p><\/div><\/div><\/div><div class='content-column one_half last_column'><div style=\"padding-right:0px;padding-left:6px;\"><div id=\"attachment_60538\" style=\"width: 277px\" class=\"wp-caption aligncenter\"><img loading=\"lazy\" decoding=\"async\" aria-describedby=\"caption-attachment-60538\" class=\"wp-image-60538 size-full\" src=\"https:\/\/www.topohvar.at\/wp-content\/uploads\/2022\/08\/position.jpg\" alt=\"\" width=\"267\" height=\"200\" \/><p id=\"caption-attachment-60538\" class=\"wp-caption-text\">slika 2 \/ Bild 2: Ne klikajte na poveznicu! \/ Link nicht anklicken!<\/p><\/div><\/div><\/div><div class='clear_column'><\/div><div class='content-column one_half'><div style=\"padding-right:6px;\"><p>Na\u0161a web stranica tako\u0111er sadr\u017ei poveznice na vanjske web stranice tre\u0107ih strana na \u010diji sadr\u017eaj nemamo utjecaja. Stoga ne mo\u017eemo preuzeti nikakvu odgovornost za ovaj vanjski sadr\u017eaj. Odgovaraju\u0107i pru\u017eatelj ili operater ovih stranica uvijek je odgovoran za sadr\u017eaj povezanih stranica.<\/p><\/div><\/div><div class='content-column one_half last_column'><div style=\"padding-right:0px;padding-left:6px;\"><p>Auf unseren Webseiten finden sich auch Links zu externen Websites Dritter, auf deren Inhalte wir keinen Einfluss haben. Deshalb k\u00f6nnen wir f\u00fcr diese fremden Inhalte auch keine Gew\u00e4hr \u00fcbernehmen. F\u00fcr die Inhalte der verlinkten Seiten ist stets der jeweilige Anbieter oder Betreiber dieser Seiten verantwortlich.<\/p><\/div><\/div><div class='clear_column'><\/div><div class='content-column one_half'><div style=\"padding-right:6px;\"><p>Ako nas kontaktirate, adresa e-po\u0161te bit \u0107e pohranjena na neodre\u0111eno vrijeme kako bi vas mogli kontaktirati ako je potrebno.<br \/>\nVa\u0161a adresa e-po\u0161te ne\u0107e se dijeliti ili dijeliti bez va\u0161eg pristanka.<\/p><\/div><\/div><div class='content-column one_half last_column'><div style=\"padding-right:0px;padding-left:6px;\"><p>Wenn Sie mit uns Kontakt aufnehmen, wird ihre Mailadresse\u00a0 zeitlich unbegrenzt gespeichert um gegebenenfalls auch mit Ihnen Kontakt aufnehmen zu k\u00f6nnen.<br \/>\nIhre Mailadresse wird ohne ihre Zustimmung keinesfalls geteilt oder weitergegeben.<\/p><\/div><\/div><div class='clear_column'><\/div><\/p>\n<hr \/>\n<p style=\"text-align: center;\">Slu\u017ebenik za za\u0161titu podataka: \/\u00a0Datenschutz Verantwortlicher:<\/p>\n<p style=\"text-align: center;\">Ing. Bernhard Seif<br \/>\nAm Kogel 2\/7, 2754 Waldegg, \u00d6sterreich<br \/>\nMail: bseif111@gmail.com<br \/>\nTelefon: +43 680 3142 485<\/p>\n","protected":false},"excerpt":{"rendered":"<p>Slu\u017ebenik za za\u0161titu podataka: \/\u00a0Datenschutz Verantwortlicher: Ing. Bernhard Seif Am Kogel 2\/7, 2754 Waldegg, \u00d6sterreich Mail: bseif111@gmail.com Telefon: +43 680 3142 485<\/p>\n","protected":false},"author":1,"featured_media":0,"parent":0,"menu_order":0,"comment_status":"closed","ping_status":"closed","template":"","meta":{"footnotes":""},"class_list":["post-60528","page","type-page","status-publish","hentry"],"_links":{"self":[{"href":"https:\/\/www.topohvar.at\/topo\/wp-json\/wp\/v2\/pages\/60528","targetHints":{"allow":["GET"]}}],"collection":[{"href":"https:\/\/www.topohvar.at\/topo\/wp-json\/wp\/v2\/pages"}],"about":[{"href":"https:\/\/www.topohvar.at\/topo\/wp-json\/wp\/v2\/types\/page"}],"author":[{"embeddable":true,"href":"https:\/\/www.topohvar.at\/topo\/wp-json\/wp\/v2\/users\/1"}],"replies":[{"embeddable":true,"href":"https:\/\/www.topohvar.at\/topo\/wp-json\/wp\/v2\/comments?post=60528"}],"version-history":[{"count":16,"href":"https:\/\/www.topohvar.at\/topo\/wp-json\/wp\/v2\/pages\/60528\/revisions"}],"predecessor-version":[{"id":60550,"href":"https:\/\/www.topohvar.at\/topo\/wp-json\/wp\/v2\/pages\/60528\/revisions\/60550"}],"wp:attachment":[{"href":"https:\/\/www.topohvar.at\/topo\/wp-json\/wp\/v2\/media?parent=60528"}],"curies":[{"name":"wp","href":"https:\/\/api.w.org\/{rel}","templated":true}]}}