{"id":6097,"date":"2018-08-18T08:32:38","date_gmt":"2018-08-18T06:32:38","guid":{"rendered":"https:\/\/www.topohvar.at\/?page_id=6097"},"modified":"2023-06-11T18:15:42","modified_gmt":"2023-06-11T16:15:42","slug":"va-mo-02-1","status":"publish","type":"page","link":"https:\/\/www.topohvar.at\/topo\/orte\/va\/va-mo-02-1\/","title":{"rendered":"VRBOSKA &#8211; Bista \u00bbDr. Fr. Rajmund Kupareo\u00ab"},"content":{"rendered":"<p><a name=\"seite_oben\"><\/a><br \/>\n<strong><img loading=\"lazy\" decoding=\"async\" class=\"alignnone wp-image-5994 size-large\" src=\"https:\/\/www.topohvar.at\/wp-content\/uploads\/2018\/08\/va-mo-02-0-1024x503.jpg\" alt=\"\" width=\"640\" height=\"314\" srcset=\"https:\/\/www.topohvar.at\/wp-content\/uploads\/2018\/08\/va-mo-02-0-1024x503.jpg 1024w, https:\/\/www.topohvar.at\/wp-content\/uploads\/2018\/08\/va-mo-02-0-300x147.jpg 300w, https:\/\/www.topohvar.at\/wp-content\/uploads\/2018\/08\/va-mo-02-0-768x377.jpg 768w, https:\/\/www.topohvar.at\/wp-content\/uploads\/2018\/08\/va-mo-02-0.jpg 1080w\" sizes=\"auto, (max-width: 640px) 100vw, 640px\" \/><\/strong><\/p>\n<p><strong>Ime \/ Name<br \/>\n<\/strong>Bista \u00bbDr. Fr. Rajmund Kupareo\u00ab \/ B\u00fcste des Raimund Kupareo<\/p>\n<p><strong>Code: <\/strong>VA-MO-02\u00a0 \u00a0 \u00a0 \u00a0 \u00a0 \u00a0 \u00a0 \u00a0 \u00a0 \u00a0 \u00a0 \u00a0 \u00a0<strong>\u00a0 \u00a0 \u00a0 \u00a0 \u00a0<a href=\"https:\/\/www.topohvar.at\/orte\/va\/va-mo-01-1\/\"><img loading=\"lazy\" decoding=\"async\" class=\"alignnone wp-image-533 size-full\" src=\"https:\/\/www.topohvar.at\/wp-content\/uploads\/2018\/07\/push-l-30.jpg\" alt=\"\" width=\"61\" height=\"30\" \/><\/a>\u00a0<a href=\"https:\/\/www.topohvar.at\/orte\/va\/\"><img loading=\"lazy\" decoding=\"async\" class=\"alignnone wp-image-535 size-full\" src=\"https:\/\/www.topohvar.at\/wp-content\/uploads\/2018\/07\/push-o-30.jpg\" alt=\"\" width=\"61\" height=\"30\" \/><\/a>\u00a0<a href=\"https:\/\/www.topohvar.at\/orte\/va\/va-mo-04-1\/\"><img loading=\"lazy\" decoding=\"async\" class=\"alignnone wp-image-536 size-full\" src=\"https:\/\/www.topohvar.at\/wp-content\/uploads\/2018\/07\/push-r-30.jpg\" alt=\"\" width=\"61\" height=\"30\" \/><\/a><\/strong><\/p>\n<hr \/>\n<p><strong>Adresa \/ Adresse<br \/>\n<\/strong>Vrboska, Pjaca<\/p>\n<p><strong>Lokalna polo\u017eaj \/ Position<a href=\"https:\/\/goo.gl\/maps\/c7vmPAfgBxLeN8bs8\"><img loading=\"lazy\" decoding=\"async\" class=\"alignright wp-image-6309\" src=\"https:\/\/www.topohvar.at\/wp-content\/uploads\/2018\/08\/1025.jpg\" alt=\"\" width=\"134\" height=\"100\" \/><\/a><br \/>\n<\/strong><span style=\"color: #3366ff;\"><a style=\"color: #3366ff;\" href=\"https:\/\/goo.gl\/maps\/c7vmPAfgBxLeN8bs8\">Latitude: N 43,18070\u00b0\u00a0 \u00a0 Longitude: E 16,67156\u00b0\u00a0<\/a><\/span><strong><br \/>\n<\/strong>Visina \/ H\u00f6he: 14 m<\/p>\n<p><strong>Zemlji\u0161te \/ Grundst\u00fccke<br \/>\n<\/strong>1113\/1<div class='content-column one_half'><div style=\"padding-right:6px;\"><p><strong>Datum snimanja \/ Erfassungsdatum<br \/>\n<\/strong>08.10.2014 15:30:06<\/p>\n<hr \/>\n<p><strong>Informacije<\/strong><\/p>\n<p>Poprsje Rajmunda Kuparea stvorio je 2014. akademski kipar Kuzma Kova\u010di\u0107. Stoji na kamenoj bazi s nekoliko spomen-plo\u010da, kip lijevano je od bronce i ima visinu od oko 62 cm.<\/p><\/div><\/div><div class='content-column one_half last_column'><div style=\"padding-right:0px;padding-left:6px;\"><p><strong>Za\u0161titni polo\u017eaj \/ Schutzstellung<br \/>\n<\/strong>&#8211;<\/p>\n<hr \/>\n<p><strong>Info<\/strong><\/p>\n<p>Die B\u00fcste des Rajmund Kupareo wurde im Jahr 2014 vom akademischen Bildhauer Kuzma Kova\u010di\u0107 geschaffen. Sie steht auf einem Steinsockel mit mehreren Gedenktafeln, ist aus Bronze gegossen und hat eine H\u00f6he von etwa 62 cm.<\/p><\/div><\/div><div class='clear_column'><\/div><div class='content-column one_half'><div style=\"padding-right:6px;\"><p>Natpis:<\/p>\n<p style=\"text-align: center;\">VRBOVLJANIN<br \/>\nDR. FR. RAJMUND KUPAREO OP<br \/>\n1914. &#8211; 1996.<\/p><\/div><\/div><div class='content-column one_half last_column'><div style=\"padding-right:0px;padding-left:6px;\"><p>Inschrift:<\/p>\n<p style=\"text-align: center;\">Der Vrbovljaner<br \/>\nDr. Fr. Rajmund Kupareo OP<br \/>\n1914 &#8211; 1996<\/p><\/div><\/div><div class='clear_column'><\/div><\/p>\n<hr \/>\n<div class='content-column one_half'><div style=\"padding-right:6px;\"><p style=\"text-align: center;\">ISUS U MOJOJ LA\u0110I<\/p>\n<p style=\"text-align: center;\">MRTVI MI VALOVI IZBACUJU VESLA.<br \/>\nSPORO IDEM UZA SNAGU SVU<br \/>\nA ON MIRNO SPAVA KO DA NE ZNA ZA ME<br \/>\nNI\u0160TA ZA TO. ON JE IPAK TU.<\/p><\/div><\/div><div class='content-column one_half last_column'><div style=\"padding-right:0px;padding-left:6px;\"><p style=\"text-align: center;\">Jesus in meinem Boot<\/p>\n<p style=\"text-align: center;\">Wir Tote schlagen Wellen.<br \/>\nLangsam geht alle Kraft aus<br \/>\nUnd er schl\u00e4ft friedlich, weil er nicht wei\u00df<br \/>\nf\u00fcr mich nichts daf\u00fcr. Er ist immer noch hier.<\/p><\/div><\/div><div class='clear_column'><\/div><div class='content-column one_half'><div style=\"padding-right:6px;\"><p style=\"text-align: center;\">IMAM VJERU \u010cVRSTU DA PRKOSIM VJETRU<br \/>\nI ZNAM DA JE ISUS MENI SKLON.<br \/>\nPA, KAD TE\u0160KA VESLA IZ RUKU MI PADNU.<br \/>\nJA \u0106U ZASPAT, A VESLAT \u0106E ON.<\/p>\n<p style=\"text-align: left;\">R. KUPAREO<\/p><\/div><\/div><div class='content-column one_half last_column'><div style=\"padding-right:0px;padding-left:6px;\"><p style=\"text-align: center;\">Ich habe starkes Vertrauen den Wind zu trotzen<br \/>\nweil ich wei\u00df, dass Jesus mit wohlgesonnen ist.<br \/>\nJetzt, wenn die schweren Schaufeln mir aus den<br \/>\nH\u00e4nden fallen, werde ich beim Schaufeln einschlafen.<\/p>\n<p>R. Kupareo<\/p><\/div><\/div><div class='clear_column'><\/div><img loading=\"lazy\" decoding=\"async\" class=\"wp-image-5995 size-medium aligncenter\" src=\"https:\/\/www.topohvar.at\/wp-content\/uploads\/2018\/08\/va-mo-02-2-269x300.png\" alt=\"\" width=\"269\" height=\"300\" srcset=\"https:\/\/www.topohvar.at\/wp-content\/uploads\/2018\/08\/va-mo-02-2-269x300.png 269w, https:\/\/www.topohvar.at\/wp-content\/uploads\/2018\/08\/va-mo-02-2.png 600w\" sizes=\"auto, (max-width: 269px) 100vw, 269px\" \/><\/p>\n<div class='content-column one_half'><div style=\"padding-right:6px;\"><p>Rajmund Kupareo bio je hrvatski sve\u0107enik, sveu\u010dili\u0161ni profesor, pjesnik, teolo\u0161ki pisac, esejist, skladatelj, prevoditelj, nakladnik i redovnik dominikanac. Pisao je na hrvatskom, \u010de\u0161kom, latinskom i \u0161panjolskom jeziku.<\/p><\/div><\/div><div class='content-column one_half last_column'><div style=\"padding-right:0px;padding-left:6px;\"><p>Raimund Kupareo war Priester, Universit\u00e4tsprofessor, Dichter, Theologe Schriftsteller, Essayist, Komponist, \u00dcbersetzer, Verleger und religi\u00f6ser Dominikaner. Er schrieb auf Kroatisch, Tschechisch, Latein und Spanisch.<\/p><\/div><\/div><div class='clear_column'><\/div><div class='content-column one_half'><div style=\"padding-right:6px;\"><p>Rajmund Kupareo ro\u0111en je u Vrbaskoj 16 studenoga 1914. g., pu\u010dku je \u0161kolu poha\u0111ao u Makarskoj i Hvaru (1920. -1924.), gdje mu je otac Juraj bio lu\u010dki peljar. Klasi\u010dnu gimnaziju zapo\u010deo je u Jelsi, a potom nastavio u Bolu i Dubrovniku.<\/p><\/div><\/div><div class='content-column one_half last_column'><div style=\"padding-right:0px;padding-left:6px;\"><p>Rajmund Kupareo wurde in Vrboska am 16. November 1914 geboren. Er besuchte die Grundschule in Makarska und Hvar (1920-1924), wo sein Vater Juraj als Hafenlotse arbeitete. Das klassische Gymnasium begann er in Jelsa und setzte dann in Bol und Dubrovnik fort.<\/p><\/div><\/div><div class='clear_column'><\/div><div class='content-column one_half'><div style=\"padding-right:6px;\"><p>U dominikanski red stupio je u Dubrovniku 30. rujna 1930. g., zamijeniv\u0161i krsno ime Luka redovni\u010dkim imenom Rajmund. Diplomirao je na Visoko filozofsko-teolo\u0161kom u\u010dili\u0161tu Dominikanskog reda u Dubrovniku 1937., a iste je godine u Splitu zare\u0111en za sve\u0107enika. Slu\u017eio je u dominikanskom samostanu u Starom Gradu (1937. -1939.), a potom u Resniku kraj Zagreba (1939. -1941.). Od 1941. do 1946. u Zagrebu je urednik mjese\u010dnika Gospina krunica i upravitelj Dominikanske naklade Istina. Na Mudroslovnom fakultetu Hrvatskoga sveu\u010dili\u0161ta u Zagrebu 1944. zavr\u0161io je talijanski jezik i \u010distu filozofiju.<\/p><\/div><\/div><div class='content-column one_half last_column'><div style=\"padding-right:0px;padding-left:6px;\"><p>Am 30. September 1930 trat er in den Dominikanerorden in Dubrovnik ein und ersetzte seinen Taufnamen Luka durch den M\u00f6nchnamen Raimund. Er absolvierte im Jahr 1937 die Philosophisch-Theologische Hochschule des Dominikanerordens in Dubrovnik und wurde im selben Jahr zum Priester geweiht. Er diente im Dominikanerkloster in Stari Grad (1937-1939) und dann in Resnik in der N\u00e4he von Zagreb (1939-1941). Von 1941 bis 1946 war er in Zagreb Herausgeber der Monatszeitschrift Madonna vom Rosenkranz und Leiter des Dominikanerverlages Wahrheit. An der Theologischen Fakult\u00e4t der Kroatischen Universit\u00e4t in Zagreb absolvierte er 1944 die italienische Sprache und die reine Philosophie.<\/p><\/div><\/div><div class='clear_column'><\/div><div class='content-column one_half'><div style=\"padding-right:6px;\"><p>Od 1947. po\u010dinje njegovo petogodi\u0161nje lutanje iz Zagreba prema Beogradu do Olomouca u \u010ce\u0161koj pa u Nizozemsku, Francusku i \u0160panjolsku. Na poziv provincijala \u010cileanske dominikanske provincije dolazi u \u010cile 1950. g., gdje je na Papinskom katoli\u010dkom sveu\u010dili\u0161tu u Santiago de Chileu 1951. g doktorirao. Nakon pre\u017eivjeloga mo\u017edanoga udara vra\u0107a se u lipnju 1971. g u Hrvatsku. Od tada \u017eivi u Zagrebu. Od 1985. godine \u010dlan je \u010cileanske akademije znanosti i umjetnosti. Umro je 6 lipnja 1996. g. u dominikanskom samostanu na Ravnicima u Zagrebu, a pokopan je na zagreba\u010dkom Mirogoju u dominikanskom grobu. Objavio je 25 knjiga -znanstvenih \u010dlanaka, pjesama, romana, drama i pripovijesti, a ostavio je i brojne skladbe.<\/p><\/div><\/div><div class='content-column one_half last_column'><div style=\"padding-right:0px;padding-left:6px;\"><p>Ab 1947 begann seine f\u00fcnfj\u00e4hrige Wanderschaft von Zagreb \u00fcber Belgrad nach Olom\u00fctz in der Tschechischen Republik sowie in die Niederlande, nach Frankreich und Spanien. Auf Einladung der Provinzialischen Dominikaner kommt er 1950 nach Chile, wo er auf der P\u00e4pstlichen Katholischen Universit\u00e4t in Santiago de Chile im Jahr 1951 promoviert. Nach einem Schlaganfall kehrte er im Juni 1971 nach Kroatien zur\u00fcck und lebte seitdem in Zagreb. Seit 1985 ist er Mitglied der chilenischen Akademie der Wissenschaften und K\u00fcnste. Er starb am 6. Juni 1996 im Dominikanerkloster Ravnika in Zagreb und wurde in Zagrebs Mirogoj in einem dominikanischen Grab begraben. Er hat 25 B\u00fccher ver\u00f6ffentlicht &#8211; Artikel, Gedichte, Romane, Drama und Geschichten und hat zahlreiche Musikst\u00fccke hinterlassen.<\/p><\/div><\/div><div class='clear_column'><\/div><\/p>\n<p style=\"text-align: right;\"><span style=\"color: #3366ff;\"><a style=\"color: #3366ff;\" href=\"#seite_oben\">natrag na vrh \/ Seitenanfang<\/a><\/span><\/p>\n<hr \/>\n<p><strong>Linkovi \/ Links<\/strong><\/p>\n<p><span style=\"color: #3366ff;\"><a style=\"color: #3366ff;\" href=\"https:\/\/www.topohvar.at\/orte\/va\/va-tg-04-1\/\">Ku\u0107a Kupareo \/ Haus Kupareo<\/a><\/span><br \/>\n<span style=\"color: #3366ff;\"><a style=\"color: #3366ff;\" href=\"https:\/\/www.topohvar.at\/orte\/va\/va-is-03-1\/\">Spomen plo\u010da \/ Gedenktafel<\/a><\/span><\/p>\n","protected":false},"excerpt":{"rendered":"<p>Ime \/ Name Bista \u00bbDr. Fr. Rajmund Kupareo\u00ab \/ B\u00fcste des Raimund Kupareo Code: VA-MO-02\u00a0 \u00a0 \u00a0 \u00a0 \u00a0 \u00a0 \u00a0 \u00a0 \u00a0 \u00a0 \u00a0 \u00a0 \u00a0\u00a0 \u00a0 \u00a0 \u00a0 \u00a0\u00a0\u00a0 Adresa \/ Adresse Vrboska, Pjaca Lokalna polo\u017eaj \/ Position &hellip; <a href=\"https:\/\/www.topohvar.at\/topo\/orte\/va\/va-mo-02-1\/\">Weiterlesen <span class=\"meta-nav\">&rarr;<\/span><\/a><\/p>\n","protected":false},"author":1,"featured_media":0,"parent":109,"menu_order":0,"comment_status":"closed","ping_status":"closed","template":"","meta":{"footnotes":""},"class_list":["post-6097","page","type-page","status-publish","hentry"],"_links":{"self":[{"href":"https:\/\/www.topohvar.at\/topo\/wp-json\/wp\/v2\/pages\/6097","targetHints":{"allow":["GET"]}}],"collection":[{"href":"https:\/\/www.topohvar.at\/topo\/wp-json\/wp\/v2\/pages"}],"about":[{"href":"https:\/\/www.topohvar.at\/topo\/wp-json\/wp\/v2\/types\/page"}],"author":[{"embeddable":true,"href":"https:\/\/www.topohvar.at\/topo\/wp-json\/wp\/v2\/users\/1"}],"replies":[{"embeddable":true,"href":"https:\/\/www.topohvar.at\/topo\/wp-json\/wp\/v2\/comments?post=6097"}],"version-history":[{"count":20,"href":"https:\/\/www.topohvar.at\/topo\/wp-json\/wp\/v2\/pages\/6097\/revisions"}],"predecessor-version":[{"id":63044,"href":"https:\/\/www.topohvar.at\/topo\/wp-json\/wp\/v2\/pages\/6097\/revisions\/63044"}],"up":[{"embeddable":true,"href":"https:\/\/www.topohvar.at\/topo\/wp-json\/wp\/v2\/pages\/109"}],"wp:attachment":[{"href":"https:\/\/www.topohvar.at\/topo\/wp-json\/wp\/v2\/media?parent=6097"}],"curies":[{"name":"wp","href":"https:\/\/api.w.org\/{rel}","templated":true}]}}

<p><a name="seite_oben"></a><br />
<strong><img loading="lazy" decoding="async" class="alignnone wp-image-5994 size-large" src="https://www.topohvar.at/wp-content/uploads/2018/08/va-mo-02-0-1024x503.jpg" alt="" width="640" height="314" srcset="https://www.topohvar.at/wp-content/uploads/2018/08/va-mo-02-0-1024x503.jpg 1024w, https://www.topohvar.at/wp-content/uploads/2018/08/va-mo-02-0-300x147.jpg 300w, https://www.topohvar.at/wp-content/uploads/2018/08/va-mo-02-0-768x377.jpg 768w, https://www.topohvar.at/wp-content/uploads/2018/08/va-mo-02-0.jpg 1080w" sizes="auto, (max-width: 640px) 100vw, 640px" /></strong></p>
<p><strong>Ime / Name<br />
</strong>Bista »Dr. Fr. Rajmund Kupareo« / Büste des Raimund Kupareo</p>
<p><strong>Code: </strong>VA-MO-02                         <strong>         <a href="https://www.topohvar.at/orte/va/va-mo-01-1/"><img loading="lazy" decoding="async" class="alignnone wp-image-533 size-full" src="https://www.topohvar.at/wp-content/uploads/2018/07/push-l-30.jpg" alt="" width="61" height="30" /></a> <a href="https://www.topohvar.at/orte/va/"><img loading="lazy" decoding="async" class="alignnone wp-image-535 size-full" src="https://www.topohvar.at/wp-content/uploads/2018/07/push-o-30.jpg" alt="" width="61" height="30" /></a> <a href="https://www.topohvar.at/orte/va/va-mo-04-1/"><img loading="lazy" decoding="async" class="alignnone wp-image-536 size-full" src="https://www.topohvar.at/wp-content/uploads/2018/07/push-r-30.jpg" alt="" width="61" height="30" /></a></strong></p>
<hr />
<p><strong>Adresa / Adresse<br />
</strong>Vrboska, Pjaca</p>
<p><strong>Lokalna položaj / Position<a href="https://goo.gl/maps/c7vmPAfgBxLeN8bs8"><img loading="lazy" decoding="async" class="alignright wp-image-6309" src="https://www.topohvar.at/wp-content/uploads/2018/08/1025.jpg" alt="" width="134" height="100" /></a><br />
</strong><span style="color: #3366ff;"><a style="color: #3366ff;" href="https://goo.gl/maps/c7vmPAfgBxLeN8bs8">Latitude: N 43,18070°    Longitude: E 16,67156° </a></span><strong><br />
</strong>Visina / Höhe: 14 m</p>
<p><strong>Zemljište / Grundstücke<br />
</strong>1113/1<div class='content-column one_half'><div style="padding-right:6px;"><p><strong>Datum snimanja / Erfassungsdatum<br />
</strong>08.10.2014 15:30:06</p>
<hr />
<p><strong>Informacije</strong></p>
<p>Poprsje Rajmunda Kuparea stvorio je 2014. akademski kipar Kuzma Kovačić. Stoji na kamenoj bazi s nekoliko spomen-ploča, kip lijevano je od bronce i ima visinu od oko 62 cm.</p></div></div><div class='content-column one_half last_column'><div style="padding-right:0px;padding-left:6px;"><p><strong>Zaštitni položaj / Schutzstellung<br />
</strong>&#8211;</p>
<hr />
<p><strong>Info</strong></p>
<p>Die Büste des Rajmund Kupareo wurde im Jahr 2014 vom akademischen Bildhauer Kuzma Kovačić geschaffen. Sie steht auf einem Steinsockel mit mehreren Gedenktafeln, ist aus Bronze gegossen und hat eine Höhe von etwa 62 cm.</p></div></div><div class='clear_column'></div><div class='content-column one_half'><div style="padding-right:6px;"><p>Natpis:</p>
<p style="text-align: center;">VRBOVLJANIN<br />
DR. FR. RAJMUND KUPAREO OP<br />
1914. &#8211; 1996.</p></div></div><div class='content-column one_half last_column'><div style="padding-right:0px;padding-left:6px;"><p>Inschrift:</p>
<p style="text-align: center;">Der Vrbovljaner<br />
Dr. Fr. Rajmund Kupareo OP<br />
1914 &#8211; 1996</p></div></div><div class='clear_column'></div></p>
<hr />
<div class='content-column one_half'><div style="padding-right:6px;"><p style="text-align: center;">ISUS U MOJOJ LAĐI</p>
<p style="text-align: center;">MRTVI MI VALOVI IZBACUJU VESLA.<br />
SPORO IDEM UZA SNAGU SVU<br />
A ON MIRNO SPAVA KO DA NE ZNA ZA ME<br />
NIŠTA ZA TO. ON JE IPAK TU.</p></div></div><div class='content-column one_half last_column'><div style="padding-right:0px;padding-left:6px;"><p style="text-align: center;">Jesus in meinem Boot</p>
<p style="text-align: center;">Wir Tote schlagen Wellen.<br />
Langsam geht alle Kraft aus<br />
Und er schläft friedlich, weil er nicht weiß<br />
für mich nichts dafür. Er ist immer noch hier.</p></div></div><div class='clear_column'></div><div class='content-column one_half'><div style="padding-right:6px;"><p style="text-align: center;">IMAM VJERU ČVRSTU DA PRKOSIM VJETRU<br />
I ZNAM DA JE ISUS MENI SKLON.<br />
PA, KAD TEŠKA VESLA IZ RUKU MI PADNU.<br />
JA ĆU ZASPAT, A VESLAT ĆE ON.</p>
<p style="text-align: left;">R. KUPAREO</p></div></div><div class='content-column one_half last_column'><div style="padding-right:0px;padding-left:6px;"><p style="text-align: center;">Ich habe starkes Vertrauen den Wind zu trotzen<br />
weil ich weiß, dass Jesus mit wohlgesonnen ist.<br />
Jetzt, wenn die schweren Schaufeln mir aus den<br />
Händen fallen, werde ich beim Schaufeln einschlafen.</p>
<p>R. Kupareo</p></div></div><div class='clear_column'></div><img loading="lazy" decoding="async" class="wp-image-5995 size-medium aligncenter" src="https://www.topohvar.at/wp-content/uploads/2018/08/va-mo-02-2-269x300.png" alt="" width="269" height="300" srcset="https://www.topohvar.at/wp-content/uploads/2018/08/va-mo-02-2-269x300.png 269w, https://www.topohvar.at/wp-content/uploads/2018/08/va-mo-02-2.png 600w" sizes="auto, (max-width: 269px) 100vw, 269px" /></p>
<div class='content-column one_half'><div style="padding-right:6px;"><p>Rajmund Kupareo bio je hrvatski svećenik, sveučilišni profesor, pjesnik, teološki pisac, esejist, skladatelj, prevoditelj, nakladnik i redovnik dominikanac. Pisao je na hrvatskom, češkom, latinskom i španjolskom jeziku.</p></div></div><div class='content-column one_half last_column'><div style="padding-right:0px;padding-left:6px;"><p>Raimund Kupareo war Priester, Universitätsprofessor, Dichter, Theologe Schriftsteller, Essayist, Komponist, Übersetzer, Verleger und religiöser Dominikaner. Er schrieb auf Kroatisch, Tschechisch, Latein und Spanisch.</p></div></div><div class='clear_column'></div><div class='content-column one_half'><div style="padding-right:6px;"><p>Rajmund Kupareo rođen je u Vrbaskoj 16 studenoga 1914. g., pučku je školu pohađao u Makarskoj i Hvaru (1920. -1924.), gdje mu je otac Juraj bio lučki peljar. Klasičnu gimnaziju započeo je u Jelsi, a potom nastavio u Bolu i Dubrovniku.</p></div></div><div class='content-column one_half last_column'><div style="padding-right:0px;padding-left:6px;"><p>Rajmund Kupareo wurde in Vrboska am 16. November 1914 geboren. Er besuchte die Grundschule in Makarska und Hvar (1920-1924), wo sein Vater Juraj als Hafenlotse arbeitete. Das klassische Gymnasium begann er in Jelsa und setzte dann in Bol und Dubrovnik fort.</p></div></div><div class='clear_column'></div><div class='content-column one_half'><div style="padding-right:6px;"><p>U dominikanski red stupio je u Dubrovniku 30. rujna 1930. g., zamijenivši krsno ime Luka redovničkim imenom Rajmund. Diplomirao je na Visoko filozofsko-teološkom učilištu Dominikanskog reda u Dubrovniku 1937., a iste je godine u Splitu zaređen za svećenika. Služio je u dominikanskom samostanu u Starom Gradu (1937. -1939.), a potom u Resniku kraj Zagreba (1939. -1941.). Od 1941. do 1946. u Zagrebu je urednik mjesečnika Gospina krunica i upravitelj Dominikanske naklade Istina. Na Mudroslovnom fakultetu Hrvatskoga sveučilišta u Zagrebu 1944. završio je talijanski jezik i čistu filozofiju.</p></div></div><div class='content-column one_half last_column'><div style="padding-right:0px;padding-left:6px;"><p>Am 30. September 1930 trat er in den Dominikanerorden in Dubrovnik ein und ersetzte seinen Taufnamen Luka durch den Mönchnamen Raimund. Er absolvierte im Jahr 1937 die Philosophisch-Theologische Hochschule des Dominikanerordens in Dubrovnik und wurde im selben Jahr zum Priester geweiht. Er diente im Dominikanerkloster in Stari Grad (1937-1939) und dann in Resnik in der Nähe von Zagreb (1939-1941). Von 1941 bis 1946 war er in Zagreb Herausgeber der Monatszeitschrift Madonna vom Rosenkranz und Leiter des Dominikanerverlages Wahrheit. An der Theologischen Fakultät der Kroatischen Universität in Zagreb absolvierte er 1944 die italienische Sprache und die reine Philosophie.</p></div></div><div class='clear_column'></div><div class='content-column one_half'><div style="padding-right:6px;"><p>Od 1947. počinje njegovo petogodišnje lutanje iz Zagreba prema Beogradu do Olomouca u Češkoj pa u Nizozemsku, Francusku i Španjolsku. Na poziv provincijala Čileanske dominikanske provincije dolazi u Čile 1950. g., gdje je na Papinskom katoličkom sveučilištu u Santiago de Chileu 1951. g doktorirao. Nakon preživjeloga moždanoga udara vraća se u lipnju 1971. g u Hrvatsku. Od tada živi u Zagrebu. Od 1985. godine član je Čileanske akademije znanosti i umjetnosti. Umro je 6 lipnja 1996. g. u dominikanskom samostanu na Ravnicima u Zagrebu, a pokopan je na zagrebačkom Mirogoju u dominikanskom grobu. Objavio je 25 knjiga -znanstvenih članaka, pjesama, romana, drama i pripovijesti, a ostavio je i brojne skladbe.</p></div></div><div class='content-column one_half last_column'><div style="padding-right:0px;padding-left:6px;"><p>Ab 1947 begann seine fünfjährige Wanderschaft von Zagreb über Belgrad nach Olomütz in der Tschechischen Republik sowie in die Niederlande, nach Frankreich und Spanien. Auf Einladung der Provinzialischen Dominikaner kommt er 1950 nach Chile, wo er auf der Päpstlichen Katholischen Universität in Santiago de Chile im Jahr 1951 promoviert. Nach einem Schlaganfall kehrte er im Juni 1971 nach Kroatien zurück und lebte seitdem in Zagreb. Seit 1985 ist er Mitglied der chilenischen Akademie der Wissenschaften und Künste. Er starb am 6. Juni 1996 im Dominikanerkloster Ravnika in Zagreb und wurde in Zagrebs Mirogoj in einem dominikanischen Grab begraben. Er hat 25 Bücher veröffentlicht &#8211; Artikel, Gedichte, Romane, Drama und Geschichten und hat zahlreiche Musikstücke hinterlassen.</p></div></div><div class='clear_column'></div></p>
<p style="text-align: right;"><span style="color: #3366ff;"><a style="color: #3366ff;" href="#seite_oben">natrag na vrh / Seitenanfang</a></span></p>
<hr />
<p><strong>Linkovi / Links</strong></p>
<p><span style="color: #3366ff;"><a style="color: #3366ff;" href="https://www.topohvar.at/orte/va/va-tg-04-1/">Kuća Kupareo / Haus Kupareo</a></span><br />
<span style="color: #3366ff;"><a style="color: #3366ff;" href="https://www.topohvar.at/orte/va/va-is-03-1/">Spomen ploča / Gedenktafel</a></span></p>

<p>Ime / Name Bista »Dr. Fr. Rajmund Kupareo« / Büste des Raimund Kupareo Code: VA-MO-02                                     Adresa / Adresse Vrboska, Pjaca Lokalna položaj / Position &hellip; <a href="https://www.topohvar.at/topo/orte/va/va-mo-02-1/">Weiterlesen <span class="meta-nav">&rarr;</span></a></p>
