{"id":6103,"date":"2018-08-18T08:38:26","date_gmt":"2018-08-18T06:38:26","guid":{"rendered":"https:\/\/www.topohvar.at\/?page_id=6103"},"modified":"2024-11-24T10:32:21","modified_gmt":"2024-11-24T09:32:21","slug":"va-ob-01-1","status":"publish","type":"page","link":"https:\/\/www.topohvar.at\/topo\/orte\/va\/va-ob-01-1\/","title":{"rendered":"VRBOSKA &#8211; Objekt \u00bbMost s tri volta\u00ab"},"content":{"rendered":"<p><a name=\"seite_oben\"><\/a><br \/>\n<strong><img loading=\"lazy\" decoding=\"async\" class=\"alignnone wp-image-5998 size-large\" src=\"https:\/\/www.topohvar.at\/wp-content\/uploads\/2018\/08\/va-ob-01-0-1024x503.jpg\" alt=\"\" width=\"640\" height=\"314\" srcset=\"https:\/\/www.topohvar.at\/wp-content\/uploads\/2018\/08\/va-ob-01-0-1024x503.jpg 1024w, https:\/\/www.topohvar.at\/wp-content\/uploads\/2018\/08\/va-ob-01-0-300x147.jpg 300w, https:\/\/www.topohvar.at\/wp-content\/uploads\/2018\/08\/va-ob-01-0-768x377.jpg 768w, https:\/\/www.topohvar.at\/wp-content\/uploads\/2018\/08\/va-ob-01-0.jpg 1080w\" sizes=\"auto, (max-width: 640px) 100vw, 640px\" \/><\/strong><\/p>\n<p><strong>Ime \/ Name<br \/>\n<\/strong>Objekt \u00bbMost s tri volta\u00ab \/ Dreibogenbr\u00fccke<\/p>\n<p><strong>Code: <\/strong>VA-OB-01\u00a0 \u00a0 \u00a0 \u00a0 \u00a0 \u00a0 \u00a0 \u00a0 \u00a0 \u00a0 \u00a0 \u00a0 \u00a0 \u00a0 \u00a0 \u00a0 \u00a0 \u00a0\u00a0<a href=\"https:\/\/www.topohvar.at\/orte\/va\/va-og-01-1\/\"><img loading=\"lazy\" decoding=\"async\" class=\"alignnone wp-image-12300 size-full\" src=\"https:\/\/www.topohvar.at\/wp-content\/uploads\/2018\/09\/push-vor-30.jpg\" alt=\"\" width=\"61\" height=\"30\" \/><\/a>\u00a0<strong><a href=\"https:\/\/www.topohvar.at\/orte\/va\/va-ob-07-2\/\"><img loading=\"lazy\" decoding=\"async\" class=\"alignnone wp-image-533 size-full\" src=\"https:\/\/www.topohvar.at\/wp-content\/uploads\/2018\/07\/push-l-30.jpg\" alt=\"\" width=\"61\" height=\"30\" \/><\/a> <a href=\"https:\/\/www.topohvar.at\/orte\/va\/\"><img loading=\"lazy\" decoding=\"async\" class=\"alignnone wp-image-535 size-full\" src=\"https:\/\/www.topohvar.at\/wp-content\/uploads\/2018\/07\/push-o-30.jpg\" alt=\"\" width=\"61\" height=\"30\" \/><\/a> <a href=\"https:\/\/www.topohvar.at\/orte\/va\/va-ob-04-1\/\"><img loading=\"lazy\" decoding=\"async\" class=\"alignnone wp-image-536 size-full\" src=\"https:\/\/www.topohvar.at\/wp-content\/uploads\/2018\/07\/push-r-30.jpg\" alt=\"\" width=\"61\" height=\"30\" \/><\/a>\u00a0<a href=\"https:\/\/www.topohvar.at\/orte\/va\/va-os-01-1\/\"><img loading=\"lazy\" decoding=\"async\" class=\"alignnone wp-image-12299 size-full\" src=\"https:\/\/www.topohvar.at\/wp-content\/uploads\/2018\/09\/push-next-30.jpg\" alt=\"\" width=\"61\" height=\"30\" \/><\/a><\/strong><\/p>\n<hr \/>\n<p><strong>Adresa \/ Adresse<br \/>\n<\/strong>Vrboska,\u00a0 Podva<\/p>\n<p><strong>Lokacija \/ Position<a href=\"https:\/\/goo.gl\/maps\/fdorseu3nQgswDcU8\"><img loading=\"lazy\" decoding=\"async\" class=\"alignright wp-image-6327\" src=\"https:\/\/www.topohvar.at\/wp-content\/uploads\/2018\/08\/0856.jpg\" alt=\"\" width=\"134\" height=\"100\" \/><\/a><br \/>\n<\/strong><span style=\"color: #3366ff;\"><a style=\"color: #3366ff;\" href=\"https:\/\/goo.gl\/maps\/fdorseu3nQgswDcU8\">Latitude: N 43,18215\u00b0\u00a0 \u00a0 Longitude: E 16,66904\u00b0<\/a>\u00a0<\/span><strong><br \/>\n<\/strong>Visina \/ H\u00f6he: 1 m<\/p>\n<p><strong>Katastarska \u010destica \/ Grundst\u00fccke<br \/>\n<\/strong>2677<div class='content-column one_half'><div style=\"padding-right:6px;\"><p><strong>Datum snimanja \/ Erfassungsdatum<br \/>\n<\/strong>11.05.2015 10:42:07<\/p>\n<hr \/>\n<p><strong>Informacije<\/strong><\/p>\n<p>U najzapadniji dio mjestu, Podva, dvije \u00abbonde\u00bb (sjeverni i ju\u017eni dio naselja) povezuju 4 mosta od kojih je najupe\u010datljiviji onaj kameni s 3 volta, izgra\u0111en 1875. godine.<\/p><\/div><\/div><div class='content-column one_half last_column'><div style=\"padding-right:0px;padding-left:6px;\"><p><strong>Stupanj za\u0161tite \/ Schutzstellung<br \/>\n<\/strong>(P-824)<\/p>\n<hr \/>\n<p><strong>Info<\/strong><\/p>\n<p>Im westlichsten Teil des Ortes, Podva genannt, werden die zwei \u201eBonde\u201c (n\u00f6rdlicher und s\u00fcdlicher Ortsteil) durch 4 Br\u00fccken verbunden, von denen die denkw\u00fcrdigsten die dreibogige Steinbr\u00fccke aus dem Jahr 1875 ist.<\/p><\/div><\/div><div class='clear_column'><\/div><div class='content-column one_half'><div style=\"padding-right:6px;\"><p>Most je ubilje\u017een 28. 04 2007. godine pod brojem P-824 pod kulturnih dobara Republike Hrvatske.<\/p><\/div><\/div><div class='content-column one_half last_column'><div style=\"padding-right:0px;padding-left:6px;\"><p>Die Br\u00fccke wurde am 28. 04. 2007 mit der Nummer P-824 unter den Kulturg\u00fctern der Republik Kroatien vorgemerkt.<\/p><\/div><\/div><div class='clear_column'><\/div><\/p>\n<p><img loading=\"lazy\" decoding=\"async\" class=\"size-full wp-image-69313\" src=\"https:\/\/www.topohvar.at\/wp-content\/uploads\/2024\/07\/va-ob-01-20.jpg\" alt=\"\" width=\"1080\" height=\"432\" srcset=\"https:\/\/www.topohvar.at\/wp-content\/uploads\/2024\/07\/va-ob-01-20.jpg 1080w, https:\/\/www.topohvar.at\/wp-content\/uploads\/2024\/07\/va-ob-01-20-300x120.jpg 300w, https:\/\/www.topohvar.at\/wp-content\/uploads\/2024\/07\/va-ob-01-20-1024x410.jpg 1024w, https:\/\/www.topohvar.at\/wp-content\/uploads\/2024\/07\/va-ob-01-20-768x307.jpg 768w\" sizes=\"auto, (max-width: 1080px) 100vw, 1080px\" \/><\/p>\n<p style=\"text-align: right;\"><span style=\"color: #3366ff;\"><a style=\"color: #3366ff;\" href=\"#seite_oben\">natrag na vrh \/ Seitenanfang<\/a><\/span><\/p>\n<hr \/>\n<p style=\"text-align: left;\"><div class='content-column one_half'><div style=\"padding-right:6px;\"><p>Slikoviti mosti\u0107i Vrboske<\/p>\n<p>\u010covjek je tijekom povijesti podizao mostove: gradio je drvene i kamene, pro\u0161irivao stare, obnavljao poru\u0161ene. Neki mostovi i dan danas svojom slojevitom strukturom svjedo\u010de o tome. \u201eMala Venecija\u201d u Hrvatskoj dobila je nadimak upravo zbog svojih malih mostova.<\/p><\/div><\/div><div class='content-column one_half last_column'><div style=\"padding-right:0px;padding-left:6px;\"><p>Die malerischen Br\u00fccken von Vrboska<\/p>\n<p>Im Laufe der Geschichte hat der Mensch Br\u00fccken gebaut: aus Holz und Stein, alte erweitert, zerst\u00f6rt und wieder aufgebaut. Davon zeugen heute noch einige Br\u00fccken mit historischen Hintergrund. \u201eKlein-Venedig\u201c in Kroatien hat seinen Spitznamen gerade wegen dieser kleinen Br\u00fccken bekommen.<\/p><\/div><\/div><div class='clear_column'><\/div><div class='content-column one_half'><div style=\"padding-right:6px;\"><p>Iako slovi kao najmanji gradi\u0107 na otoku Hvaru, Vrboska je pravo malo blago otoka. Grad je ustanovljen u 15. stolje\u0107u, a zbog svoje slikovitosti tema je vi\u0161e umjetni\u010dkih djela, dok je kamera jednostavno obo\u017eava.<\/p><\/div><\/div><div class='content-column one_half last_column'><div style=\"padding-right:0px;padding-left:6px;\"><p>Obwohl Vrboska als die kleinste Stadt auf der Insel Hvar bekannt ist, ist sie ein wahrer kleiner Schatz. Die Stadt wurde im 15. Jahrhundert gegr\u00fcndet und ist aufgrund ihrer malerischen Sch\u00f6nheit Gegenstand mehrerer Kunstwerke, w\u00e4hrend die Kamera sie einfach verehrt.<\/p><\/div><\/div><div class='clear_column'><\/div><div class='content-column one_half'><div style=\"padding-right:6px;\"><p>Vrboska se sastoji od dva dijela: isto\u010dni dio \u201ePjaca\u201d (s renesansnim i baroknim ku\u0107ama) i zapadni dio \u201ePodva\u201d (s crkvama, uskim ulicama i ku\u0107ama u renesansnom i goti\u010dkom stilu). Dvije obale povezuju maleni kameni mostovi, a u sredini je jedan mali oto\u010di\u0107 \u2013 \u0160koji\u0107.<\/p><\/div><\/div><div class='content-column one_half last_column'><div style=\"padding-right:0px;padding-left:6px;\"><p>Vrboska besteht aus zwei Teilen: dem \u00f6stlichen Teil der \u201ePiazza\u201c (mit Renaissance- und Barockh\u00e4usern) und dem westlichen Teil \u201ePodva\u201c (mit Kirchen, engen Gassen und H\u00e4usern im Renaissance- und Gotikstil). Die beiden Ufer sind durch kleine Steinbr\u00fccken verbunden und in der Mitte der Bucht befindet sich eine kleine Insel &#8211; \u0160koji\u0107.<\/p><\/div><\/div><div class='clear_column'><\/div><div class='content-column one_half'><div style=\"padding-right:6px;\"><p>Za kraj \u0161etnje svakako preporu\u010damo vinoteku Cari\u0107 te OPG Matkovi\u0107, gdje ispijaju\u0107i \u010da\u0161u hvarskog vina mo\u017eete u\u017eivati u prekrasnom kamenom ambijentu sredi\u0161njeg dijela na\u0161e \u201eMale Venecije\u201d.<\/p><\/div><\/div><div class='content-column one_half last_column'><div style=\"padding-right:0px;padding-left:6px;\"><p>F\u00fcr das Ende eines Spaziergangs empfehlen wir auf jeden Fall die Weinhandlung Cari\u0107 und den Bauernhof der Familie Matkovi\u0107, wo Sie ein Glas Hvar-Wein genie\u00dfen und das wundersch\u00f6ne Steinambiente des zentralen Teils unseres \u201eKleinen Venedigs\u201c genie\u00dfen k\u00f6nnen.<\/p><\/div><\/div><div class='clear_column'><\/div><div class='content-column one_half'><div style=\"padding-right:6px;\"><p>Kao svojevrsni izraz kulturnog identiteta \u010ditave Dalmacije pa tako i Vrboske, ba\u0161 na jednom od tih mosti\u0107a, odr\u017eava se i veli\u010danstveni koncert, odnosno smotra hvarskih oto\u010dnih klapa. Jedinstven je to doga\u0111aj na otoku Hvaru, gdje sudjeluju klape otoka Hvara, kojih je iznenadili bi se \u2013 jako puno.<\/p><\/div><\/div><div class='content-column one_half last_column'><div style=\"padding-right:0px;padding-left:6px;\"><p>Als eine Art Ausdruck der kulturellen Identit\u00e4t von ganz Dalmatien, einschlie\u00dflich Vrboska, findet auf einer dieser Br\u00fccken ein gro\u00dfartiges Konzert statt, eine Rezension der Gesangsgruppen (&#8222;Klape&#8220;) der Insel Hvar. Dies ist eine einzigartige Veranstaltung auf der Insel Hvar, an der die &#8222;Klapas&#8220; der Insel teilnehmen. Sie werden sehr \u00fcberraschen werden.<\/p><\/div><\/div><div class='clear_column'><\/div><div class='content-column one_half'><div style=\"padding-right:6px;\"><p>Stanovnici otoka Hvara njeguju tradiciju klapskog pjevanje, stoga na ovim podru\u010djima djeluje nekoliko mu\u0161kih i \u017eenskih klapa: klapa Frecije, klapa Bodulke, klapa Ka\u0161tilac, klapa Pri\u017eenca, klapa Gale\u0161nik, Faroski kantaduri, klapa Pharia i Mje\u0161ovita klapa sv. Duha.<\/p><\/div><\/div><div class='content-column one_half last_column'><div style=\"padding-right:0px;padding-left:6px;\"><p>Die Einwohner der Insel Hvar pflegen die Tradition des Klapa-Gesanges, daher gibt es in diesen Gebieten mehrere m\u00e4nnliche und weibliche Klapas: Klapa Frecije, Klapa Bodulke, Klapa Ka\u0161tilac, Klapa Pri\u017eenca, Klapa Gale\u0161nik, Faroski kantaduri, Klapa Pharia und der gemischte Chor Klapa sv . Duha.<\/p><\/div><\/div><div class='clear_column'><\/div><\/p>\n<p style=\"text-align: center;\"><em>(Izvor: \/ Quelle: <span style=\"color: #3366ff;\"><a style=\"color: #3366ff;\" href=\"https:\/\/tzjelsa.hr\/hr\/614\/slikoviti-mostici-vrboske\/\">TZ Jelsa<\/a><\/span>)<\/em><\/p>\n<p style=\"text-align: right;\"><span style=\"color: #3366ff;\"><a style=\"color: #3366ff;\" href=\"#seite_oben\">natrag na vrh \/ Seitenanfang<\/a><\/span><\/p>\n<hr \/>\n<p><strong>Linkovi \/ Links<\/strong><\/p>\n<p><span style=\"color: #3366ff;\"><a style=\"color: #3366ff;\" href=\"https:\/\/www.topohvar.at\/topo\/orte\/va\/va-ob-04-1\/\">Veliki Most \/ die gro\u00dfe Br\u00fccke<\/a><\/span><\/p>\n","protected":false},"excerpt":{"rendered":"<p>Ime \/ Name Objekt \u00bbMost s tri volta\u00ab \/ Dreibogenbr\u00fccke Code: VA-OB-01\u00a0 \u00a0 \u00a0 \u00a0 \u00a0 \u00a0 \u00a0 \u00a0 \u00a0 \u00a0 \u00a0 \u00a0 \u00a0 \u00a0 \u00a0 \u00a0 \u00a0 \u00a0\u00a0\u00a0 \u00a0 Adresa \/ Adresse Vrboska,\u00a0 Podva Lokacija \/ Position Latitude: N &hellip; <a href=\"https:\/\/www.topohvar.at\/topo\/orte\/va\/va-ob-01-1\/\">Weiterlesen <span class=\"meta-nav\">&rarr;<\/span><\/a><\/p>\n","protected":false},"author":1,"featured_media":0,"parent":109,"menu_order":0,"comment_status":"closed","ping_status":"closed","template":"","meta":{"footnotes":""},"class_list":["post-6103","page","type-page","status-publish","hentry"],"_links":{"self":[{"href":"https:\/\/www.topohvar.at\/topo\/wp-json\/wp\/v2\/pages\/6103","targetHints":{"allow":["GET"]}}],"collection":[{"href":"https:\/\/www.topohvar.at\/topo\/wp-json\/wp\/v2\/pages"}],"about":[{"href":"https:\/\/www.topohvar.at\/topo\/wp-json\/wp\/v2\/types\/page"}],"author":[{"embeddable":true,"href":"https:\/\/www.topohvar.at\/topo\/wp-json\/wp\/v2\/users\/1"}],"replies":[{"embeddable":true,"href":"https:\/\/www.topohvar.at\/topo\/wp-json\/wp\/v2\/comments?post=6103"}],"version-history":[{"count":21,"href":"https:\/\/www.topohvar.at\/topo\/wp-json\/wp\/v2\/pages\/6103\/revisions"}],"predecessor-version":[{"id":70539,"href":"https:\/\/www.topohvar.at\/topo\/wp-json\/wp\/v2\/pages\/6103\/revisions\/70539"}],"up":[{"embeddable":true,"href":"https:\/\/www.topohvar.at\/topo\/wp-json\/wp\/v2\/pages\/109"}],"wp:attachment":[{"href":"https:\/\/www.topohvar.at\/topo\/wp-json\/wp\/v2\/media?parent=6103"}],"curies":[{"name":"wp","href":"https:\/\/api.w.org\/{rel}","templated":true}]}}