{"id":6127,"date":"2018-08-18T09:00:08","date_gmt":"2018-08-18T07:00:08","guid":{"rendered":"https:\/\/www.topohvar.at\/?page_id=6127"},"modified":"2024-05-03T19:59:29","modified_gmt":"2024-05-03T17:59:29","slug":"va-tg-05-1","status":"publish","type":"page","link":"https:\/\/www.topohvar.at\/topo\/orte\/va\/va-tg-05-1\/","title":{"rendered":"VRBOSKA &#8211; Ku\u0107a \u00bbMatije Ivani\u0107a\u00ab"},"content":{"rendered":"<p><strong><img loading=\"lazy\" decoding=\"async\" class=\"alignnone wp-image-6011 size-large\" src=\"https:\/\/www.topohvar.at\/wp-content\/uploads\/2018\/08\/VA-TG-05-0-1024x503.jpg\" alt=\"\" width=\"640\" height=\"314\" srcset=\"https:\/\/www.topohvar.at\/wp-content\/uploads\/2018\/08\/VA-TG-05-0-1024x503.jpg 1024w, https:\/\/www.topohvar.at\/wp-content\/uploads\/2018\/08\/VA-TG-05-0-300x147.jpg 300w, https:\/\/www.topohvar.at\/wp-content\/uploads\/2018\/08\/VA-TG-05-0-768x377.jpg 768w, https:\/\/www.topohvar.at\/wp-content\/uploads\/2018\/08\/VA-TG-05-0.jpg 1080w\" sizes=\"auto, (max-width: 640px) 100vw, 640px\" \/><\/strong><\/p>\n<p><strong>Ime \/ Name<br \/>\n<\/strong>Ku\u0107a \u00bbMatije Ivani\u0107a\u00ab \/ Haus des\u00a0Matij Ivani\u0107<\/p>\n<p><strong>Code: <\/strong>VA-TG-05\u00a0 \u00a0 \u00a0 \u00a0 \u00a0 \u00a0 \u00a0 \u00a0<strong>\u00a0 \u00a0 \u00a0 \u00a0 \u00a0 \u00a0 \u00a0 \u00a0 \u00a0 \u00a0<a href=\"https:\/\/www.topohvar.at\/orte\/va\/va-tg-13-1\/\"><img loading=\"lazy\" decoding=\"async\" class=\"alignnone wp-image-533 size-full\" src=\"https:\/\/www.topohvar.at\/wp-content\/uploads\/2018\/07\/push-l-30.jpg\" alt=\"\" width=\"61\" height=\"30\" \/><\/a>\u00a0<a href=\"https:\/\/www.topohvar.at\/orte\/va\/\"><img loading=\"lazy\" decoding=\"async\" class=\"alignnone wp-image-535 size-full\" src=\"https:\/\/www.topohvar.at\/wp-content\/uploads\/2018\/07\/push-o-30.jpg\" alt=\"\" width=\"61\" height=\"30\" \/><\/a>\u00a0<a href=\"https:\/\/www.topohvar.at\/orte\/va\/va-tg-06-1\/\"><img loading=\"lazy\" decoding=\"async\" class=\"alignnone wp-image-536 size-full\" src=\"https:\/\/www.topohvar.at\/wp-content\/uploads\/2018\/07\/push-r-30.jpg\" alt=\"\" width=\"61\" height=\"30\" \/><\/a><\/strong><\/p>\n<hr \/>\n<p><strong>Adresa \/ Adresse<br \/>\n<\/strong>Vrboska,\u00a0Ulica Matija Ivani\u0107a<\/p>\n<p><strong>Lokalna polo\u017eaj \/ Position<a href=\"https:\/\/goo.gl\/maps\/Y1YTjotefL4Xswri8\"><img loading=\"lazy\" decoding=\"async\" class=\"alignright wp-image-6266\" src=\"https:\/\/www.topohvar.at\/wp-content\/uploads\/2018\/08\/0860.jpg\" alt=\"\" width=\"134\" height=\"100\" \/><\/a><br \/>\n<\/strong><span style=\"color: #3366ff;\"><a style=\"color: #3366ff;\" href=\"https:\/\/goo.gl\/maps\/Y1YTjotefL4Xswri8\">Latitude: N 43,18201\u00b0\u00a0 \u00a0 Longitude: E 16,66974\u00b0\u00a0<\/a><\/span><strong><br \/>\n<\/strong>Visina \/ H\u00f6he: 1 m<\/p>\n<p><strong>Zemlji\u0161te \/ Grundst\u00fccke<br \/>\n<\/strong>*127\/2, *128<div class='content-column one_half'><div style=\"padding-right:6px;\"><p><strong>Datum snimanja \/ Erfassungsdatum<br \/>\n<\/strong>11.05.2015 10:50:00<\/p>\n<hr \/>\n<p><strong>Informacije<\/strong><\/p>\n<p>Ku\u0107a je smje\u0161tena na sredi\u0161njem dijelu ju\u017ene obale Vrboske, uz samu obalnu crtu. Ku\u0107a je prema predaji pripadala M. Ivani\u0107u, iako su njeni poznati povijesni vlasnici obitelji Bla\u0161kovi\u0107 i Cosmi. Matija Ivani\u0107, u dokumentima Matul Ivani\u0107, imao je svoju ku\u0107u u Vrboskoj 1468. g.\u00a0(spomen plo\u010da). Dao je poticaj za gradnju crkve na najvi\u0161em vrhu otoka, sv. Nikoli, 1487. g.<\/p><\/div><\/div><div class='content-column one_half last_column'><div style=\"padding-right:0px;padding-left:6px;\"><p><strong>Za\u0161titni polo\u017eaj \/ Schutzstellung<br \/>\n<\/strong>Z-5649, P-3732<\/p>\n<hr \/>\n<p><strong>Info<\/strong><\/p>\n<p>Das Haus befindet sich im zentralen Teil von Vrboska entlang der K\u00fcste. Das Haus geh\u00f6rte nach der Tradition M. Ivani\u0107, obwohl seine ber\u00fchmten historischen Besitzer die Familien Bla\u0161kovi\u0107 und Cosmi sind. Matij Ivani\u0107 baute nach Dokumenten des Matul Ivani\u0107 sein Haus hier im Jahr 1468 (Gedenktafel). Er gab 1487 den Ansto\u00df, die Kapelle des hl. Nikolaus auf der Bergspitze der Insel zu bauen.<\/p><\/div><\/div><div class='clear_column'><\/div><div class='content-column one_half'><div style=\"padding-right:6px;\"><p>Ku\u0107a je L-tlocrta koji zatvara ogra\u0111eno dvori\u0161te pred sjevernim pro\u010deljem. U za\u010delju ku\u0107e je prostrani vrt. Ukupno gledaju\u0107i sklop ima osobine ljetnikovca \u0161to je izvorno najvjerojatnije i bio jer obitelj Ivani\u0107 nije bila trajno nastanjena u Vrboskoj. U dvori\u0161tu se nalazi kameno vanjsko stubi\u0161te. Pro\u010delja su ukra\u0161ena renesansnom arhitektonskom dekoracijom.<\/p><\/div><\/div><div class='content-column one_half last_column'><div style=\"padding-right:0px;padding-left:6px;\"><p>Das Haus hat eine L-f\u00f6rmigen Form, die einen eingefriedeten Hof vor seiner Nordfassade einschlie\u00dft. Auf der R\u00fcckseite des Hauses befindet sich ein weitl\u00e4ufiger Garten. Insgesamt weist der Komplex die Merkmale eines Herrenhauses auf, was h\u00f6chstwahrscheinlich urspr\u00fcnglich darauf zur\u00fcckzuf\u00fchren war, dass die Familie Ivanic nicht dauerhaft in Vrboska angesiedelt war. Im Hof befindet sich eine steinerne Au\u00dfentreppe. Die Fassaden sind mit Renaissance-Architektur dekoriert<\/p><\/div><\/div><div class='clear_column'><\/div><div class='content-column one_half'><div style=\"padding-right:6px;\"><p>Registra kilzutnih dobara Republike Hrvartske br. 03\/2012, lista za\u0161ti\u0107enih kulturnih dobara:<br \/>\nBroj registra: Z-5649<br \/>\nRje\u0161enje: 8.6.2012<\/p><\/div><\/div><div class='content-column one_half last_column'><div style=\"padding-right:0px;padding-left:6px;\"><p>Register der Kulturg\u00fcter der Republik Kroatien Nr. 02\/2016, Liste der gesch\u00fctzten Kulturg\u00fcter:<br \/>\nRegistrierungsnummer: Z-5649<br \/>\nEntscheidung vom: 8.6.2012<\/p><\/div><\/div><div class='clear_column'><\/div><\/p>\n<hr \/>\n<p><strong>Linkovi \/ Links<\/strong><\/p>\n<p><span style=\"color: #3366ff;\"><strong><a style=\"color: #3366ff;\" href=\"https:\/\/www.topohvar.at\/topo\/orte\/vj\/vj-tg-08-1\/\">Mehr \u00fcber <\/a><a style=\"color: #3366ff;\" href=\"https:\/\/www.topohvar.at\/topo\/orte\/vj\/vj-tg-08-1\/\">Matij Ivani\u0107<\/a><a style=\"color: #3366ff;\" href=\"https:\/\/www.topohvar.at\/topo\/orte\/vj\/vj-tg-08-1\/\">\u00a0\/ vi\u0161e o Matiji Ivani\u0107u<\/a><\/strong><\/span><\/p>\n<p><a style=\"color: #3366ff;\" href=\"https:\/\/www.topohvar.at\/orte\/hv\/hv-ci-03-1\/\">Hvar &#8211; Pri\u010da o Hvarskom Svetom Kri\u017ei\u0107u \/\u00a0\u00a0die Geschichte vom Heiligen Kreuz in Hvar<\/a><br \/>\n<a href=\"https:\/\/www.topohvar.at\/topo\/orte\/hv\/hv-is-12-1\/\"><span style=\"color: #3366ff;\">Hvar &#8211; Spomen plo\u010da \u00bbMatij Ivani\u0107\u00ab \/ Gedenktafel \u00bbMatij Ivani\u0107\u00ab<\/span><\/a><span style=\"color: #3366ff;\">\u00a0<\/span><br \/>\n<span style=\"color: #3366ff;\"><a style=\"color: #3366ff;\" href=\"https:\/\/www.topohvar.at\/topo\/orte\/hv\/hv-ci-03\/\">Hvar &#8211; Crkva \u00bbGospa Anuncijata\u00ab \/ Kirche Maria Verk\u00fcndigung<\/a>\u00a0<\/span><\/p>\n<p><span style=\"color: #3366ff;\"><a style=\"color: #3366ff;\" href=\"https:\/\/www.topohvar.at\/topo\/orte\/je\/je-is-05-1\/\">Jelsa &#8211; Spomen plo\u010da \u00bb\u0106eta Matij Ivani\u0107\u00ab \/ Gedenktafel Partisaneneinheit Matij Ivani\u0107<\/a>\u00a0<\/span><\/p>\n<p><span style=\"color: #3366ff;\"><a style=\"color: #3366ff;\" href=\"https:\/\/www.topohvar.at\/topo\/orte\/sg\/sg-is-08-2\/\">Stari Grad &#8211; Spomen plo\u010da \u00bbMatij Ivani\u0107, napad 1510\u00ab\/ Gedenktafel an den Aufstand des\u00a0Matij Ivani\u0107 im Jahr 1510<\/a><\/span><\/p>\n<p><span style=\"color: #3366ff;\"><a style=\"color: #3366ff;\" href=\"https:\/\/www.topohvar.at\/topo\/orte\/sv\/sv-cp-07-1\/\">Svir\u010de &#8211; Kapela \u00bbSv. Nikole od Planine\u00ab \/ Kapelle des hl. Nikolaus am Berg<\/a><\/span><\/p>\n<p><span style=\"color: #3366ff;\"><a style=\"color: #3366ff;\" href=\"https:\/\/www.topohvar.at\/topo\/orte\/vj\/vj-is-03-1\/\">Vrbanj &#8211; Spomen plo\u010da \u00bbKu\u010da Matij Ivani\u0107a\u00ab \/ Gedenktafel Haus Matij Ivani\u0107<\/a>\u00a0<\/span><br \/>\n<span style=\"color: #3366ff;\"><a style=\"color: #3366ff;\" href=\"https:\/\/www.topohvar.at\/topo\/orte\/vj\/vj-tg-01-1\/\">Vrbanj &#8211; Ku\u0107a \u00bbDom Matij Ivani\u0107\u00ab \/ Kulturhaus Matij Ivani\u0107<\/a>\u00a0<\/span><br \/>\n<span style=\"color: #3366ff;\"><a style=\"color: #3366ff;\" href=\"https:\/\/www.topohvar.at\/topo\/orte\/vj\/vj-is-06-1\/\">Vrbanj &#8211; Spomen plo\u010da \u00bbMatij Ivani\u0107, na 444-tu godisnjicu pu\u010dana\u00ab \/ Gedenktafel Matij Ivani\u0107, zum 444. Jahrestag des Aufstandes<\/a>\u00a0<\/span><br \/>\n<span style=\"color: #3366ff;\"><a style=\"color: #3366ff;\" href=\"https:\/\/www.topohvar.at\/topo\/orte\/vj\/vj-is-05-1\/\">Vrbanj &#8211; Spomen plo\u010da \u00bbMatij Ivani\u0107, na 500-tu godisnjicu pu\u010dana\u00ab \/ Gedenktafel Matij Ivani\u0107, zum 500. Jahrestag des Aufstandes<\/a>\u00a0<\/span><br \/>\n<span style=\"color: #3366ff;\"><a style=\"color: #3366ff;\" href=\"https:\/\/www.topohvar.at\/topo\/orte\/vj\/vj-pu-01-1\/\">Vrbanj &#8211; Objekt \u00bbPut Matija Ivani\u0107a\u00ab \/ Ivani\u0107-Weg<\/a>\u00a0<\/span><br \/>\n<span style=\"color: #3366ff;\"><a style=\"color: #3366ff;\" href=\"https:\/\/www.topohvar.at\/topo\/orte\/vj\/vj-ip-01-1\/\">Vrbanj &#8211; Informativna plo\u010da \u00bbPut Matija Ivani\u0107a\u00ab \/ Infotafel Ivani\u0107-Weg<\/a><\/span><\/p>\n<p><span style=\"color: #3366ff;\"><a style=\"color: #3366ff;\" href=\"https:\/\/www.topohvar.at\/topo\/orte\/va\/va-is-02-1\/\">Vrboska &#8211; Spomen plo\u010da \u00bbKu\u0107a Matije Ivani\u0107a\u00ab \/ Gedenktafel Haus des Matij Ivani\u0107<\/a><\/span><\/p>\n","protected":false},"excerpt":{"rendered":"<p>Ime \/ Name Ku\u0107a \u00bbMatije Ivani\u0107a\u00ab \/ Haus des\u00a0Matij Ivani\u0107 Code: VA-TG-05\u00a0 \u00a0 \u00a0 \u00a0 \u00a0 \u00a0 \u00a0 \u00a0\u00a0 \u00a0 \u00a0 \u00a0 \u00a0 \u00a0 \u00a0 \u00a0 \u00a0 \u00a0\u00a0\u00a0 Adresa \/ Adresse Vrboska,\u00a0Ulica Matija Ivani\u0107a Lokalna polo\u017eaj \/ Position Latitude: N &hellip; <a href=\"https:\/\/www.topohvar.at\/topo\/orte\/va\/va-tg-05-1\/\">Weiterlesen <span class=\"meta-nav\">&rarr;<\/span><\/a><\/p>\n","protected":false},"author":1,"featured_media":0,"parent":109,"menu_order":0,"comment_status":"closed","ping_status":"closed","template":"","meta":{"footnotes":""},"class_list":["post-6127","page","type-page","status-publish","hentry"],"_links":{"self":[{"href":"https:\/\/www.topohvar.at\/topo\/wp-json\/wp\/v2\/pages\/6127","targetHints":{"allow":["GET"]}}],"collection":[{"href":"https:\/\/www.topohvar.at\/topo\/wp-json\/wp\/v2\/pages"}],"about":[{"href":"https:\/\/www.topohvar.at\/topo\/wp-json\/wp\/v2\/types\/page"}],"author":[{"embeddable":true,"href":"https:\/\/www.topohvar.at\/topo\/wp-json\/wp\/v2\/users\/1"}],"replies":[{"embeddable":true,"href":"https:\/\/www.topohvar.at\/topo\/wp-json\/wp\/v2\/comments?post=6127"}],"version-history":[{"count":10,"href":"https:\/\/www.topohvar.at\/topo\/wp-json\/wp\/v2\/pages\/6127\/revisions"}],"predecessor-version":[{"id":66999,"href":"https:\/\/www.topohvar.at\/topo\/wp-json\/wp\/v2\/pages\/6127\/revisions\/66999"}],"up":[{"embeddable":true,"href":"https:\/\/www.topohvar.at\/topo\/wp-json\/wp\/v2\/pages\/109"}],"wp:attachment":[{"href":"https:\/\/www.topohvar.at\/topo\/wp-json\/wp\/v2\/media?parent=6127"}],"curies":[{"name":"wp","href":"https:\/\/api.w.org\/{rel}","templated":true}]}}

VRBOSKA &#8211; Kuća »Matije Ivanića«

<p><strong><img loading="lazy" decoding="async" class="alignnone wp-image-6011 size-large" src="https://www.topohvar.at/wp-content/uploads/2018/08/VA-TG-05-0-1024x503.jpg" alt="" width="640" height="314" srcset="https://www.topohvar.at/wp-content/uploads/2018/08/VA-TG-05-0-1024x503.jpg 1024w, https://www.topohvar.at/wp-content/uploads/2018/08/VA-TG-05-0-300x147.jpg 300w, https://www.topohvar.at/wp-content/uploads/2018/08/VA-TG-05-0-768x377.jpg 768w, https://www.topohvar.at/wp-content/uploads/2018/08/VA-TG-05-0.jpg 1080w" sizes="auto, (max-width: 640px) 100vw, 640px" /></strong></p>
<p><strong>Ime / Name<br />
</strong>Kuća »Matije Ivanića« / Haus des Matij Ivanić</p>
<p><strong>Code: </strong>VA-TG-05               <strong>                   <a href="https://www.topohvar.at/orte/va/va-tg-13-1/"><img loading="lazy" decoding="async" class="alignnone wp-image-533 size-full" src="https://www.topohvar.at/wp-content/uploads/2018/07/push-l-30.jpg" alt="" width="61" height="30" /></a> <a href="https://www.topohvar.at/orte/va/"><img loading="lazy" decoding="async" class="alignnone wp-image-535 size-full" src="https://www.topohvar.at/wp-content/uploads/2018/07/push-o-30.jpg" alt="" width="61" height="30" /></a> <a href="https://www.topohvar.at/orte/va/va-tg-06-1/"><img loading="lazy" decoding="async" class="alignnone wp-image-536 size-full" src="https://www.topohvar.at/wp-content/uploads/2018/07/push-r-30.jpg" alt="" width="61" height="30" /></a></strong></p>
<hr />
<p><strong>Adresa / Adresse<br />
</strong>Vrboska, Ulica Matija Ivanića</p>
<p><strong>Lokalna položaj / Position<a href="https://goo.gl/maps/Y1YTjotefL4Xswri8"><img loading="lazy" decoding="async" class="alignright wp-image-6266" src="https://www.topohvar.at/wp-content/uploads/2018/08/0860.jpg" alt="" width="134" height="100" /></a><br />
</strong><span style="color: #3366ff;"><a style="color: #3366ff;" href="https://goo.gl/maps/Y1YTjotefL4Xswri8">Latitude: N 43,18201°    Longitude: E 16,66974° </a></span><strong><br />
</strong>Visina / Höhe: 1 m</p>
<p><strong>Zemljište / Grundstücke<br />
</strong>*127/2, *128<div class='content-column one_half'><div style="padding-right:6px;"><p><strong>Datum snimanja / Erfassungsdatum<br />
</strong>11.05.2015 10:50:00</p>
<hr />
<p><strong>Informacije</strong></p>
<p>Kuća je smještena na središnjem dijelu južne obale Vrboske, uz samu obalnu crtu. Kuća je prema predaji pripadala M. Ivaniću, iako su njeni poznati povijesni vlasnici obitelji Blašković i Cosmi. Matija Ivanić, u dokumentima Matul Ivanić, imao je svoju kuću u Vrboskoj 1468. g. (spomen ploča). Dao je poticaj za gradnju crkve na najvišem vrhu otoka, sv. Nikoli, 1487. g.</p></div></div><div class='content-column one_half last_column'><div style="padding-right:0px;padding-left:6px;"><p><strong>Zaštitni položaj / Schutzstellung<br />
</strong>Z-5649, P-3732</p>
<hr />
<p><strong>Info</strong></p>
<p>Das Haus befindet sich im zentralen Teil von Vrboska entlang der Küste. Das Haus gehörte nach der Tradition M. Ivanić, obwohl seine berühmten historischen Besitzer die Familien Blašković und Cosmi sind. Matij Ivanić baute nach Dokumenten des Matul Ivanić sein Haus hier im Jahr 1468 (Gedenktafel). Er gab 1487 den Anstoß, die Kapelle des hl. Nikolaus auf der Bergspitze der Insel zu bauen.</p></div></div><div class='clear_column'></div><div class='content-column one_half'><div style="padding-right:6px;"><p>Kuća je L-tlocrta koji zatvara ograđeno dvorište pred sjevernim pročeljem. U začelju kuće je prostrani vrt. Ukupno gledajući sklop ima osobine ljetnikovca što je izvorno najvjerojatnije i bio jer obitelj Ivanić nije bila trajno nastanjena u Vrboskoj. U dvorištu se nalazi kameno vanjsko stubište. Pročelja su ukrašena renesansnom arhitektonskom dekoracijom.</p></div></div><div class='content-column one_half last_column'><div style="padding-right:0px;padding-left:6px;"><p>Das Haus hat eine L-förmigen Form, die einen eingefriedeten Hof vor seiner Nordfassade einschließt. Auf der Rückseite des Hauses befindet sich ein weitläufiger Garten. Insgesamt weist der Komplex die Merkmale eines Herrenhauses auf, was höchstwahrscheinlich ursprünglich darauf zurückzuführen war, dass die Familie Ivanic nicht dauerhaft in Vrboska angesiedelt war. Im Hof befindet sich eine steinerne Außentreppe. Die Fassaden sind mit Renaissance-Architektur dekoriert</p></div></div><div class='clear_column'></div><div class='content-column one_half'><div style="padding-right:6px;"><p>Registra kilzutnih dobara Republike Hrvartske br. 03/2012, lista zaštićenih kulturnih dobara:<br />
Broj registra: Z-5649<br />
Rješenje: 8.6.2012</p></div></div><div class='content-column one_half last_column'><div style="padding-right:0px;padding-left:6px;"><p>Register der Kulturgüter der Republik Kroatien Nr. 02/2016, Liste der geschützten Kulturgüter:<br />
Registrierungsnummer: Z-5649<br />
Entscheidung vom: 8.6.2012</p></div></div><div class='clear_column'></div></p>
<hr />
<p><strong>Linkovi / Links</strong></p>
<p><span style="color: #3366ff;"><strong><a style="color: #3366ff;" href="https://www.topohvar.at/topo/orte/vj/vj-tg-08-1/">Mehr über </a><a style="color: #3366ff;" href="https://www.topohvar.at/topo/orte/vj/vj-tg-08-1/">Matij Ivanić</a><a style="color: #3366ff;" href="https://www.topohvar.at/topo/orte/vj/vj-tg-08-1/"> / više o Matiji Ivaniću</a></strong></span></p>
<p><a style="color: #3366ff;" href="https://www.topohvar.at/orte/hv/hv-ci-03-1/">Hvar &#8211; Priča o Hvarskom Svetom Križiću /  die Geschichte vom Heiligen Kreuz in Hvar</a><br />
<a href="https://www.topohvar.at/topo/orte/hv/hv-is-12-1/"><span style="color: #3366ff;">Hvar &#8211; Spomen ploča »Matij Ivanić« / Gedenktafel »Matij Ivanić«</span></a><span style="color: #3366ff;"> </span><br />
<span style="color: #3366ff;"><a style="color: #3366ff;" href="https://www.topohvar.at/topo/orte/hv/hv-ci-03/">Hvar &#8211; Crkva »Gospa Anuncijata« / Kirche Maria Verkündigung</a> </span></p>
<p><span style="color: #3366ff;"><a style="color: #3366ff;" href="https://www.topohvar.at/topo/orte/je/je-is-05-1/">Jelsa &#8211; Spomen ploča »Ćeta Matij Ivanić« / Gedenktafel Partisaneneinheit Matij Ivanić</a> </span></p>
<p><span style="color: #3366ff;"><a style="color: #3366ff;" href="https://www.topohvar.at/topo/orte/sg/sg-is-08-2/">Stari Grad &#8211; Spomen ploča »Matij Ivanić, napad 1510«/ Gedenktafel an den Aufstand des Matij Ivanić im Jahr 1510</a></span></p>
<p><span style="color: #3366ff;"><a style="color: #3366ff;" href="https://www.topohvar.at/topo/orte/sv/sv-cp-07-1/">Svirče &#8211; Kapela »Sv. Nikole od Planine« / Kapelle des hl. Nikolaus am Berg</a></span></p>
<p><span style="color: #3366ff;"><a style="color: #3366ff;" href="https://www.topohvar.at/topo/orte/vj/vj-is-03-1/">Vrbanj &#8211; Spomen ploča »Kuča Matij Ivanića« / Gedenktafel Haus Matij Ivanić</a> </span><br />
<span style="color: #3366ff;"><a style="color: #3366ff;" href="https://www.topohvar.at/topo/orte/vj/vj-tg-01-1/">Vrbanj &#8211; Kuća »Dom Matij Ivanić« / Kulturhaus Matij Ivanić</a> </span><br />
<span style="color: #3366ff;"><a style="color: #3366ff;" href="https://www.topohvar.at/topo/orte/vj/vj-is-06-1/">Vrbanj &#8211; Spomen ploča »Matij Ivanić, na 444-tu godisnjicu pučana« / Gedenktafel Matij Ivanić, zum 444. Jahrestag des Aufstandes</a> </span><br />
<span style="color: #3366ff;"><a style="color: #3366ff;" href="https://www.topohvar.at/topo/orte/vj/vj-is-05-1/">Vrbanj &#8211; Spomen ploča »Matij Ivanić, na 500-tu godisnjicu pučana« / Gedenktafel Matij Ivanić, zum 500. Jahrestag des Aufstandes</a> </span><br />
<span style="color: #3366ff;"><a style="color: #3366ff;" href="https://www.topohvar.at/topo/orte/vj/vj-pu-01-1/">Vrbanj &#8211; Objekt »Put Matija Ivanića« / Ivanić-Weg</a> </span><br />
<span style="color: #3366ff;"><a style="color: #3366ff;" href="https://www.topohvar.at/topo/orte/vj/vj-ip-01-1/">Vrbanj &#8211; Informativna ploča »Put Matija Ivanića« / Infotafel Ivanić-Weg</a></span></p>
<p><span style="color: #3366ff;"><a style="color: #3366ff;" href="https://www.topohvar.at/topo/orte/va/va-is-02-1/">Vrboska &#8211; Spomen ploča »Kuća Matije Ivanića« / Gedenktafel Haus des Matij Ivanić</a></span></p>

<p>Ime / Name Kuća »Matije Ivanića« / Haus des Matij Ivanić Code: VA-TG-05                                     Adresa / Adresse Vrboska, Ulica Matija Ivanića Lokalna položaj / Position Latitude: N &hellip; <a href="https://www.topohvar.at/topo/orte/va/va-tg-05-1/">Weiterlesen <span class="meta-nav">&rarr;</span></a></p>
