{"id":6147,"date":"2018-08-18T09:23:22","date_gmt":"2018-08-18T07:23:22","guid":{"rendered":"https:\/\/www.topohvar.at\/?page_id=6147"},"modified":"2021-12-01T18:09:56","modified_gmt":"2021-12-01T17:09:56","slug":"va-tr-06-1","status":"publish","type":"page","link":"https:\/\/www.topohvar.at\/topo\/orte\/va\/va-tr-06-1\/","title":{"rendered":"VRBOSKA &#8211; Trim \u00bbVA-TR-06\u00ab"},"content":{"rendered":"<p><a name=\"seite_oben\"><\/a><br \/>\n<strong><img loading=\"lazy\" decoding=\"async\" class=\"alignnone wp-image-22579 size-large\" src=\"https:\/\/www.topohvar.at\/wp-content\/uploads\/2019\/05\/va-tr-06-12-1024x503.jpg\" alt=\"\" width=\"640\" height=\"314\" srcset=\"https:\/\/www.topohvar.at\/wp-content\/uploads\/2019\/05\/va-tr-06-12-1024x503.jpg 1024w, https:\/\/www.topohvar.at\/wp-content\/uploads\/2019\/05\/va-tr-06-12-300x147.jpg 300w, https:\/\/www.topohvar.at\/wp-content\/uploads\/2019\/05\/va-tr-06-12-768x377.jpg 768w, https:\/\/www.topohvar.at\/wp-content\/uploads\/2019\/05\/va-tr-06-12.jpg 1080w\" sizes=\"auto, (max-width: 640px) 100vw, 640px\" \/><\/strong><\/p>\n<p><strong>Ime \/ Name<br \/>\n<\/strong>Trim \u00bbVA-TR-06\u00ab<\/p>\n<p><strong>Code: <\/strong>VA-TR-06\u00a0 \u00a0 \u00a0 \u00a0 \u00a0 \u00a0 \u00a0 \u00a0<strong>\u00a0 \u00a0 \u00a0 \u00a0 \u00a0 \u00a0 \u00a0 \u00a0 \u00a0 <a href=\"https:\/\/www.topohvar.at\/orte\/va\/va-tr-00-1\/\"><img loading=\"lazy\" decoding=\"async\" class=\"alignnone wp-image-12300 size-full\" src=\"https:\/\/www.topohvar.at\/wp-content\/uploads\/2018\/09\/push-vor-30.jpg\" alt=\"\" width=\"61\" height=\"30\" \/><\/a> <a href=\"https:\/\/www.topohvar.at\/orte\/va\/va-tr-05-1\/\"><img loading=\"lazy\" decoding=\"async\" class=\"alignnone wp-image-533 size-full\" src=\"https:\/\/www.topohvar.at\/wp-content\/uploads\/2018\/07\/push-l-30.jpg\" alt=\"\" width=\"61\" height=\"30\" \/><\/a>\u00a0<a href=\"https:\/\/www.topohvar.at\/orte\/va\/\"><img loading=\"lazy\" decoding=\"async\" class=\"alignnone wp-image-535 size-full\" src=\"https:\/\/www.topohvar.at\/wp-content\/uploads\/2018\/07\/push-o-30.jpg\" alt=\"\" width=\"61\" height=\"30\" \/><\/a>\u00a0<a href=\"https:\/\/www.topohvar.at\/orte\/va\/va-tr-08-1\/\"><img loading=\"lazy\" decoding=\"async\" class=\"alignnone wp-image-536 size-full\" src=\"https:\/\/www.topohvar.at\/wp-content\/uploads\/2018\/07\/push-r-30.jpg\" alt=\"\" width=\"61\" height=\"30\" \/><\/a><\/strong><\/p>\n<hr \/>\n<p><strong>Adresa \/ Adresse<br \/>\n<\/strong>Vrboska,\u00a0Polje, Blata<\/p>\n<p><strong>Lokalna polo\u017eaj \/ Position<a href=\"https:\/\/goo.gl\/maps\/fe2kSd3Heb28Qwiw8\"><img loading=\"lazy\" decoding=\"async\" class=\"alignright wp-image-6424\" src=\"https:\/\/www.topohvar.at\/wp-content\/uploads\/2018\/08\/0919.jpg\" alt=\"\" width=\"133\" height=\"100\" \/><\/a><br \/>\n<\/strong><span style=\"color: #3366ff;\"><a style=\"color: #3366ff;\" href=\"https:\/\/goo.gl\/maps\/fe2kSd3Heb28Qwiw8\">Latitude: N 43,17998\u00b0\u00a0 \u00a0 Longitude: E 16,65983\u00b0\u00a0<\/a><\/span><strong><br \/>\n<\/strong>Visina \/ H\u00f6he: 16 m<\/p>\n<p><strong>Zemlji\u0161te \/ Grundst\u00fccke<br \/>\n<\/strong>1740<div class='content-column one_half'><div style=\"padding-right:6px;\"><p><strong>Datum snimanja \/ Erfassungsdatum<br \/>\n<\/strong>08.05.2015 18:06:29<\/p>\n<hr \/>\n<p><strong>Informacije<\/strong><\/p>\n<p>Uru\u0161eni trim uklopljen u velike suhozidne gomile, u kojem su se skrivali za vrijeme rata. Lijevo od ulaznih stepenica vodi se do hrpe, desno od ulaza se nalaze kamenje za sjedenje.<\/p><\/div><\/div><div class='content-column one_half last_column'><div style=\"padding-right:0px;padding-left:6px;\"><p><strong>Za\u0161titni polo\u017eaj \/ Schutzstellung<br \/>\n<\/strong>&#8211;<\/p>\n<hr \/>\n<p><strong>Info<\/strong><\/p>\n<p>Der eingest\u00fcrzte Trim ist in einen riesigen Trockensteinhaufen integriert, wo sich die Bewohner w\u00e4hrend des Krieges versteckt hielten. Links vom Eingang f\u00fchren Stufen hinauf auf den Haufen, rechts vom Eingang Sitzgelegenheit.<\/p><\/div><\/div><div class='clear_column'><\/div><div class='content-column one_half'><div style=\"padding-right:6px;\"><p>Trim s brojem &#8222;5&#8220; iz evidencije KO u Splitu. Teren sa studentima krajobrazne arhitekture UNIZG, studeni 2013<\/p><\/div><\/div><div class='content-column one_half last_column'><div style=\"padding-right:0px;padding-left:6px;\"><p>Der Trim ist mit Nummer &#8222;5&#8220; in Evidenz bei KO in Split. Das Gel\u00e4nde wurde mit den Studenten der Landschaftsarchitektur UNIZG um November 2013 aufgenommen.<\/p><\/div><\/div><div class='clear_column'><\/div><div class='content-column one_half'><div style=\"padding-right:6px;\"><div id=\"attachment_23311\" style=\"width: 310px\" class=\"wp-caption aligncenter\"><img loading=\"lazy\" decoding=\"async\" aria-describedby=\"caption-attachment-23311\" class=\"size-medium wp-image-23311\" src=\"https:\/\/www.topohvar.at\/wp-content\/uploads\/2019\/07\/va-tr-06-11-300x300.jpg\" alt=\"\" width=\"300\" height=\"300\" srcset=\"https:\/\/www.topohvar.at\/wp-content\/uploads\/2019\/07\/va-tr-06-11-300x300.jpg 300w, https:\/\/www.topohvar.at\/wp-content\/uploads\/2019\/07\/va-tr-06-11-150x150.jpg 150w, https:\/\/www.topohvar.at\/wp-content\/uploads\/2019\/07\/va-tr-06-11.jpg 450w\" sizes=\"auto, (max-width: 300px) 100vw, 300px\" \/><p id=\"caption-attachment-23311\" class=\"wp-caption-text\">Ulaz \/ Eingang<\/p><\/div>\n<p>Dana\t06.05.2019\ttrim VA-TR-06 je posje\u0107en i ustanovljeno je sljede\u0107e:\t<\/p>\n<p>Lokacija: \tlivada, pa\u0161njak<br \/>\nPodloga: \tgomila kamenja<br \/>\nPovezan s: \ture\u0111enom kamenom gomilom<br \/>\nUpotreba: \tne koristi se<br \/>\nStanje: \tkupola se djelomi\u010dno sru\u0161ila<br \/>\nBroj stepenica trima:\t1<br \/>\nDodatni kameni prsten: \tnema kamenog prstena<br \/>\nStepeni\u0161te: \tstepenica<br \/>\nOblik kamena: \tuglast<br \/>\nPodru\u010dje ispred ulaza: \tlako dostupno<br \/>\nOrijentacija ulaza: \tZ (250\u00b0)<br \/>\nPromjer trima (cm): \t410<br \/>\nVisina trima (cm): \t?<br \/>\nVisina stepenica (cm): \tstepenica 1: 200<br \/>\nDebljina zida (cm): \t100<br \/>\n\u0160irina vrata (cm): \t55<br \/>\nVisina vrata (cm): \t90<br \/>\n\u0160irina unutra (cm):\t200 &#8211; 210<br \/>\nVisina unutra (cm): \t?<br \/>\nVolumen iznutra (m3): \t?<br \/>\nNema ni\u0161e\t\t\t<\/p><\/div><\/div><div class='content-column one_half last_column'><div style=\"padding-right:0px;padding-left:6px;\"><div id=\"attachment_23312\" style=\"width: 310px\" class=\"wp-caption aligncenter\"><img loading=\"lazy\" decoding=\"async\" aria-describedby=\"caption-attachment-23312\" class=\"size-medium wp-image-23312\" src=\"https:\/\/www.topohvar.at\/wp-content\/uploads\/2019\/07\/va-tr-06-14-300x300.jpg\" alt=\"\" width=\"300\" height=\"300\" srcset=\"https:\/\/www.topohvar.at\/wp-content\/uploads\/2019\/07\/va-tr-06-14-300x300.jpg 300w, https:\/\/www.topohvar.at\/wp-content\/uploads\/2019\/07\/va-tr-06-14-150x150.jpg 150w, https:\/\/www.topohvar.at\/wp-content\/uploads\/2019\/07\/va-tr-06-14.jpg 450w\" sizes=\"auto, (max-width: 300px) 100vw, 300px\" \/><p id=\"caption-attachment-23312\" class=\"wp-caption-text\">Sru\u0161ena kupola \/ eingest\u00fcrzte Kuppel<\/p><\/div>\n<p>Am\t06.05.2019\twurde der Trim VA-TR-06 besucht und n\u00e4her untersucht:\t<\/p>\n<p>Standort: \tWiese, Weide<br \/>\nUntergrund: \tSteinhaufen<br \/>\nVerbunden mit: \tSteinhaufen geordnet<br \/>\nNutzung: \tungenutzt<br \/>\nZustand: \tKuppel teilweise eingest\u00fcrzt<br \/>\nAnzahl der Trimstufen:\t1<br \/>\nZus\u00e4tzlicher Steinring: \tkein Steinring<br \/>\nStiege: \tStiege<br \/>\nSteinform: \tkantig<br \/>\nEingangsbereich: \tfrei<br \/>\nEingangsseite:\tW (250\u00b0)<br \/>\nTrimdurchmesser (cm): \t410<br \/>\nTrimh\u00f6he (cm): \t?<br \/>\nH\u00f6he der Trimstufen (cm): \tStufe 1: 200<br \/>\nWandst\u00e4rke (cm): \t100<br \/>\nT\u00fcrbreite (cm): \t55<br \/>\nT\u00fcrh\u00f6he (cm): \t90<br \/>\nInnenraumbreite (cm):\t200 &#8211; 210<br \/>\nInnenraumh\u00f6he (cm): \t?<br \/>\nRaumvolumen (m3): \t?<br \/>\nKeine Nische\t\t\t<\/p><\/div><\/div><div class='clear_column'><\/div><\/p>\n<p><img loading=\"lazy\" decoding=\"async\" class=\"aligncenter size-full wp-image-23313\" src=\"https:\/\/www.topohvar.at\/wp-content\/uploads\/2019\/07\/va-tr-06-sca.jpg\" alt=\"\" width=\"640\" height=\"968\" srcset=\"https:\/\/www.topohvar.at\/wp-content\/uploads\/2019\/07\/va-tr-06-sca.jpg 640w, https:\/\/www.topohvar.at\/wp-content\/uploads\/2019\/07\/va-tr-06-sca-198x300.jpg 198w\" sizes=\"auto, (max-width: 640px) 100vw, 640px\" \/><\/p>\n<p style=\"text-align: right;\"><a href=\"#seite_oben\">gore \/ Seitenanfang<\/a><\/p>\n<hr \/>\n<p><strong>Linkovi \/ Links<\/strong><\/p>\n<p>&#8211;<\/p>\n","protected":false},"excerpt":{"rendered":"<p>Ime \/ Name Trim \u00bbVA-TR-06\u00ab Code: VA-TR-06\u00a0 \u00a0 \u00a0 \u00a0 \u00a0 \u00a0 \u00a0 \u00a0\u00a0 \u00a0 \u00a0 \u00a0 \u00a0 \u00a0 \u00a0 \u00a0 \u00a0 \u00a0\u00a0 Adresa \/ Adresse Vrboska,\u00a0Polje, Blata Lokalna polo\u017eaj \/ Position Latitude: N 43,17998\u00b0\u00a0 \u00a0 Longitude: E 16,65983\u00b0\u00a0 Visina &hellip; <a href=\"https:\/\/www.topohvar.at\/topo\/orte\/va\/va-tr-06-1\/\">Weiterlesen <span class=\"meta-nav\">&rarr;<\/span><\/a><\/p>\n","protected":false},"author":1,"featured_media":0,"parent":109,"menu_order":0,"comment_status":"closed","ping_status":"closed","template":"","meta":{"footnotes":""},"class_list":["post-6147","page","type-page","status-publish","hentry"],"_links":{"self":[{"href":"https:\/\/www.topohvar.at\/topo\/wp-json\/wp\/v2\/pages\/6147","targetHints":{"allow":["GET"]}}],"collection":[{"href":"https:\/\/www.topohvar.at\/topo\/wp-json\/wp\/v2\/pages"}],"about":[{"href":"https:\/\/www.topohvar.at\/topo\/wp-json\/wp\/v2\/types\/page"}],"author":[{"embeddable":true,"href":"https:\/\/www.topohvar.at\/topo\/wp-json\/wp\/v2\/users\/1"}],"replies":[{"embeddable":true,"href":"https:\/\/www.topohvar.at\/topo\/wp-json\/wp\/v2\/comments?post=6147"}],"version-history":[{"count":12,"href":"https:\/\/www.topohvar.at\/topo\/wp-json\/wp\/v2\/pages\/6147\/revisions"}],"predecessor-version":[{"id":54188,"href":"https:\/\/www.topohvar.at\/topo\/wp-json\/wp\/v2\/pages\/6147\/revisions\/54188"}],"up":[{"embeddable":true,"href":"https:\/\/www.topohvar.at\/topo\/wp-json\/wp\/v2\/pages\/109"}],"wp:attachment":[{"href":"https:\/\/www.topohvar.at\/topo\/wp-json\/wp\/v2\/media?parent=6147"}],"curies":[{"name":"wp","href":"https:\/\/api.w.org\/{rel}","templated":true}]}}

<p><a name="seite_oben"></a><br />
<strong><img loading="lazy" decoding="async" class="alignnone wp-image-22579 size-large" src="https://www.topohvar.at/wp-content/uploads/2019/05/va-tr-06-12-1024x503.jpg" alt="" width="640" height="314" srcset="https://www.topohvar.at/wp-content/uploads/2019/05/va-tr-06-12-1024x503.jpg 1024w, https://www.topohvar.at/wp-content/uploads/2019/05/va-tr-06-12-300x147.jpg 300w, https://www.topohvar.at/wp-content/uploads/2019/05/va-tr-06-12-768x377.jpg 768w, https://www.topohvar.at/wp-content/uploads/2019/05/va-tr-06-12.jpg 1080w" sizes="auto, (max-width: 640px) 100vw, 640px" /></strong></p>
<p><strong>Ime / Name<br />
</strong>Trim »VA-TR-06«</p>
<p><strong>Code: </strong>VA-TR-06               <strong>                  <a href="https://www.topohvar.at/orte/va/va-tr-00-1/"><img loading="lazy" decoding="async" class="alignnone wp-image-12300 size-full" src="https://www.topohvar.at/wp-content/uploads/2018/09/push-vor-30.jpg" alt="" width="61" height="30" /></a> <a href="https://www.topohvar.at/orte/va/va-tr-05-1/"><img loading="lazy" decoding="async" class="alignnone wp-image-533 size-full" src="https://www.topohvar.at/wp-content/uploads/2018/07/push-l-30.jpg" alt="" width="61" height="30" /></a> <a href="https://www.topohvar.at/orte/va/"><img loading="lazy" decoding="async" class="alignnone wp-image-535 size-full" src="https://www.topohvar.at/wp-content/uploads/2018/07/push-o-30.jpg" alt="" width="61" height="30" /></a> <a href="https://www.topohvar.at/orte/va/va-tr-08-1/"><img loading="lazy" decoding="async" class="alignnone wp-image-536 size-full" src="https://www.topohvar.at/wp-content/uploads/2018/07/push-r-30.jpg" alt="" width="61" height="30" /></a></strong></p>
<hr />
<p><strong>Adresa / Adresse<br />
</strong>Vrboska, Polje, Blata</p>
<p><strong>Lokalna položaj / Position<a href="https://goo.gl/maps/fe2kSd3Heb28Qwiw8"><img loading="lazy" decoding="async" class="alignright wp-image-6424" src="https://www.topohvar.at/wp-content/uploads/2018/08/0919.jpg" alt="" width="133" height="100" /></a><br />
</strong><span style="color: #3366ff;"><a style="color: #3366ff;" href="https://goo.gl/maps/fe2kSd3Heb28Qwiw8">Latitude: N 43,17998°    Longitude: E 16,65983° </a></span><strong><br />
</strong>Visina / Höhe: 16 m</p>
<p><strong>Zemljište / Grundstücke<br />
</strong>1740<div class='content-column one_half'><div style="padding-right:6px;"><p><strong>Datum snimanja / Erfassungsdatum<br />
</strong>08.05.2015 18:06:29</p>
<hr />
<p><strong>Informacije</strong></p>
<p>Urušeni trim uklopljen u velike suhozidne gomile, u kojem su se skrivali za vrijeme rata. Lijevo od ulaznih stepenica vodi se do hrpe, desno od ulaza se nalaze kamenje za sjedenje.</p></div></div><div class='content-column one_half last_column'><div style="padding-right:0px;padding-left:6px;"><p><strong>Zaštitni položaj / Schutzstellung<br />
</strong>&#8211;</p>
<hr />
<p><strong>Info</strong></p>
<p>Der eingestürzte Trim ist in einen riesigen Trockensteinhaufen integriert, wo sich die Bewohner während des Krieges versteckt hielten. Links vom Eingang führen Stufen hinauf auf den Haufen, rechts vom Eingang Sitzgelegenheit.</p></div></div><div class='clear_column'></div><div class='content-column one_half'><div style="padding-right:6px;"><p>Trim s brojem &#8222;5&#8220; iz evidencije KO u Splitu. Teren sa studentima krajobrazne arhitekture UNIZG, studeni 2013</p></div></div><div class='content-column one_half last_column'><div style="padding-right:0px;padding-left:6px;"><p>Der Trim ist mit Nummer &#8222;5&#8220; in Evidenz bei KO in Split. Das Gelände wurde mit den Studenten der Landschaftsarchitektur UNIZG um November 2013 aufgenommen.</p></div></div><div class='clear_column'></div><div class='content-column one_half'><div style="padding-right:6px;"><div id="attachment_23311" style="width: 310px" class="wp-caption aligncenter"><img loading="lazy" decoding="async" aria-describedby="caption-attachment-23311" class="size-medium wp-image-23311" src="https://www.topohvar.at/wp-content/uploads/2019/07/va-tr-06-11-300x300.jpg" alt="" width="300" height="300" srcset="https://www.topohvar.at/wp-content/uploads/2019/07/va-tr-06-11-300x300.jpg 300w, https://www.topohvar.at/wp-content/uploads/2019/07/va-tr-06-11-150x150.jpg 150w, https://www.topohvar.at/wp-content/uploads/2019/07/va-tr-06-11.jpg 450w" sizes="auto, (max-width: 300px) 100vw, 300px" /><p id="caption-attachment-23311" class="wp-caption-text">Ulaz / Eingang</p></div>
<p>Dana	06.05.2019	trim VA-TR-06 je posjećen i ustanovljeno je sljedeće:	</p>
<p>Lokacija: 	livada, pašnjak<br />
Podloga: 	gomila kamenja<br />
Povezan s: 	uređenom kamenom gomilom<br />
Upotreba: 	ne koristi se<br />
Stanje: 	kupola se djelomično srušila<br />
Broj stepenica trima:	1<br />
Dodatni kameni prsten: 	nema kamenog prstena<br />
Stepenište: 	stepenica<br />
Oblik kamena: 	uglast<br />
Područje ispred ulaza: 	lako dostupno<br />
Orijentacija ulaza: 	Z (250°)<br />
Promjer trima (cm): 	410<br />
Visina trima (cm): 	?<br />
Visina stepenica (cm): 	stepenica 1: 200<br />
Debljina zida (cm): 	100<br />
Širina vrata (cm): 	55<br />
Visina vrata (cm): 	90<br />
Širina unutra (cm):	200 &#8211; 210<br />
Visina unutra (cm): 	?<br />
Volumen iznutra (m3): 	?<br />
Nema niše			</p></div></div><div class='content-column one_half last_column'><div style="padding-right:0px;padding-left:6px;"><div id="attachment_23312" style="width: 310px" class="wp-caption aligncenter"><img loading="lazy" decoding="async" aria-describedby="caption-attachment-23312" class="size-medium wp-image-23312" src="https://www.topohvar.at/wp-content/uploads/2019/07/va-tr-06-14-300x300.jpg" alt="" width="300" height="300" srcset="https://www.topohvar.at/wp-content/uploads/2019/07/va-tr-06-14-300x300.jpg 300w, https://www.topohvar.at/wp-content/uploads/2019/07/va-tr-06-14-150x150.jpg 150w, https://www.topohvar.at/wp-content/uploads/2019/07/va-tr-06-14.jpg 450w" sizes="auto, (max-width: 300px) 100vw, 300px" /><p id="caption-attachment-23312" class="wp-caption-text">Srušena kupola / eingestürzte Kuppel</p></div>
<p>Am	06.05.2019	wurde der Trim VA-TR-06 besucht und näher untersucht:	</p>
<p>Standort: 	Wiese, Weide<br />
Untergrund: 	Steinhaufen<br />
Verbunden mit: 	Steinhaufen geordnet<br />
Nutzung: 	ungenutzt<br />
Zustand: 	Kuppel teilweise eingestürzt<br />
Anzahl der Trimstufen:	1<br />
Zusätzlicher Steinring: 	kein Steinring<br />
Stiege: 	Stiege<br />
Steinform: 	kantig<br />
Eingangsbereich: 	frei<br />
Eingangsseite:	W (250°)<br />
Trimdurchmesser (cm): 	410<br />
Trimhöhe (cm): 	?<br />
Höhe der Trimstufen (cm): 	Stufe 1: 200<br />
Wandstärke (cm): 	100<br />
Türbreite (cm): 	55<br />
Türhöhe (cm): 	90<br />
Innenraumbreite (cm):	200 &#8211; 210<br />
Innenraumhöhe (cm): 	?<br />
Raumvolumen (m3): 	?<br />
Keine Nische			</p></div></div><div class='clear_column'></div></p>
<p><img loading="lazy" decoding="async" class="aligncenter size-full wp-image-23313" src="https://www.topohvar.at/wp-content/uploads/2019/07/va-tr-06-sca.jpg" alt="" width="640" height="968" srcset="https://www.topohvar.at/wp-content/uploads/2019/07/va-tr-06-sca.jpg 640w, https://www.topohvar.at/wp-content/uploads/2019/07/va-tr-06-sca-198x300.jpg 198w" sizes="auto, (max-width: 640px) 100vw, 640px" /></p>
<p style="text-align: right;"><a href="#seite_oben">gore / Seitenanfang</a></p>
<hr />
<p><strong>Linkovi / Links</strong></p>
<p>&#8211;</p>

<p>Ime / Name Trim »VA-TR-06« Code: VA-TR-06                                    Adresa / Adresse Vrboska, Polje, Blata Lokalna položaj / Position Latitude: N 43,17998°    Longitude: E 16,65983°  Visina &hellip; <a href="https://www.topohvar.at/topo/orte/va/va-tr-06-1/">Weiterlesen <span class="meta-nav">&rarr;</span></a></p>
