{"id":6157,"date":"2018-08-18T09:31:50","date_gmt":"2018-08-18T07:31:50","guid":{"rendered":"https:\/\/www.topohvar.at\/?page_id=6157"},"modified":"2022-02-15T17:28:33","modified_gmt":"2022-02-15T16:28:33","slug":"va-td-02-1","status":"publish","type":"page","link":"https:\/\/www.topohvar.at\/topo\/orte\/va\/va-td-02-1\/","title":{"rendered":"VRBOSKA &#8211; Kula \u00bbKa\u0161tilac\u00ab"},"content":{"rendered":"<p><strong><img loading=\"lazy\" decoding=\"async\" class=\"alignnone wp-image-6006 size-large\" src=\"https:\/\/www.topohvar.at\/wp-content\/uploads\/2018\/08\/VA-PO-01-0-1024x503.jpg\" alt=\"\" width=\"640\" height=\"314\" srcset=\"https:\/\/www.topohvar.at\/wp-content\/uploads\/2018\/08\/VA-PO-01-0-1024x503.jpg 1024w, https:\/\/www.topohvar.at\/wp-content\/uploads\/2018\/08\/VA-PO-01-0-300x147.jpg 300w, https:\/\/www.topohvar.at\/wp-content\/uploads\/2018\/08\/VA-PO-01-0-768x377.jpg 768w, https:\/\/www.topohvar.at\/wp-content\/uploads\/2018\/08\/VA-PO-01-0.jpg 1080w\" sizes=\"auto, (max-width: 640px) 100vw, 640px\" \/><\/strong><\/p>\n<p><strong>Ime \/ Name<br \/>\n<\/strong>Kula \u00bbKa\u0161tilac\u00ab \/ Turm\u00a0Ka\u0161tilac<\/p>\n<p><strong>Code: <\/strong>VA-TD-02\u00a0 \u00a0 \u00a0 \u00a0 \u00a0 \u00a0 \u00a0 \u00a0<strong>\u00a0 \u00a0 \u00a0 \u00a0 \u00a0 \u00a0 \u00a0 \u00a0 \u00a0 \u00a0<a href=\"https:\/\/www.topohvar.at\/orte\/va\/va-td-01-1\/\"><img loading=\"lazy\" decoding=\"async\" class=\"alignnone wp-image-533 size-full\" src=\"https:\/\/www.topohvar.at\/wp-content\/uploads\/2018\/07\/push-l-30.jpg\" alt=\"\" width=\"61\" height=\"30\" \/><\/a>\u00a0<a href=\"https:\/\/www.topohvar.at\/orte\/va\/\"><img loading=\"lazy\" decoding=\"async\" class=\"alignnone wp-image-535 size-full\" src=\"https:\/\/www.topohvar.at\/wp-content\/uploads\/2018\/07\/push-o-30.jpg\" alt=\"\" width=\"61\" height=\"30\" \/><\/a>\u00a0 \u00a0 \u00a0\u00a0<\/strong><\/p>\n<hr \/>\n<p><strong>Adresa \/ Adresse<br \/>\n<\/strong>Vrboska,\u00a0Kula Ka\u0161tilac<\/p>\n<p><strong>Lokalna polo\u017eaj \/ Position<a href=\"https:\/\/goo.gl\/maps\/xWArqaj6NXvX3wVFA\"><img loading=\"lazy\" decoding=\"async\" class=\"alignright wp-image-6358\" src=\"https:\/\/www.topohvar.at\/wp-content\/uploads\/2018\/08\/0858.jpg\" alt=\"\" width=\"134\" height=\"100\" \/><\/a><br \/>\n<\/strong><span style=\"color: #3366ff;\"><a style=\"color: #3366ff;\" href=\"https:\/\/goo.gl\/maps\/xWArqaj6NXvX3wVFA\">Latitude: N 43,18666\u00b0\u00a0 \u00a0 Longitude: E 16,67677\u00b0\u00a0<\/a><\/span><strong><br \/>\n<\/strong>Visina \/ H\u00f6he: 74 m<\/p>\n<p><strong>Zemlji\u0161te \/ Grundst\u00fccke<br \/>\n<\/strong>*809\/1<div class='content-column one_half'><div style=\"padding-right:6px;\"><p><strong>Datum snimanja \/ Erfassungsdatum<br \/>\n<\/strong>15.05.2012 11:35:00<\/p>\n<hr \/>\n<p><strong>Informacije<\/strong><\/p>\n<p>Na najvi\u0161oj koti poluotoka Zaglav smje\u0161tena je ovalna kula. Sagra\u0111ena je na mjestu odakle se odli\u010dno mo\u017ee nadzirati ovaj dio otoka Hvara a posebno more izme\u0111u Hvara, Bra\u010da i kopna. Kula je gra\u0111ena u 16. stolje\u0107u, kada nastaju i dvije utvr\u0111ene crkve na sjevernoj strani otoka, crkva sv. Fabijana i Sebastijana (danas Marijina Uznesena) u Jelsi i crkva sv. Marije u Vrboskoj.<\/p><\/div><\/div><div class='content-column one_half last_column'><div style=\"padding-right:0px;padding-left:6px;\"><p><strong>Za\u0161titni polo\u017eaj \/ Schutzstellung<br \/>\n<\/strong>Z-5750, P-2659<\/p>\n<hr \/>\n<p><strong>Info<\/strong><\/p>\n<p>Am h\u00f6chsten Punkt der Halbinsel Zaglav befindet sich ein ovaler Turm. Er wurde hier erbaut, von wo aus man diesen Teil der Insel Hvar und besonders das Meer zwischen Hvar, Bra\u010d und dem Festland beobachten konnte. Der Turm wurde im 16. Jahrhundert zur selben Zeit erbaut, als in der N\u00e4he auch zwei Kirchen befestigt wurden. Die Kirche Fabian und Sebastian in Jelsa (heute die Wehrkirche Maria Himmelfahrt)\u00a0 und die Wehrkirche der hl. Maria in Vrboska.<\/p><\/div><\/div><div class='clear_column'><\/div><div class='content-column one_half'><div style=\"padding-right:6px;\"><p>Sa\u010duvane visine oko 5 metara i promjera oko 4 metra. Kula je gra\u0111ena priklesanim horizontalno uslojenim kamenom u vapnenom mortu, zidova debljine oko 50 cm. Kula ima puno prizemlje, zatrpano vjerojatno ve\u0107 tokom gra\u0111enja, te kat \u010dija je unutra\u0161njost kvadrati\u010dnog tlocrta, dok je vanjski obod kule ovalan.<\/p><\/div><\/div><div class='content-column one_half last_column'><div style=\"padding-right:0px;padding-left:6px;\"><p>Die erhaltene H\u00f6he betr\u00e4gt ca. 5 Metern und der Durchmesser ca. 4 Meter. Der Turm wurde aus behauenen horizontal geschichtetem Steinen mit Kalkm\u00f6rtel gemauert. Die W\u00e4nde sind etwa 50 cm stark. Der Turm hat ein volles Erdgeschoss, das wahrscheinlich bereits w\u00e4hrend des Baus vergraben wurde, und ein Stockwerk, dessen Innenraum quadratisch ist, w\u00e4hrend der Au\u00dfenumfang des Turms oval ist.<\/p><\/div><\/div><div class='clear_column'><\/div><div class='content-column one_half'><div style=\"padding-right:6px;\"><p>Registra kulturnih dobara Republike Hrvartske br. 03\/2012, lista za\u0161ti\u0107enih kulturnih dobara:<br \/>\nBroj registra: Z-5750<br \/>\nRje\u0161enje: 29.8.2012<\/p><\/div><\/div><div class='content-column one_half last_column'><div style=\"padding-right:0px;padding-left:6px;\"><p>Der Turm ist in der Liste der Kulturg\u00fcter der Republik Kroatien:<br \/>\nRegistriernummer: Z-5750<br \/>\nVer\u00f6ffentlichung: 29.8.2012<\/p><\/div><\/div><div class='clear_column'><\/div><\/p>\n<hr \/>\n<p><strong>Linkovi \/ Links<\/strong><\/p>\n<p><span style=\"color: #3366ff;\"><a style=\"color: #3366ff;\" href=\"https:\/\/www.topohvar.at\/topo\/orte\/va\/va-pg-00-1\/#pg-09\">Vidi tako\u0111er &#8211; Pretpovijesna nalazi\u0161ta \u00bbGomila Ka\u0161tilac\u00ab \/ Siehe auch Pr\u00e4historische St\u00e4tte &#8211; H\u00fcgel Ka\u0161tilac<\/a><\/span><\/p>\n","protected":false},"excerpt":{"rendered":"<p>Ime \/ Name Kula \u00bbKa\u0161tilac\u00ab \/ Turm\u00a0Ka\u0161tilac Code: VA-TD-02\u00a0 \u00a0 \u00a0 \u00a0 \u00a0 \u00a0 \u00a0 \u00a0\u00a0 \u00a0 \u00a0 \u00a0 \u00a0 \u00a0 \u00a0 \u00a0 \u00a0 \u00a0\u00a0\u00a0 \u00a0 \u00a0\u00a0 Adresa \/ Adresse Vrboska,\u00a0Kula Ka\u0161tilac Lokalna polo\u017eaj \/ Position Latitude: N 43,18666\u00b0\u00a0 \u00a0 &hellip; <a href=\"https:\/\/www.topohvar.at\/topo\/orte\/va\/va-td-02-1\/\">Weiterlesen <span class=\"meta-nav\">&rarr;<\/span><\/a><\/p>\n","protected":false},"author":1,"featured_media":0,"parent":109,"menu_order":0,"comment_status":"closed","ping_status":"closed","template":"","meta":{"footnotes":""},"class_list":["post-6157","page","type-page","status-publish","hentry"],"_links":{"self":[{"href":"https:\/\/www.topohvar.at\/topo\/wp-json\/wp\/v2\/pages\/6157","targetHints":{"allow":["GET"]}}],"collection":[{"href":"https:\/\/www.topohvar.at\/topo\/wp-json\/wp\/v2\/pages"}],"about":[{"href":"https:\/\/www.topohvar.at\/topo\/wp-json\/wp\/v2\/types\/page"}],"author":[{"embeddable":true,"href":"https:\/\/www.topohvar.at\/topo\/wp-json\/wp\/v2\/users\/1"}],"replies":[{"embeddable":true,"href":"https:\/\/www.topohvar.at\/topo\/wp-json\/wp\/v2\/comments?post=6157"}],"version-history":[{"count":15,"href":"https:\/\/www.topohvar.at\/topo\/wp-json\/wp\/v2\/pages\/6157\/revisions"}],"predecessor-version":[{"id":57377,"href":"https:\/\/www.topohvar.at\/topo\/wp-json\/wp\/v2\/pages\/6157\/revisions\/57377"}],"up":[{"embeddable":true,"href":"https:\/\/www.topohvar.at\/topo\/wp-json\/wp\/v2\/pages\/109"}],"wp:attachment":[{"href":"https:\/\/www.topohvar.at\/topo\/wp-json\/wp\/v2\/media?parent=6157"}],"curies":[{"name":"wp","href":"https:\/\/api.w.org\/{rel}","templated":true}]}}