{"id":61842,"date":"2022-11-15T19:14:50","date_gmt":"2022-11-15T18:14:50","guid":{"rendered":"https:\/\/www.topohvar.at\/topo\/?page_id=61842"},"modified":"2022-11-15T19:22:58","modified_gmt":"2022-11-15T18:22:58","slug":"hv-ob-18-1","status":"publish","type":"page","link":"https:\/\/www.topohvar.at\/topo\/orte\/hv\/hv-ob-18-1\/","title":{"rendered":"HVAR &#8211; Objekt \u00bbSun\u010dani sat na vrhu rive &#8222;Obala Riva&#8220;\u00ab"},"content":{"rendered":"<p><a name=\"seite_oben\"><\/a><br \/>\n<img loading=\"lazy\" decoding=\"async\" class=\"aligncenter wp-image-61844 size-full\" src=\"https:\/\/www.topohvar.at\/wp-content\/uploads\/2022\/11\/hv-ob-18-10.jpg\" alt=\"\" width=\"1080\" height=\"530\" srcset=\"https:\/\/www.topohvar.at\/wp-content\/uploads\/2022\/11\/hv-ob-18-10.jpg 1080w, https:\/\/www.topohvar.at\/wp-content\/uploads\/2022\/11\/hv-ob-18-10-300x147.jpg 300w, https:\/\/www.topohvar.at\/wp-content\/uploads\/2022\/11\/hv-ob-18-10-1024x503.jpg 1024w, https:\/\/www.topohvar.at\/wp-content\/uploads\/2022\/11\/hv-ob-18-10-768x377.jpg 768w\" sizes=\"auto, (max-width: 1080px) 100vw, 1080px\" \/><\/p>\n<p><strong>Ime \/ Name<br \/>\n<\/strong>Objekt \u00bbSun\u010dani sat na vrhu rive &#8222;Obala Riva&#8220;\u00ab \/ Sonnenuhr am Kopf des Kais &#8222;Obala Riva&#8220;.<\/p>\n<p><strong>Code: <\/strong>HV-OB-18\u00a0 \u00a0 \u00a0 \u00a0 \u00a0 \u00a0 \u00a0 \u00a0 \u00a0 \u00a0 \u00a0 \u00a0 \u00a0 \u00a0 \u00a0 \u00a0 \u00a0 \u00a0 <a href=\"https:\/\/www.topohvar.at\/hv-og-01-1\/\"><img loading=\"lazy\" decoding=\"async\" class=\"alignnone wp-image-12300 size-full\" src=\"https:\/\/www.topohvar.at\/wp-content\/uploads\/2018\/09\/push-vor-30.jpg\" alt=\"\" width=\"61\" height=\"30\" \/><\/a>\u00a0<strong><a href=\"https:\/\/www.topohvar.at\/orte\/hv\/hv-ob-08-1\/\"><img loading=\"lazy\" decoding=\"async\" class=\"alignnone wp-image-533 size-full\" src=\"https:\/\/www.topohvar.at\/wp-content\/uploads\/2018\/07\/push-l-30.jpg\" alt=\"\" width=\"61\" height=\"30\" \/><\/a> <a href=\"https:\/\/www.topohvar.at\/orte\/hv\/\"><img loading=\"lazy\" decoding=\"async\" class=\"alignnone wp-image-535 size-full\" src=\"https:\/\/www.topohvar.at\/wp-content\/uploads\/2018\/07\/push-o-30.jpg\" alt=\"\" width=\"61\" height=\"30\" \/><\/a> <a href=\"https:\/\/www.topohvar.at\/orte\/hv\/hv-ob-05-1\/\"><img loading=\"lazy\" decoding=\"async\" class=\"alignnone wp-image-536 size-full\" src=\"https:\/\/www.topohvar.at\/wp-content\/uploads\/2018\/07\/push-r-30.jpg\" alt=\"\" width=\"61\" height=\"30\" \/><\/a> <a href=\"https:\/\/www.topohvar.at\/hv-os-04-1\/\"><img loading=\"lazy\" decoding=\"async\" class=\"alignnone wp-image-12299 size-full\" src=\"https:\/\/www.topohvar.at\/wp-content\/uploads\/2018\/09\/push-next-30.jpg\" alt=\"\" width=\"61\" height=\"30\" \/><\/a><\/strong><\/p>\n<hr \/>\n<p><strong>Adresa \/ Adresse<br \/>\n<\/strong>Grad Hvar, Obala Riva<\/p>\n<p><strong>Lokacija<\/strong><strong> \/ Position<a href=\"https:\/\/goo.gl\/maps\/p4PHTbE7mLqFRfYv9\"><img loading=\"lazy\" decoding=\"async\" class=\"alignright wp-image-61843\" src=\"https:\/\/www.topohvar.at\/wp-content\/uploads\/2022\/11\/3780.jpg\" alt=\"\" width=\"134\" height=\"100\" \/><\/a><br \/>\n<\/strong><a href=\"https:\/\/goo.gl\/maps\/p4PHTbE7mLqFRfYv9\"><span style=\"color: #3366ff;\">Latitude: N 43,16973\u00b0\u00a0 \u00a0Longitude: E 16,44127\u00b0 <\/span><\/a><strong><br \/>\n<\/strong>Visina \/ H\u00f6he: 1 m<\/p>\n<p><strong>Katastarska <\/strong><strong>\u010d<\/strong><strong>estica <\/strong><strong>\/ Grundst\u00fccke<br \/>\n<\/strong>&#8211;<div class='content-column one_half'><div style=\"padding-right:6px;\"><p><strong>Datum snimanja \/ Erfassungsdatum<br \/>\n<\/strong>04.11.2022 12:06:50<\/p>\n<hr \/>\n<p><strong>Informacije<\/strong><\/p>\n<p>Sun\u010dani sat sastoji se od mjese\u010dne ljestvice ugra\u0111ene u pod i oznaka od 15 sati raspore\u0111enih u krug oko nje. Ako sada stojite na oznaci teku\u0107eg mjeseca, bacate svoju sjenu u smjeru teku\u0107eg sata. No, sun\u010dani sat je kalibriran prema ljetnom vremenu &#8211; vjerojatno danak turistima, koji su ovdje uglavnom u ljetnim mjesecima.<\/p><\/div><\/div><div class='content-column one_half last_column'><div style=\"padding-right:0px;padding-left:6px;\"><p><strong>Stupanj za\u0161tite<\/strong><strong> \/ Schutzstellung<br \/>\n<\/strong>&#8211;<\/p>\n<hr \/>\n<p><strong>Info<\/strong><\/p>\n<p>Die Sonnenuhr besteht aus einer im Boden eingelassenen Monatsskala und 15, darum kreisf\u00f6rmig angeordneten Stundenmarkierungen. Stellt man sich nun auf die aktuelle Monatsmarkierung, wirft man seinen Schatten in Richtung der aktuellen Stunde. Allerdings ist die Sonnenuhr nach der Sommerzeit geeicht &#8211; wohl ein Tribut an die Touristen, die ja vornehmlich in den Sommermonaten hier sind.<\/p><\/div><\/div><div class='clear_column'><\/div><\/p>\n<p style=\"text-align: right;\"><span style=\"color: #3366ff;\"><a style=\"color: #3366ff;\" href=\"#seite_oben\">natrag na vrh \/ Seitenanfang<\/a><\/span><\/p>\n<hr \/>\n<p><strong>Linkovi \/ Links<\/strong><\/p>\n<p>&#8211;<\/p>\n","protected":false},"excerpt":{"rendered":"<p>Ime \/ Name Objekt \u00bbSun\u010dani sat na vrhu rive &#8222;Obala Riva&#8220;\u00ab \/ Sonnenuhr am Kopf des Kais &#8222;Obala Riva&#8220;. Code: HV-OB-18\u00a0 \u00a0 \u00a0 \u00a0 \u00a0 \u00a0 \u00a0 \u00a0 \u00a0 \u00a0 \u00a0 \u00a0 \u00a0 \u00a0 \u00a0 \u00a0 \u00a0 \u00a0 \u00a0 Adresa &hellip; <a href=\"https:\/\/www.topohvar.at\/topo\/orte\/hv\/hv-ob-18-1\/\">Weiterlesen <span class=\"meta-nav\">&rarr;<\/span><\/a><\/p>\n","protected":false},"author":1,"featured_media":0,"parent":80,"menu_order":0,"comment_status":"closed","ping_status":"closed","template":"","meta":{"footnotes":""},"class_list":["post-61842","page","type-page","status-publish","hentry"],"_links":{"self":[{"href":"https:\/\/www.topohvar.at\/topo\/wp-json\/wp\/v2\/pages\/61842","targetHints":{"allow":["GET"]}}],"collection":[{"href":"https:\/\/www.topohvar.at\/topo\/wp-json\/wp\/v2\/pages"}],"about":[{"href":"https:\/\/www.topohvar.at\/topo\/wp-json\/wp\/v2\/types\/page"}],"author":[{"embeddable":true,"href":"https:\/\/www.topohvar.at\/topo\/wp-json\/wp\/v2\/users\/1"}],"replies":[{"embeddable":true,"href":"https:\/\/www.topohvar.at\/topo\/wp-json\/wp\/v2\/comments?post=61842"}],"version-history":[{"count":4,"href":"https:\/\/www.topohvar.at\/topo\/wp-json\/wp\/v2\/pages\/61842\/revisions"}],"predecessor-version":[{"id":61848,"href":"https:\/\/www.topohvar.at\/topo\/wp-json\/wp\/v2\/pages\/61842\/revisions\/61848"}],"up":[{"embeddable":true,"href":"https:\/\/www.topohvar.at\/topo\/wp-json\/wp\/v2\/pages\/80"}],"wp:attachment":[{"href":"https:\/\/www.topohvar.at\/topo\/wp-json\/wp\/v2\/media?parent=61842"}],"curies":[{"name":"wp","href":"https:\/\/api.w.org\/{rel}","templated":true}]}}

HVAR &#8211; Objekt »Sunčani sat na vrhu rive &#8222;Obala Riva&#8220;«

<p><a name="seite_oben"></a><br />
<img loading="lazy" decoding="async" class="aligncenter wp-image-61844 size-full" src="https://www.topohvar.at/wp-content/uploads/2022/11/hv-ob-18-10.jpg" alt="" width="1080" height="530" srcset="https://www.topohvar.at/wp-content/uploads/2022/11/hv-ob-18-10.jpg 1080w, https://www.topohvar.at/wp-content/uploads/2022/11/hv-ob-18-10-300x147.jpg 300w, https://www.topohvar.at/wp-content/uploads/2022/11/hv-ob-18-10-1024x503.jpg 1024w, https://www.topohvar.at/wp-content/uploads/2022/11/hv-ob-18-10-768x377.jpg 768w" sizes="auto, (max-width: 1080px) 100vw, 1080px" /></p>
<p><strong>Ime / Name<br />
</strong>Objekt »Sunčani sat na vrhu rive &#8222;Obala Riva&#8220;« / Sonnenuhr am Kopf des Kais &#8222;Obala Riva&#8220;.</p>
<p><strong>Code: </strong>HV-OB-18                                    <a href="https://www.topohvar.at/hv-og-01-1/"><img loading="lazy" decoding="async" class="alignnone wp-image-12300 size-full" src="https://www.topohvar.at/wp-content/uploads/2018/09/push-vor-30.jpg" alt="" width="61" height="30" /></a> <strong><a href="https://www.topohvar.at/orte/hv/hv-ob-08-1/"><img loading="lazy" decoding="async" class="alignnone wp-image-533 size-full" src="https://www.topohvar.at/wp-content/uploads/2018/07/push-l-30.jpg" alt="" width="61" height="30" /></a> <a href="https://www.topohvar.at/orte/hv/"><img loading="lazy" decoding="async" class="alignnone wp-image-535 size-full" src="https://www.topohvar.at/wp-content/uploads/2018/07/push-o-30.jpg" alt="" width="61" height="30" /></a> <a href="https://www.topohvar.at/orte/hv/hv-ob-05-1/"><img loading="lazy" decoding="async" class="alignnone wp-image-536 size-full" src="https://www.topohvar.at/wp-content/uploads/2018/07/push-r-30.jpg" alt="" width="61" height="30" /></a> <a href="https://www.topohvar.at/hv-os-04-1/"><img loading="lazy" decoding="async" class="alignnone wp-image-12299 size-full" src="https://www.topohvar.at/wp-content/uploads/2018/09/push-next-30.jpg" alt="" width="61" height="30" /></a></strong></p>
<hr />
<p><strong>Adresa / Adresse<br />
</strong>Grad Hvar, Obala Riva</p>
<p><strong>Lokacija</strong><strong> / Position<a href="https://goo.gl/maps/p4PHTbE7mLqFRfYv9"><img loading="lazy" decoding="async" class="alignright wp-image-61843" src="https://www.topohvar.at/wp-content/uploads/2022/11/3780.jpg" alt="" width="134" height="100" /></a><br />
</strong><a href="https://goo.gl/maps/p4PHTbE7mLqFRfYv9"><span style="color: #3366ff;">Latitude: N 43,16973°   Longitude: E 16,44127° </span></a><strong><br />
</strong>Visina / Höhe: 1 m</p>
<p><strong>Katastarska </strong><strong>č</strong><strong>estica </strong><strong>/ Grundstücke<br />
</strong>&#8211;<div class='content-column one_half'><div style="padding-right:6px;"><p><strong>Datum snimanja / Erfassungsdatum<br />
</strong>04.11.2022 12:06:50</p>
<hr />
<p><strong>Informacije</strong></p>
<p>Sunčani sat sastoji se od mjesečne ljestvice ugrađene u pod i oznaka od 15 sati raspoređenih u krug oko nje. Ako sada stojite na oznaci tekućeg mjeseca, bacate svoju sjenu u smjeru tekućeg sata. No, sunčani sat je kalibriran prema ljetnom vremenu &#8211; vjerojatno danak turistima, koji su ovdje uglavnom u ljetnim mjesecima.</p></div></div><div class='content-column one_half last_column'><div style="padding-right:0px;padding-left:6px;"><p><strong>Stupanj zaštite</strong><strong> / Schutzstellung<br />
</strong>&#8211;</p>
<hr />
<p><strong>Info</strong></p>
<p>Die Sonnenuhr besteht aus einer im Boden eingelassenen Monatsskala und 15, darum kreisförmig angeordneten Stundenmarkierungen. Stellt man sich nun auf die aktuelle Monatsmarkierung, wirft man seinen Schatten in Richtung der aktuellen Stunde. Allerdings ist die Sonnenuhr nach der Sommerzeit geeicht &#8211; wohl ein Tribut an die Touristen, die ja vornehmlich in den Sommermonaten hier sind.</p></div></div><div class='clear_column'></div></p>
<p style="text-align: right;"><span style="color: #3366ff;"><a style="color: #3366ff;" href="#seite_oben">natrag na vrh / Seitenanfang</a></span></p>
<hr />
<p><strong>Linkovi / Links</strong></p>
<p>&#8211;</p>

<p>Ime / Name Objekt »Sunčani sat na vrhu rive &#8222;Obala Riva&#8220;« / Sonnenuhr am Kopf des Kais &#8222;Obala Riva&#8220;. Code: HV-OB-18                                      Adresa &hellip; <a href="https://www.topohvar.at/topo/orte/hv/hv-ob-18-1/">Weiterlesen <span class="meta-nav">&rarr;</span></a></p>
