{"id":62512,"date":"2023-05-26T18:07:28","date_gmt":"2023-05-26T16:07:28","guid":{"rendered":"https:\/\/www.topohvar.at\/topo\/?page_id=62512"},"modified":"2025-10-10T18:39:41","modified_gmt":"2025-10-10T16:39:41","slug":"vk-tr-06-1","status":"publish","type":"page","link":"https:\/\/www.topohvar.at\/topo\/orte\/vk\/vk-tr-06-1\/","title":{"rendered":"VRISNIK &#8211; Trim \u00bbVK-TR-06\u00ab"},"content":{"rendered":"<p><a name=\"seite_oben\"><\/a><br \/>\n<strong><img loading=\"lazy\" decoding=\"async\" class=\"aligncenter wp-image-62514 size-full\" src=\"https:\/\/www.topohvar.at\/wp-content\/uploads\/2023\/05\/VK-TR-06-0.jpg\" alt=\"\" width=\"1080\" height=\"530\" srcset=\"https:\/\/www.topohvar.at\/wp-content\/uploads\/2023\/05\/VK-TR-06-0.jpg 1080w, https:\/\/www.topohvar.at\/wp-content\/uploads\/2023\/05\/VK-TR-06-0-300x147.jpg 300w, https:\/\/www.topohvar.at\/wp-content\/uploads\/2023\/05\/VK-TR-06-0-1024x503.jpg 1024w, https:\/\/www.topohvar.at\/wp-content\/uploads\/2023\/05\/VK-TR-06-0-768x377.jpg 768w\" sizes=\"auto, (max-width: 1080px) 100vw, 1080px\" \/><\/strong><\/p>\n<p><strong>Ime \/ Name<br \/>\n<\/strong>Trim \u00bbVK-TR-06\u00ab<\/p>\n<p><strong>Code: <\/strong>VK-TR-06\u00a0 \u00a0 \u00a0 \u00a0 \u00a0 \u00a0 \u00a0 \u00a0<strong>\u00a0 \u00a0 \u00a0 \u00a0 \u00a0 \u00a0 \u00a0 \u00a0 \u00a0 <a href=\"https:\/\/www.topohvar.at\/orte\/vk\/vk-tr-00-1\/\"><img loading=\"lazy\" decoding=\"async\" class=\"alignnone wp-image-12300 size-full\" src=\"https:\/\/www.topohvar.at\/wp-content\/uploads\/2018\/09\/push-vor-30.jpg\" alt=\"\" width=\"61\" height=\"30\" \/><\/a> <a href=\"https:\/\/www.topohvar.at\/orte\/vk\/vk-tr-10-1-2\/\"><img loading=\"lazy\" decoding=\"async\" class=\"alignnone wp-image-533 size-full\" src=\"https:\/\/www.topohvar.at\/wp-content\/uploads\/2018\/07\/push-l-30.jpg\" alt=\"\" width=\"61\" height=\"30\" \/><\/a>\u00a0<a href=\"https:\/\/www.topohvar.at\/orte\/vk\/\"><img loading=\"lazy\" decoding=\"async\" class=\"alignnone wp-image-535 size-full\" src=\"https:\/\/www.topohvar.at\/wp-content\/uploads\/2018\/07\/push-o-30.jpg\" alt=\"\" width=\"61\" height=\"30\" \/><\/a>\u00a0<a href=\"https:\/\/www.topohvar.at\/orte\/vk\/vk-tr-14-1\/\"><img loading=\"lazy\" decoding=\"async\" class=\"alignnone wp-image-536 size-full\" src=\"https:\/\/www.topohvar.at\/wp-content\/uploads\/2018\/07\/push-r-30.jpg\" alt=\"\" width=\"61\" height=\"30\" \/><\/a><\/strong><\/p>\n<hr \/>\n<p><strong>Adresa \/ Adresse<br \/>\n<\/strong>Vrisnik, u blizini ceste Jelsa &#8211; Svir\u010de \/ nahe der Stra\u00dfe von Jelsa nach Svir\u010de<\/p>\n<p><strong>Lokacija<\/strong><strong> \/ Position<a href=\"https:\/\/goo.gl\/maps\/s6gctm7FMyQva1VHA\"><img loading=\"lazy\" decoding=\"async\" class=\"alignright wp-image-62513\" src=\"https:\/\/www.topohvar.at\/wp-content\/uploads\/2023\/05\/3810.jpg\" alt=\"\" width=\"134\" height=\"100\" \/><\/a><br \/>\n<\/strong><span style=\"color: #3366ff;\"><a style=\"color: #3366ff;\" href=\"https:\/\/goo.gl\/maps\/s6gctm7FMyQva1VHA\">Latitude: N 43,16473\u00b0\u00a0 \u00a0 Longitude: E 16,66813\u00b0<\/a>\u00a0<\/span><strong><br \/>\n<\/strong>Visina \/ H\u00f6he: 27 m<\/p>\n<p><strong>Katastarska \u010destica\u00a0<\/strong><strong> \/ Grundst\u00fccke<br \/>\n<\/strong>1898<div class='content-column one_half'><div style=\"padding-right:6px;\"><p><strong>Datum snimanja \/ Erfassungsdatum<br \/>\n<\/strong>26.04.2023 12:20:00<\/p>\n<hr \/>\n<p><strong>Informacije<\/strong><\/p>\n<p>Tristupanjski trim nalazi se u masliniku zapadno od Jelse, uz cestu Jelsa-Svir\u010de. Sagra\u0111ena je kru\u017enog oblika na kamenitom tlu. O\u0161te\u0107en je straga lijevo.. Trim vi\u0161e se ne koristi.<\/p><\/div><\/div><div class='content-column one_half last_column'><div style=\"padding-right:0px;padding-left:6px;\"><p><strong>Stupanj za\u0161tite\u00a0<\/strong><strong> \/ Schutzstellung<br \/>\n<\/strong>&#8211;<\/p>\n<hr \/>\n<p><strong>Info<\/strong><\/p>\n<p>Der dreistufige Trim befindet sich in einem Olivengarten westlich von Jelsa, nahe der Stra\u00dfe von Jelsa nach Svir\u010de. Er wurde in kreisrunder Form auf felsigem Boden errichtet. Links hinten ist er besch\u00e4digt und wird nicht mehr genutzt.<\/p><\/div><\/div><div class='clear_column'><\/div><div class='content-column one_half'><div style=\"padding-right:6px;\"><div id=\"attachment_63519\" style=\"width: 310px\" class=\"wp-caption aligncenter\"><img loading=\"lazy\" decoding=\"async\" aria-describedby=\"caption-attachment-63519\" class=\"size-medium wp-image-63519\" src=\"https:\/\/www.topohvar.at\/wp-content\/uploads\/2023\/06\/VK-TR-06-11-300x300.jpg\" alt=\"\" width=\"300\" height=\"300\" srcset=\"https:\/\/www.topohvar.at\/wp-content\/uploads\/2023\/06\/VK-TR-06-11-300x300.jpg 300w, https:\/\/www.topohvar.at\/wp-content\/uploads\/2023\/06\/VK-TR-06-11-150x150.jpg 150w, https:\/\/www.topohvar.at\/wp-content\/uploads\/2023\/06\/VK-TR-06-11.jpg 450w\" sizes=\"auto, (max-width: 300px) 100vw, 300px\" \/><p id=\"caption-attachment-63519\" class=\"wp-caption-text\">ulaz \/ Eingang<\/p><\/div>\n<p>Dana 26.04.2023 trim VK-TR-06 je posje\u0107en i ustanovljeno je sljede\u0107e:<\/p>\n<p>Lokacija: maslinik<br \/>\nPodloga: stjenovita<br \/>\nPovezan s: samostoje\u0107i, izoliran<br \/>\nUpotreba: ne koristi se<br \/>\nStanje: dijelovi su se sru\u0161ili<br \/>\nBroj stepenica trima: 2<br \/>\nDodatni kameni prsten: nema prstena<br \/>\nStepeni\u0161te: nema<br \/>\nOblik kamena: uglast<br \/>\nPodru\u010dje ispred ulaza: lako dostupno<br \/>\nOrijentacija ulaza: Z (260\u00b0)<br \/>\nPromjer trima (cm): 500<br \/>\nVisina trima (cm): 330<br \/>\nVisina stepenica (cm): stepenica 1: 300<br \/>\nDebljina zida (cm): 0<br \/>\n\u0160irina vrata (cm): 70<br \/>\nVisina vrata (cm): 120<br \/>\n\u0160irina unutra (cm): 280<br \/>\nVisina unutra (cm): 310<br \/>\nVolumen iznutra (m3): 11,70<br \/>\nNema ni\u0161e<\/p><\/div><\/div><div class='content-column one_half last_column'><div style=\"padding-right:0px;padding-left:6px;\"><div id=\"attachment_63520\" style=\"width: 310px\" class=\"wp-caption aligncenter\"><img loading=\"lazy\" decoding=\"async\" aria-describedby=\"caption-attachment-63520\" class=\"size-medium wp-image-63520\" src=\"https:\/\/www.topohvar.at\/wp-content\/uploads\/2023\/06\/VK-TR-06-12-300x300.jpg\" alt=\"\" width=\"300\" height=\"300\" srcset=\"https:\/\/www.topohvar.at\/wp-content\/uploads\/2023\/06\/VK-TR-06-12-300x300.jpg 300w, https:\/\/www.topohvar.at\/wp-content\/uploads\/2023\/06\/VK-TR-06-12-150x150.jpg 150w, https:\/\/www.topohvar.at\/wp-content\/uploads\/2023\/06\/VK-TR-06-12.jpg 450w\" sizes=\"auto, (max-width: 300px) 100vw, 300px\" \/><p id=\"caption-attachment-63520\" class=\"wp-caption-text\">binary comment<\/p><\/div>\n<p>Am 26.04.2023 wurde der Trim VK-TR-06 besucht und n\u00e4her untersucht:<\/p>\n<p>Standort: Olivenhain<br \/>\nUntergrund: Fels<br \/>\nVerbunden mit: freistehend<br \/>\nNutzung: ungenutzt<br \/>\nZustand: Teile abgest\u00fcrzt<br \/>\nAnzahl der Trimstufen: 2<br \/>\nZus\u00e4tzlicher Steinring: kein Steinring<br \/>\nStiege: keine<br \/>\nSteinform: kantig<br \/>\nEingangsbereich: frei<br \/>\nEingangsseite: W (260\u00b0)<br \/>\nTrimdurchmesser (cm): 500<br \/>\nTrimh\u00f6he (cm): 330<br \/>\nH\u00f6he der Trimstufen (cm): Stufe 1: 300<br \/>\nWandst\u00e4rke (cm): 110<br \/>\nT\u00fcrbreite (cm): 70<br \/>\nT\u00fcrh\u00f6he (cm): 120<br \/>\nInnenraumbreite (cm): 280<br \/>\nInnenraumh\u00f6he (cm): 310<br \/>\nRaumvolumen (m3): 11,70<br \/>\nKeine Nische<\/p><\/div><\/div><div class='clear_column'><\/div><br \/>\n<img loading=\"lazy\" decoding=\"async\" class=\"aligncenter size-full wp-image-63908\" src=\"https:\/\/www.topohvar.at\/wp-content\/uploads\/2023\/08\/vk-tr-06-sca.jpg\" alt=\"\" width=\"640\" height=\"963\" srcset=\"https:\/\/www.topohvar.at\/wp-content\/uploads\/2023\/08\/vk-tr-06-sca.jpg 640w, https:\/\/www.topohvar.at\/wp-content\/uploads\/2023\/08\/vk-tr-06-sca-199x300.jpg 199w\" sizes=\"auto, (max-width: 640px) 100vw, 640px\" \/><\/p>\n<p style=\"text-align: right;\"><span style=\"color: #3366ff;\"><a style=\"color: #3366ff;\" href=\"#seite_oben\">natrag na vrh \/ Seitenanfang<\/a><\/span><\/p>\n<hr \/>\n<p><strong>Linkovi \/ Links<\/strong><\/p>\n<p>&#8211;<\/p>\n","protected":false},"excerpt":{"rendered":"<p>Ime \/ Name Trim \u00bbVK-TR-06\u00ab Code: VK-TR-06\u00a0 \u00a0 \u00a0 \u00a0 \u00a0 \u00a0 \u00a0 \u00a0\u00a0 \u00a0 \u00a0 \u00a0 \u00a0 \u00a0 \u00a0 \u00a0 \u00a0 \u00a0\u00a0 Adresa \/ Adresse Vrisnik, u blizini ceste Jelsa &#8211; Svir\u010de \/ nahe der Stra\u00dfe von Jelsa nach &hellip; <a href=\"https:\/\/www.topohvar.at\/topo\/orte\/vk\/vk-tr-06-1\/\">Weiterlesen <span class=\"meta-nav\">&rarr;<\/span><\/a><\/p>\n","protected":false},"author":1,"featured_media":0,"parent":113,"menu_order":0,"comment_status":"closed","ping_status":"closed","template":"","meta":{"footnotes":""},"class_list":["post-62512","page","type-page","status-publish","hentry"],"_links":{"self":[{"href":"https:\/\/www.topohvar.at\/topo\/wp-json\/wp\/v2\/pages\/62512","targetHints":{"allow":["GET"]}}],"collection":[{"href":"https:\/\/www.topohvar.at\/topo\/wp-json\/wp\/v2\/pages"}],"about":[{"href":"https:\/\/www.topohvar.at\/topo\/wp-json\/wp\/v2\/types\/page"}],"author":[{"embeddable":true,"href":"https:\/\/www.topohvar.at\/topo\/wp-json\/wp\/v2\/users\/1"}],"replies":[{"embeddable":true,"href":"https:\/\/www.topohvar.at\/topo\/wp-json\/wp\/v2\/comments?post=62512"}],"version-history":[{"count":13,"href":"https:\/\/www.topohvar.at\/topo\/wp-json\/wp\/v2\/pages\/62512\/revisions"}],"predecessor-version":[{"id":72761,"href":"https:\/\/www.topohvar.at\/topo\/wp-json\/wp\/v2\/pages\/62512\/revisions\/72761"}],"up":[{"embeddable":true,"href":"https:\/\/www.topohvar.at\/topo\/wp-json\/wp\/v2\/pages\/113"}],"wp:attachment":[{"href":"https:\/\/www.topohvar.at\/topo\/wp-json\/wp\/v2\/media?parent=62512"}],"curies":[{"name":"wp","href":"https:\/\/api.w.org\/{rel}","templated":true}]}}

<p><a name="seite_oben"></a><br />
<strong><img loading="lazy" decoding="async" class="aligncenter wp-image-62514 size-full" src="https://www.topohvar.at/wp-content/uploads/2023/05/VK-TR-06-0.jpg" alt="" width="1080" height="530" srcset="https://www.topohvar.at/wp-content/uploads/2023/05/VK-TR-06-0.jpg 1080w, https://www.topohvar.at/wp-content/uploads/2023/05/VK-TR-06-0-300x147.jpg 300w, https://www.topohvar.at/wp-content/uploads/2023/05/VK-TR-06-0-1024x503.jpg 1024w, https://www.topohvar.at/wp-content/uploads/2023/05/VK-TR-06-0-768x377.jpg 768w" sizes="auto, (max-width: 1080px) 100vw, 1080px" /></strong></p>
<p><strong>Ime / Name<br />
</strong>Trim »VK-TR-06«</p>
<p><strong>Code: </strong>VK-TR-06               <strong>                  <a href="https://www.topohvar.at/orte/vk/vk-tr-00-1/"><img loading="lazy" decoding="async" class="alignnone wp-image-12300 size-full" src="https://www.topohvar.at/wp-content/uploads/2018/09/push-vor-30.jpg" alt="" width="61" height="30" /></a> <a href="https://www.topohvar.at/orte/vk/vk-tr-10-1-2/"><img loading="lazy" decoding="async" class="alignnone wp-image-533 size-full" src="https://www.topohvar.at/wp-content/uploads/2018/07/push-l-30.jpg" alt="" width="61" height="30" /></a> <a href="https://www.topohvar.at/orte/vk/"><img loading="lazy" decoding="async" class="alignnone wp-image-535 size-full" src="https://www.topohvar.at/wp-content/uploads/2018/07/push-o-30.jpg" alt="" width="61" height="30" /></a> <a href="https://www.topohvar.at/orte/vk/vk-tr-14-1/"><img loading="lazy" decoding="async" class="alignnone wp-image-536 size-full" src="https://www.topohvar.at/wp-content/uploads/2018/07/push-r-30.jpg" alt="" width="61" height="30" /></a></strong></p>
<hr />
<p><strong>Adresa / Adresse<br />
</strong>Vrisnik, u blizini ceste Jelsa &#8211; Svirče / nahe der Straße von Jelsa nach Svirče</p>
<p><strong>Lokacija</strong><strong> / Position<a href="https://goo.gl/maps/s6gctm7FMyQva1VHA"><img loading="lazy" decoding="async" class="alignright wp-image-62513" src="https://www.topohvar.at/wp-content/uploads/2023/05/3810.jpg" alt="" width="134" height="100" /></a><br />
</strong><span style="color: #3366ff;"><a style="color: #3366ff;" href="https://goo.gl/maps/s6gctm7FMyQva1VHA">Latitude: N 43,16473°    Longitude: E 16,66813°</a> </span><strong><br />
</strong>Visina / Höhe: 27 m</p>
<p><strong>Katastarska čestica </strong><strong> / Grundstücke<br />
</strong>1898<div class='content-column one_half'><div style="padding-right:6px;"><p><strong>Datum snimanja / Erfassungsdatum<br />
</strong>26.04.2023 12:20:00</p>
<hr />
<p><strong>Informacije</strong></p>
<p>Tristupanjski trim nalazi se u masliniku zapadno od Jelse, uz cestu Jelsa-Svirče. Sagrađena je kružnog oblika na kamenitom tlu. Oštećen je straga lijevo.. Trim više se ne koristi.</p></div></div><div class='content-column one_half last_column'><div style="padding-right:0px;padding-left:6px;"><p><strong>Stupanj zaštite </strong><strong> / Schutzstellung<br />
</strong>&#8211;</p>
<hr />
<p><strong>Info</strong></p>
<p>Der dreistufige Trim befindet sich in einem Olivengarten westlich von Jelsa, nahe der Straße von Jelsa nach Svirče. Er wurde in kreisrunder Form auf felsigem Boden errichtet. Links hinten ist er beschädigt und wird nicht mehr genutzt.</p></div></div><div class='clear_column'></div><div class='content-column one_half'><div style="padding-right:6px;"><div id="attachment_63519" style="width: 310px" class="wp-caption aligncenter"><img loading="lazy" decoding="async" aria-describedby="caption-attachment-63519" class="size-medium wp-image-63519" src="https://www.topohvar.at/wp-content/uploads/2023/06/VK-TR-06-11-300x300.jpg" alt="" width="300" height="300" srcset="https://www.topohvar.at/wp-content/uploads/2023/06/VK-TR-06-11-300x300.jpg 300w, https://www.topohvar.at/wp-content/uploads/2023/06/VK-TR-06-11-150x150.jpg 150w, https://www.topohvar.at/wp-content/uploads/2023/06/VK-TR-06-11.jpg 450w" sizes="auto, (max-width: 300px) 100vw, 300px" /><p id="caption-attachment-63519" class="wp-caption-text">ulaz / Eingang</p></div>
<p>Dana 26.04.2023 trim VK-TR-06 je posjećen i ustanovljeno je sljedeće:</p>
<p>Lokacija: maslinik<br />
Podloga: stjenovita<br />
Povezan s: samostojeći, izoliran<br />
Upotreba: ne koristi se<br />
Stanje: dijelovi su se srušili<br />
Broj stepenica trima: 2<br />
Dodatni kameni prsten: nema prstena<br />
Stepenište: nema<br />
Oblik kamena: uglast<br />
Područje ispred ulaza: lako dostupno<br />
Orijentacija ulaza: Z (260°)<br />
Promjer trima (cm): 500<br />
Visina trima (cm): 330<br />
Visina stepenica (cm): stepenica 1: 300<br />
Debljina zida (cm): 0<br />
Širina vrata (cm): 70<br />
Visina vrata (cm): 120<br />
Širina unutra (cm): 280<br />
Visina unutra (cm): 310<br />
Volumen iznutra (m3): 11,70<br />
Nema niše</p></div></div><div class='content-column one_half last_column'><div style="padding-right:0px;padding-left:6px;"><div id="attachment_63520" style="width: 310px" class="wp-caption aligncenter"><img loading="lazy" decoding="async" aria-describedby="caption-attachment-63520" class="size-medium wp-image-63520" src="https://www.topohvar.at/wp-content/uploads/2023/06/VK-TR-06-12-300x300.jpg" alt="" width="300" height="300" srcset="https://www.topohvar.at/wp-content/uploads/2023/06/VK-TR-06-12-300x300.jpg 300w, https://www.topohvar.at/wp-content/uploads/2023/06/VK-TR-06-12-150x150.jpg 150w, https://www.topohvar.at/wp-content/uploads/2023/06/VK-TR-06-12.jpg 450w" sizes="auto, (max-width: 300px) 100vw, 300px" /><p id="caption-attachment-63520" class="wp-caption-text">binary comment</p></div>
<p>Am 26.04.2023 wurde der Trim VK-TR-06 besucht und näher untersucht:</p>
<p>Standort: Olivenhain<br />
Untergrund: Fels<br />
Verbunden mit: freistehend<br />
Nutzung: ungenutzt<br />
Zustand: Teile abgestürzt<br />
Anzahl der Trimstufen: 2<br />
Zusätzlicher Steinring: kein Steinring<br />
Stiege: keine<br />
Steinform: kantig<br />
Eingangsbereich: frei<br />
Eingangsseite: W (260°)<br />
Trimdurchmesser (cm): 500<br />
Trimhöhe (cm): 330<br />
Höhe der Trimstufen (cm): Stufe 1: 300<br />
Wandstärke (cm): 110<br />
Türbreite (cm): 70<br />
Türhöhe (cm): 120<br />
Innenraumbreite (cm): 280<br />
Innenraumhöhe (cm): 310<br />
Raumvolumen (m3): 11,70<br />
Keine Nische</p></div></div><div class='clear_column'></div><br />
<img loading="lazy" decoding="async" class="aligncenter size-full wp-image-63908" src="https://www.topohvar.at/wp-content/uploads/2023/08/vk-tr-06-sca.jpg" alt="" width="640" height="963" srcset="https://www.topohvar.at/wp-content/uploads/2023/08/vk-tr-06-sca.jpg 640w, https://www.topohvar.at/wp-content/uploads/2023/08/vk-tr-06-sca-199x300.jpg 199w" sizes="auto, (max-width: 640px) 100vw, 640px" /></p>
<p style="text-align: right;"><span style="color: #3366ff;"><a style="color: #3366ff;" href="#seite_oben">natrag na vrh / Seitenanfang</a></span></p>
<hr />
<p><strong>Linkovi / Links</strong></p>
<p>&#8211;</p>

<p>Ime / Name Trim »VK-TR-06« Code: VK-TR-06                                    Adresa / Adresse Vrisnik, u blizini ceste Jelsa &#8211; Svirče / nahe der Straße von Jelsa nach &hellip; <a href="https://www.topohvar.at/topo/orte/vk/vk-tr-06-1/">Weiterlesen <span class="meta-nav">&rarr;</span></a></p>
