{"id":62594,"date":"2023-05-28T17:53:56","date_gmt":"2023-05-28T15:53:56","guid":{"rendered":"https:\/\/www.topohvar.at\/topo\/?page_id=62594"},"modified":"2023-08-10T16:26:24","modified_gmt":"2023-08-10T14:26:24","slug":"za-tr-b8-1","status":"publish","type":"page","link":"https:\/\/www.topohvar.at\/topo\/orte\/za\/za-tr-b8-1\/","title":{"rendered":"ZASTRA\u017dI\u0160\u0106E \u2013 Trim \u00bbZA-TR-B8\u00ab"},"content":{"rendered":"<p><a name=\"seite_oben\"><\/a><br \/>\n<strong><img loading=\"lazy\" decoding=\"async\" class=\"aligncenter wp-image-62596 size-full\" src=\"https:\/\/www.topohvar.at\/wp-content\/uploads\/2023\/05\/za-tr-b8-0.jpg\" alt=\"\" width=\"1080\" height=\"530\" srcset=\"https:\/\/www.topohvar.at\/wp-content\/uploads\/2023\/05\/za-tr-b8-0.jpg 1080w, https:\/\/www.topohvar.at\/wp-content\/uploads\/2023\/05\/za-tr-b8-0-300x147.jpg 300w, https:\/\/www.topohvar.at\/wp-content\/uploads\/2023\/05\/za-tr-b8-0-1024x503.jpg 1024w, https:\/\/www.topohvar.at\/wp-content\/uploads\/2023\/05\/za-tr-b8-0-768x377.jpg 768w\" sizes=\"auto, (max-width: 1080px) 100vw, 1080px\" \/><\/strong><\/p>\n<p><strong>Ime \/ Name<br \/>\n<\/strong>Trim \u00bbZA-TR-B8\u00ab<\/p>\n<p><strong>Code: <\/strong>ZA-TR-B8\u00a0 \u00a0 \u00a0 \u00a0 \u00a0 \u00a0 \u00a0 \u00a0 \u00a0 \u00a0 \u00a0 \u00a0 \u00a0 <a href=\"https:\/\/www.topohvar.at\/orte\/za\/za-tr-00-00\/\"><img loading=\"lazy\" decoding=\"async\" class=\"alignnone wp-image-12300 size-full\" src=\"https:\/\/www.topohvar.at\/wp-content\/uploads\/2018\/09\/push-vor-30.jpg\" alt=\"\" width=\"61\" height=\"30\" \/><\/a>\u00a0<strong><a href=\"https:\/\/www.topohvar.at\/orte\/za\/za-tr-13-1\/\"><img loading=\"lazy\" decoding=\"async\" class=\"alignnone wp-image-533 size-full\" src=\"https:\/\/www.topohvar.at\/wp-content\/uploads\/2018\/07\/push-l-30.jpg\" alt=\"\" width=\"61\" height=\"30\" \/><\/a> <a href=\"https:\/\/www.topohvar.at\/orte\/za\/\"><img loading=\"lazy\" decoding=\"async\" class=\"alignnone wp-image-535 size-full\" src=\"https:\/\/www.topohvar.at\/wp-content\/uploads\/2018\/07\/push-o-30.jpg\" alt=\"\" width=\"61\" height=\"30\" \/><\/a> <a href=\"https:\/\/www.topohvar.at\/orte\/za\/za-tr-c4-1\/\"><img loading=\"lazy\" decoding=\"async\" class=\"alignnone wp-image-536 size-full\" src=\"https:\/\/www.topohvar.at\/wp-content\/uploads\/2018\/07\/push-r-30.jpg\" alt=\"\" width=\"61\" height=\"30\" \/><\/a><\/strong><\/p>\n<hr \/>\n<p><strong>Adresa \/ Adresse<br \/>\n<\/strong>Zastra\u017ei\u0161\u0107e, Vrh<\/p>\n<p><strong>Lokacija \/ Position<a href=\"https:\/\/goo.gl\/maps\/4bHtfruNUGPmCxPq5\"><img loading=\"lazy\" decoding=\"async\" class=\"alignright wp-image-62595\" src=\"https:\/\/www.topohvar.at\/wp-content\/uploads\/2023\/05\/3818.jpg\" alt=\"\" width=\"134\" height=\"100\" \/><\/a><br \/>\n<\/strong><a href=\"https:\/\/goo.gl\/maps\/4bHtfruNUGPmCxPq5\"><span style=\"color: #3366ff;\">Latitude: N 43,13700\u00b0\u00a0 \u00a0Longitude: E 16,84063\u00b0<\/span><\/a> <strong><br \/>\n<\/strong>Visina \/ H\u00f6he: 319 m<\/p>\n<p><strong>Katastarska \u010destica \/ Grundst\u00fccke<br \/>\n<\/strong>1981\/40<div class='content-column one_half'><div style=\"padding-right:6px;\"><p><strong>Datum snimanja \/ Erfassungsdatum<br \/>\n<\/strong>12.05.2023 11:57:00<\/p>\n<hr \/>\n<p><strong>Informacije<\/strong><\/p>\n<p>Mali trim se nalazi u grmlju na prostoru na podru\u010dju Vrha. Uzidan je u kameni zid i mo\u017eda nije dovr\u0161en.<\/p><\/div><\/div><div class='content-column one_half last_column'><div style=\"padding-right:0px;padding-left:6px;\"><p><strong>Stupanj za\u0161tite \/ Schutzstellung<br \/>\n<\/strong>&#8211;<\/p>\n<hr \/>\n<p><strong>Info<\/strong><\/p>\n<p>Der kleine Trim befindet sich im Buschwerk im Bereich in der Gegend Vrh. Er ist in eine Steinmauer integriert und d\u00fcrfte nicht fertig gestellt worden sein.<\/p><\/div><\/div><div class='clear_column'><\/div><\/p>\n<div id=\"attachment_63743\" style=\"width: 650px\" class=\"wp-caption aligncenter\"><img loading=\"lazy\" decoding=\"async\" aria-describedby=\"caption-attachment-63743\" class=\"wp-image-63743 size-full\" src=\"https:\/\/www.topohvar.at\/wp-content\/uploads\/2023\/07\/za-tr-b8-13.jpg\" alt=\"\" width=\"640\" height=\"320\" srcset=\"https:\/\/www.topohvar.at\/wp-content\/uploads\/2023\/07\/za-tr-b8-13.jpg 640w, https:\/\/www.topohvar.at\/wp-content\/uploads\/2023\/07\/za-tr-b8-13-300x150.jpg 300w\" sizes=\"auto, (max-width: 640px) 100vw, 640px\" \/><p id=\"caption-attachment-63743\" class=\"wp-caption-text\">pogled na istok \/ Blick nach Osten<\/p><\/div>\n<div class='content-column one_half'><div style=\"padding-right:6px;\"><p>Dana 12.05.2023 trim ZA-TR-B8 je posje\u0107en i ustanovljeno je sljede\u0107e:<\/p>\n<p>Lokacija: grmlje<br \/>\nPodloga: ravna<br \/>\nPovezan s: kamenim zidom<br \/>\nUpotreba: ne koristi se<br \/>\nStanje: kupola se sru\u0161ila<br \/>\nBroj stepenica trima: ?<br \/>\nDodatni kameni prsten: nema prstena<br \/>\nStepeni\u0161te: nema<br \/>\nOblik kamena: uglast<br \/>\nPodru\u010dje ispred ulaza: zaraslo<br \/>\nOrijentacija ulaza: S (0\u00b0)<br \/>\nPromjer trima (cm): 390<br \/>\nVisina trima (cm): ?<br \/>\nVisina stepenica (cm): stepenica 1: ?<br \/>\nDebljina zida (cm): 0<br \/>\n\u0160irina vrata (cm): 50<br \/>\nVisina vrata (cm): 110<br \/>\n\u0160irina unutra (cm): 180 &#8211; 190<br \/>\nVisina unutra (cm): ?<br \/>\nVolumen iznutra (m3): ?<br \/>\nNema ni\u0161e<\/p><\/div><\/div><div class='content-column one_half last_column'><div style=\"padding-right:0px;padding-left:6px;\"><p>Am 12.05.2023 wurde der Trim ZA-TR-B8 besucht und n\u00e4her untersucht:<\/p>\n<p>Standort: Buschwerk<br \/>\nUntergrund: eben<br \/>\nVerbunden mit: Steinmauer<br \/>\nNutzung: ungenutzt<br \/>\nZustand: Kuppel fehlt<br \/>\nAnzahl der Trimstufen: ?<br \/>\nZus\u00e4tzlicher Steinring: kein Steinring<br \/>\nStiege: keine<br \/>\nSteinform: kantig<br \/>\nEingangsbereich: verwachsen<br \/>\nEingangsseite: N (0\u00b0)<br \/>\nTrimdurchmesser (cm): 390<br \/>\nTrimh\u00f6he (cm): ?<br \/>\nH\u00f6he der Trimstufen (cm): Stufe 1: ?<br \/>\nWandst\u00e4rke (cm): 100<br \/>\nT\u00fcrbreite (cm): 50<br \/>\nT\u00fcrh\u00f6he (cm): 110<br \/>\nInnenraumbreite (cm): 180 &#8211; 190<br \/>\nInnenraumh\u00f6he (cm): ?<br \/>\nRaumvolumen (m3): ?<br \/>\nKeine Nische<\/p><\/div><\/div><div class='clear_column'><\/div><br \/>\n<img loading=\"lazy\" decoding=\"async\" class=\"aligncenter size-full wp-image-63941\" src=\"https:\/\/www.topohvar.at\/wp-content\/uploads\/2023\/08\/za-tr-b8-sca.jpg\" alt=\"\" width=\"640\" height=\"731\" srcset=\"https:\/\/www.topohvar.at\/wp-content\/uploads\/2023\/08\/za-tr-b8-sca.jpg 640w, https:\/\/www.topohvar.at\/wp-content\/uploads\/2023\/08\/za-tr-b8-sca-263x300.jpg 263w\" sizes=\"auto, (max-width: 640px) 100vw, 640px\" \/><\/p>\n<p style=\"text-align: right;\"><a href=\"#seite_oben\">natrag na vrh \/ Seitenanfang<\/a><\/p>\n<hr \/>\n<p><strong>Linkovi \/ Links<\/strong><\/p>\n<p>&#8211;<\/p>\n","protected":false},"excerpt":{"rendered":"<p>Ime \/ Name Trim \u00bbZA-TR-B8\u00ab Code: ZA-TR-B8\u00a0 \u00a0 \u00a0 \u00a0 \u00a0 \u00a0 \u00a0 \u00a0 \u00a0 \u00a0 \u00a0 \u00a0 \u00a0 \u00a0 Adresa \/ Adresse Zastra\u017ei\u0161\u0107e, Vrh Lokacija \/ Position Latitude: N 43,13700\u00b0\u00a0 \u00a0Longitude: E 16,84063\u00b0 Visina \/ H\u00f6he: 319 m Katastarska &hellip; <a href=\"https:\/\/www.topohvar.at\/topo\/orte\/za\/za-tr-b8-1\/\">Weiterlesen <span class=\"meta-nav\">&rarr;<\/span><\/a><\/p>\n","protected":false},"author":1,"featured_media":0,"parent":115,"menu_order":0,"comment_status":"closed","ping_status":"closed","template":"","meta":{"footnotes":""},"class_list":["post-62594","page","type-page","status-publish","hentry"],"_links":{"self":[{"href":"https:\/\/www.topohvar.at\/topo\/wp-json\/wp\/v2\/pages\/62594","targetHints":{"allow":["GET"]}}],"collection":[{"href":"https:\/\/www.topohvar.at\/topo\/wp-json\/wp\/v2\/pages"}],"about":[{"href":"https:\/\/www.topohvar.at\/topo\/wp-json\/wp\/v2\/types\/page"}],"author":[{"embeddable":true,"href":"https:\/\/www.topohvar.at\/topo\/wp-json\/wp\/v2\/users\/1"}],"replies":[{"embeddable":true,"href":"https:\/\/www.topohvar.at\/topo\/wp-json\/wp\/v2\/comments?post=62594"}],"version-history":[{"count":7,"href":"https:\/\/www.topohvar.at\/topo\/wp-json\/wp\/v2\/pages\/62594\/revisions"}],"predecessor-version":[{"id":63943,"href":"https:\/\/www.topohvar.at\/topo\/wp-json\/wp\/v2\/pages\/62594\/revisions\/63943"}],"up":[{"embeddable":true,"href":"https:\/\/www.topohvar.at\/topo\/wp-json\/wp\/v2\/pages\/115"}],"wp:attachment":[{"href":"https:\/\/www.topohvar.at\/topo\/wp-json\/wp\/v2\/media?parent=62594"}],"curies":[{"name":"wp","href":"https:\/\/api.w.org\/{rel}","templated":true}]}}

ZASTRAŽIŠĆE – Trim »ZA-TR-B8«

<p><a name="seite_oben"></a><br />
<strong><img loading="lazy" decoding="async" class="aligncenter wp-image-62596 size-full" src="https://www.topohvar.at/wp-content/uploads/2023/05/za-tr-b8-0.jpg" alt="" width="1080" height="530" srcset="https://www.topohvar.at/wp-content/uploads/2023/05/za-tr-b8-0.jpg 1080w, https://www.topohvar.at/wp-content/uploads/2023/05/za-tr-b8-0-300x147.jpg 300w, https://www.topohvar.at/wp-content/uploads/2023/05/za-tr-b8-0-1024x503.jpg 1024w, https://www.topohvar.at/wp-content/uploads/2023/05/za-tr-b8-0-768x377.jpg 768w" sizes="auto, (max-width: 1080px) 100vw, 1080px" /></strong></p>
<p><strong>Ime / Name<br />
</strong>Trim »ZA-TR-B8«</p>
<p><strong>Code: </strong>ZA-TR-B8                          <a href="https://www.topohvar.at/orte/za/za-tr-00-00/"><img loading="lazy" decoding="async" class="alignnone wp-image-12300 size-full" src="https://www.topohvar.at/wp-content/uploads/2018/09/push-vor-30.jpg" alt="" width="61" height="30" /></a> <strong><a href="https://www.topohvar.at/orte/za/za-tr-13-1/"><img loading="lazy" decoding="async" class="alignnone wp-image-533 size-full" src="https://www.topohvar.at/wp-content/uploads/2018/07/push-l-30.jpg" alt="" width="61" height="30" /></a> <a href="https://www.topohvar.at/orte/za/"><img loading="lazy" decoding="async" class="alignnone wp-image-535 size-full" src="https://www.topohvar.at/wp-content/uploads/2018/07/push-o-30.jpg" alt="" width="61" height="30" /></a> <a href="https://www.topohvar.at/orte/za/za-tr-c4-1/"><img loading="lazy" decoding="async" class="alignnone wp-image-536 size-full" src="https://www.topohvar.at/wp-content/uploads/2018/07/push-r-30.jpg" alt="" width="61" height="30" /></a></strong></p>
<hr />
<p><strong>Adresa / Adresse<br />
</strong>Zastražišće, Vrh</p>
<p><strong>Lokacija / Position<a href="https://goo.gl/maps/4bHtfruNUGPmCxPq5"><img loading="lazy" decoding="async" class="alignright wp-image-62595" src="https://www.topohvar.at/wp-content/uploads/2023/05/3818.jpg" alt="" width="134" height="100" /></a><br />
</strong><a href="https://goo.gl/maps/4bHtfruNUGPmCxPq5"><span style="color: #3366ff;">Latitude: N 43,13700°   Longitude: E 16,84063°</span></a> <strong><br />
</strong>Visina / Höhe: 319 m</p>
<p><strong>Katastarska čestica / Grundstücke<br />
</strong>1981/40<div class='content-column one_half'><div style="padding-right:6px;"><p><strong>Datum snimanja / Erfassungsdatum<br />
</strong>12.05.2023 11:57:00</p>
<hr />
<p><strong>Informacije</strong></p>
<p>Mali trim se nalazi u grmlju na prostoru na području Vrha. Uzidan je u kameni zid i možda nije dovršen.</p></div></div><div class='content-column one_half last_column'><div style="padding-right:0px;padding-left:6px;"><p><strong>Stupanj zaštite / Schutzstellung<br />
</strong>&#8211;</p>
<hr />
<p><strong>Info</strong></p>
<p>Der kleine Trim befindet sich im Buschwerk im Bereich in der Gegend Vrh. Er ist in eine Steinmauer integriert und dürfte nicht fertig gestellt worden sein.</p></div></div><div class='clear_column'></div></p>
<div id="attachment_63743" style="width: 650px" class="wp-caption aligncenter"><img loading="lazy" decoding="async" aria-describedby="caption-attachment-63743" class="wp-image-63743 size-full" src="https://www.topohvar.at/wp-content/uploads/2023/07/za-tr-b8-13.jpg" alt="" width="640" height="320" srcset="https://www.topohvar.at/wp-content/uploads/2023/07/za-tr-b8-13.jpg 640w, https://www.topohvar.at/wp-content/uploads/2023/07/za-tr-b8-13-300x150.jpg 300w" sizes="auto, (max-width: 640px) 100vw, 640px" /><p id="caption-attachment-63743" class="wp-caption-text">pogled na istok / Blick nach Osten</p></div>
<div class='content-column one_half'><div style="padding-right:6px;"><p>Dana 12.05.2023 trim ZA-TR-B8 je posjećen i ustanovljeno je sljedeće:</p>
<p>Lokacija: grmlje<br />
Podloga: ravna<br />
Povezan s: kamenim zidom<br />
Upotreba: ne koristi se<br />
Stanje: kupola se srušila<br />
Broj stepenica trima: ?<br />
Dodatni kameni prsten: nema prstena<br />
Stepenište: nema<br />
Oblik kamena: uglast<br />
Područje ispred ulaza: zaraslo<br />
Orijentacija ulaza: S (0°)<br />
Promjer trima (cm): 390<br />
Visina trima (cm): ?<br />
Visina stepenica (cm): stepenica 1: ?<br />
Debljina zida (cm): 0<br />
Širina vrata (cm): 50<br />
Visina vrata (cm): 110<br />
Širina unutra (cm): 180 &#8211; 190<br />
Visina unutra (cm): ?<br />
Volumen iznutra (m3): ?<br />
Nema niše</p></div></div><div class='content-column one_half last_column'><div style="padding-right:0px;padding-left:6px;"><p>Am 12.05.2023 wurde der Trim ZA-TR-B8 besucht und näher untersucht:</p>
<p>Standort: Buschwerk<br />
Untergrund: eben<br />
Verbunden mit: Steinmauer<br />
Nutzung: ungenutzt<br />
Zustand: Kuppel fehlt<br />
Anzahl der Trimstufen: ?<br />
Zusätzlicher Steinring: kein Steinring<br />
Stiege: keine<br />
Steinform: kantig<br />
Eingangsbereich: verwachsen<br />
Eingangsseite: N (0°)<br />
Trimdurchmesser (cm): 390<br />
Trimhöhe (cm): ?<br />
Höhe der Trimstufen (cm): Stufe 1: ?<br />
Wandstärke (cm): 100<br />
Türbreite (cm): 50<br />
Türhöhe (cm): 110<br />
Innenraumbreite (cm): 180 &#8211; 190<br />
Innenraumhöhe (cm): ?<br />
Raumvolumen (m3): ?<br />
Keine Nische</p></div></div><div class='clear_column'></div><br />
<img loading="lazy" decoding="async" class="aligncenter size-full wp-image-63941" src="https://www.topohvar.at/wp-content/uploads/2023/08/za-tr-b8-sca.jpg" alt="" width="640" height="731" srcset="https://www.topohvar.at/wp-content/uploads/2023/08/za-tr-b8-sca.jpg 640w, https://www.topohvar.at/wp-content/uploads/2023/08/za-tr-b8-sca-263x300.jpg 263w" sizes="auto, (max-width: 640px) 100vw, 640px" /></p>
<p style="text-align: right;"><a href="#seite_oben">natrag na vrh / Seitenanfang</a></p>
<hr />
<p><strong>Linkovi / Links</strong></p>
<p>&#8211;</p>

<p>Ime / Name Trim »ZA-TR-B8« Code: ZA-TR-B8                            Adresa / Adresse Zastražišće, Vrh Lokacija / Position Latitude: N 43,13700°   Longitude: E 16,84063° Visina / Höhe: 319 m Katastarska &hellip; <a href="https://www.topohvar.at/topo/orte/za/za-tr-b8-1/">Weiterlesen <span class="meta-nav">&rarr;</span></a></p>
