{"id":62600,"date":"2023-05-28T18:08:06","date_gmt":"2023-05-28T16:08:06","guid":{"rendered":"https:\/\/www.topohvar.at\/topo\/?page_id=62600"},"modified":"2023-08-10T16:47:28","modified_gmt":"2023-08-10T14:47:28","slug":"za-tr-c4-1","status":"publish","type":"page","link":"https:\/\/www.topohvar.at\/topo\/orte\/za\/za-tr-c4-1\/","title":{"rendered":"ZASTRA\u017dI\u0160\u0106E \u2013 Trim \u00bbZA-TR-C4\u00ab"},"content":{"rendered":"<p><a name=\"seite_oben\"><\/a><br \/>\n<strong><img loading=\"lazy\" decoding=\"async\" class=\"aligncenter wp-image-62602 size-full\" src=\"https:\/\/www.topohvar.at\/wp-content\/uploads\/2023\/05\/za-tr-c4-0.jpg\" alt=\"\" width=\"1080\" height=\"530\" srcset=\"https:\/\/www.topohvar.at\/wp-content\/uploads\/2023\/05\/za-tr-c4-0.jpg 1080w, https:\/\/www.topohvar.at\/wp-content\/uploads\/2023\/05\/za-tr-c4-0-300x147.jpg 300w, https:\/\/www.topohvar.at\/wp-content\/uploads\/2023\/05\/za-tr-c4-0-1024x503.jpg 1024w, https:\/\/www.topohvar.at\/wp-content\/uploads\/2023\/05\/za-tr-c4-0-768x377.jpg 768w\" sizes=\"auto, (max-width: 1080px) 100vw, 1080px\" \/><\/strong><\/p>\n<p><strong>Ime \/ Name<br \/>\n<\/strong>Trim \u00bbZA-TR-C4\u00ab<\/p>\n<p><strong>Code: <\/strong>ZA-TR-C4\u00a0 \u00a0 \u00a0 \u00a0 \u00a0 \u00a0 \u00a0 \u00a0 \u00a0 \u00a0 \u00a0 \u00a0 \u00a0 <a href=\"https:\/\/www.topohvar.at\/orte\/za\/za-tr-00-00\/\"><img loading=\"lazy\" decoding=\"async\" class=\"alignnone wp-image-12300 size-full\" src=\"https:\/\/www.topohvar.at\/wp-content\/uploads\/2018\/09\/push-vor-30.jpg\" alt=\"\" width=\"61\" height=\"30\" \/><\/a>\u00a0<strong><a href=\"https:\/\/www.topohvar.at\/orte\/za\/za-tr-b8-1\/\"><img loading=\"lazy\" decoding=\"async\" class=\"alignnone wp-image-533 size-full\" src=\"https:\/\/www.topohvar.at\/wp-content\/uploads\/2018\/07\/push-l-30.jpg\" alt=\"\" width=\"61\" height=\"30\" \/><\/a> <a href=\"https:\/\/www.topohvar.at\/orte\/za\/\"><img loading=\"lazy\" decoding=\"async\" class=\"alignnone wp-image-535 size-full\" src=\"https:\/\/www.topohvar.at\/wp-content\/uploads\/2018\/07\/push-o-30.jpg\" alt=\"\" width=\"61\" height=\"30\" \/><\/a> <a href=\"https:\/\/www.topohvar.at\/orte\/za\/za-tr-b9-1\/\"><img loading=\"lazy\" decoding=\"async\" class=\"alignnone wp-image-536 size-full\" src=\"https:\/\/www.topohvar.at\/wp-content\/uploads\/2018\/07\/push-r-30.jpg\" alt=\"\" width=\"61\" height=\"30\" \/><\/a><\/strong><\/p>\n<hr \/>\n<p><strong>Adresa \/ Adresse<br \/>\n<\/strong>Zastra\u017ei\u0161\u0107e, Vrh<\/p>\n<p><strong>Lokacija \/ Position<a href=\"https:\/\/goo.gl\/maps\/Yaxs7q98v9bYgD3d8\"><img loading=\"lazy\" decoding=\"async\" class=\"alignright wp-image-62601\" src=\"https:\/\/www.topohvar.at\/wp-content\/uploads\/2023\/05\/3819.jpg\" alt=\"\" width=\"134\" height=\"100\" \/><\/a><br \/>\n<\/strong><a href=\"https:\/\/goo.gl\/maps\/Yaxs7q98v9bYgD3d8\"><span style=\"color: #3366ff;\">Latitude: N 43,13565\u00b0\u00a0 \u00a0Longitude: E 16,83940\u00b0<\/span><\/a> <strong><br \/>\n<\/strong>Visina \/ H\u00f6he: 319 m<\/p>\n<p><strong>Katastarska \u010destica \/ Grundst\u00fccke<br \/>\n<\/strong>1959\/2, 1960, 1966\/1<div class='content-column one_half'><div style=\"padding-right:6px;\"><p><strong>Datum snimanja \/ Erfassungsdatum<br \/>\n<\/strong>12.05.2023 14:08:00<\/p>\n<hr \/>\n<p><strong>Informacije<\/strong><\/p>\n<p>Mali trim nalazi se na nekada\u0161njoj poljoprivrednoj povr\u0161ini na podru\u010dju Vrha. Uklopljena je u \u0161iroki kameni zid koji je probijen desno od trim. Lijeva mu je strana malo o\u0161te\u0107ena, ulazna strana zarasla u grmlje. Na stra\u017enjoj strani male unutra\u0161njosti mali otvor nalik prozoru vodi prema van. Iako je ulaz bio pomo\u0107ni zatvoren, trim se vi\u0161e ne bi trebao koristiti.<\/p><\/div><\/div><div class='content-column one_half last_column'><div style=\"padding-right:0px;padding-left:6px;\"><p><strong>Stupanj za\u0161tite \/ Schutzstellung<br \/>\n<\/strong>&#8211;<\/p>\n<hr \/>\n<p><strong>Info<\/strong><\/p>\n<p>Der kleine Trim befindet sich in einem ehemals landwirtschaftlich gepr\u00e4gten Bereich in der Gegend Vrh. Er ist in einer breiten Steinmauer integriert, die rechts neben dem Trim wegen eines Fahrweges durchbrochen wurde. Seine linke Seite ist etwas besch\u00e4digt, die Eingangsseite ist mit Buschwerk bewachsen. An der R\u00fcckseite des kleinen Innenraums f\u00fchrt eine kleine fensterartige \u00d6ffnung ins Freie. Obwohl der Eingang behelfsm\u00e4\u00dfig verschlossen war, d\u00fcrfte der Trim nicht mehr genutzt werden.<\/p><\/div><\/div><div class='clear_column'><\/div><div class='content-column one_half'><div style=\"padding-right:6px;\"><div id=\"attachment_63659\" style=\"width: 310px\" class=\"wp-caption aligncenter\"><img loading=\"lazy\" decoding=\"async\" aria-describedby=\"caption-attachment-63659\" class=\"size-medium wp-image-63659\" src=\"https:\/\/www.topohvar.at\/wp-content\/uploads\/2023\/06\/za-tr-c4-11-300x300.jpg\" alt=\"\" width=\"300\" height=\"300\" srcset=\"https:\/\/www.topohvar.at\/wp-content\/uploads\/2023\/06\/za-tr-c4-11-300x300.jpg 300w, https:\/\/www.topohvar.at\/wp-content\/uploads\/2023\/06\/za-tr-c4-11-150x150.jpg 150w, https:\/\/www.topohvar.at\/wp-content\/uploads\/2023\/06\/za-tr-c4-11.jpg 450w\" sizes=\"auto, (max-width: 300px) 100vw, 300px\" \/><p id=\"caption-attachment-63659\" class=\"wp-caption-text\">ulaz \/ Eingang<\/p><\/div>\n<p>Dana 12.05.2023 trim ZA-TR-C4 je posje\u0107en i ustanovljeno je sljede\u0107e:<\/p>\n<p>Lokacija: grmlje<br \/>\nPodloga: ravna<br \/>\nPovezan s: kamenim zidom<br \/>\nUpotreba: malo se koristi<br \/>\nStanje: dijelovi su se sru\u0161ili<br \/>\nBroj stepenica trima: 1<br \/>\nDodatni kameni prsten: nema prstena<br \/>\nStepeni\u0161te: nema<br \/>\nOblik kamena: uglast<br \/>\nPodru\u010dje ispred ulaza: lako dostupno<br \/>\nOrijentacija ulaza: JI (140\u00b0)<br \/>\nPromjer trima (cm): 310<br \/>\nVisina trima (cm): 230<br \/>\nVisina stepenica (cm): stepenica 1: 180<br \/>\nDebljina zida (cm): 0<br \/>\n\u0160irina vrata (cm): 55<br \/>\nVisina vrata (cm): 100<br \/>\n\u0160irina unutra (cm): 160 &#8211; 170<br \/>\nVisina unutra (cm): 190<br \/>\nVolumen iznutra (m3): 2,86<br \/>\nNi\u0161a 1 (P\/\u0160\/V\/D) (cm): 90 \/ 30 \/ 30 \/ 70<\/p><\/div><\/div><div class='content-column one_half last_column'><div style=\"padding-right:0px;padding-left:6px;\"><div id=\"attachment_63660\" style=\"width: 310px\" class=\"wp-caption aligncenter\"><img loading=\"lazy\" decoding=\"async\" aria-describedby=\"caption-attachment-63660\" class=\"size-medium wp-image-63660\" src=\"https:\/\/www.topohvar.at\/wp-content\/uploads\/2023\/06\/za-tr-c4-12-300x300.jpg\" alt=\"\" width=\"300\" height=\"300\" srcset=\"https:\/\/www.topohvar.at\/wp-content\/uploads\/2023\/06\/za-tr-c4-12-300x300.jpg 300w, https:\/\/www.topohvar.at\/wp-content\/uploads\/2023\/06\/za-tr-c4-12-150x150.jpg 150w, https:\/\/www.topohvar.at\/wp-content\/uploads\/2023\/06\/za-tr-c4-12.jpg 450w\" sizes=\"auto, (max-width: 300px) 100vw, 300px\" \/><p id=\"caption-attachment-63660\" class=\"wp-caption-text\">pogled prema jugoistoku \/ Blick nach S\u00fcdosten<\/p><\/div>\n<p>Am 12.05.2023 wurde der Trim ZA-TR-C4 besucht und n\u00e4her untersucht:<\/p>\n<p>Standort: Buschwerk<br \/>\nUntergrund: eben<br \/>\nVerbunden mit: Steinmauer<br \/>\nNutzung: kaum genutzt<br \/>\nZustand: Teile abgest\u00fcrzt<br \/>\nAnzahl der Trimstufen: 1<br \/>\nZus\u00e4tzlicher Steinring: kein Steinring<br \/>\nStiege: keine<br \/>\nSteinform: kantig<br \/>\nEingangsbereich: frei<br \/>\nEingangsseite: SO (140\u00b0)<br \/>\nTrimdurchmesser (cm): 310<br \/>\nTrimh\u00f6he (cm): 230<br \/>\nH\u00f6he der Trimstufen (cm): Stufe 1: 180<br \/>\nWandst\u00e4rke (cm): 70<br \/>\nT\u00fcrbreite (cm): 55<br \/>\nT\u00fcrh\u00f6he (cm): 100<br \/>\nInnenraumbreite (cm): 160 &#8211; 170<br \/>\nInnenraumh\u00f6he (cm): 190<br \/>\nRaumvolumen (m3): 2,86<br \/>\nNische 1 (P\/B\/H\/T) (cm): 90 \/ 30 \/ 30 \/ 70<\/p><\/div><\/div><div class='clear_column'><\/div><br \/>\n<img loading=\"lazy\" decoding=\"async\" class=\"aligncenter size-full wp-image-63953\" src=\"https:\/\/www.topohvar.at\/wp-content\/uploads\/2023\/08\/za-tr-c4-sca.jpg\" alt=\"\" width=\"640\" height=\"912\" srcset=\"https:\/\/www.topohvar.at\/wp-content\/uploads\/2023\/08\/za-tr-c4-sca.jpg 640w, https:\/\/www.topohvar.at\/wp-content\/uploads\/2023\/08\/za-tr-c4-sca-211x300.jpg 211w\" sizes=\"auto, (max-width: 640px) 100vw, 640px\" \/><\/p>\n<p style=\"text-align: right;\"><a href=\"#seite_oben\">natrag na vrh \/ Seitenanfang<\/a><\/p>\n<hr \/>\n<p><strong>Linkovi \/ Links<\/strong><\/p>\n<p>&#8211;<\/p>\n","protected":false},"excerpt":{"rendered":"<p>Ime \/ Name Trim \u00bbZA-TR-C4\u00ab Code: ZA-TR-C4\u00a0 \u00a0 \u00a0 \u00a0 \u00a0 \u00a0 \u00a0 \u00a0 \u00a0 \u00a0 \u00a0 \u00a0 \u00a0 \u00a0 Adresa \/ Adresse Zastra\u017ei\u0161\u0107e, Vrh Lokacija \/ Position Latitude: N 43,13565\u00b0\u00a0 \u00a0Longitude: E 16,83940\u00b0 Visina \/ H\u00f6he: 319 m Katastarska &hellip; <a href=\"https:\/\/www.topohvar.at\/topo\/orte\/za\/za-tr-c4-1\/\">Weiterlesen <span class=\"meta-nav\">&rarr;<\/span><\/a><\/p>\n","protected":false},"author":1,"featured_media":0,"parent":115,"menu_order":0,"comment_status":"closed","ping_status":"closed","template":"","meta":{"footnotes":""},"class_list":["post-62600","page","type-page","status-publish","hentry"],"_links":{"self":[{"href":"https:\/\/www.topohvar.at\/topo\/wp-json\/wp\/v2\/pages\/62600","targetHints":{"allow":["GET"]}}],"collection":[{"href":"https:\/\/www.topohvar.at\/topo\/wp-json\/wp\/v2\/pages"}],"about":[{"href":"https:\/\/www.topohvar.at\/topo\/wp-json\/wp\/v2\/types\/page"}],"author":[{"embeddable":true,"href":"https:\/\/www.topohvar.at\/topo\/wp-json\/wp\/v2\/users\/1"}],"replies":[{"embeddable":true,"href":"https:\/\/www.topohvar.at\/topo\/wp-json\/wp\/v2\/comments?post=62600"}],"version-history":[{"count":6,"href":"https:\/\/www.topohvar.at\/topo\/wp-json\/wp\/v2\/pages\/62600\/revisions"}],"predecessor-version":[{"id":63954,"href":"https:\/\/www.topohvar.at\/topo\/wp-json\/wp\/v2\/pages\/62600\/revisions\/63954"}],"up":[{"embeddable":true,"href":"https:\/\/www.topohvar.at\/topo\/wp-json\/wp\/v2\/pages\/115"}],"wp:attachment":[{"href":"https:\/\/www.topohvar.at\/topo\/wp-json\/wp\/v2\/media?parent=62600"}],"curies":[{"name":"wp","href":"https:\/\/api.w.org\/{rel}","templated":true}]}}

ZASTRAŽIŠĆE – Trim »ZA-TR-C4«

<p><a name="seite_oben"></a><br />
<strong><img loading="lazy" decoding="async" class="aligncenter wp-image-62602 size-full" src="https://www.topohvar.at/wp-content/uploads/2023/05/za-tr-c4-0.jpg" alt="" width="1080" height="530" srcset="https://www.topohvar.at/wp-content/uploads/2023/05/za-tr-c4-0.jpg 1080w, https://www.topohvar.at/wp-content/uploads/2023/05/za-tr-c4-0-300x147.jpg 300w, https://www.topohvar.at/wp-content/uploads/2023/05/za-tr-c4-0-1024x503.jpg 1024w, https://www.topohvar.at/wp-content/uploads/2023/05/za-tr-c4-0-768x377.jpg 768w" sizes="auto, (max-width: 1080px) 100vw, 1080px" /></strong></p>
<p><strong>Ime / Name<br />
</strong>Trim »ZA-TR-C4«</p>
<p><strong>Code: </strong>ZA-TR-C4                          <a href="https://www.topohvar.at/orte/za/za-tr-00-00/"><img loading="lazy" decoding="async" class="alignnone wp-image-12300 size-full" src="https://www.topohvar.at/wp-content/uploads/2018/09/push-vor-30.jpg" alt="" width="61" height="30" /></a> <strong><a href="https://www.topohvar.at/orte/za/za-tr-b8-1/"><img loading="lazy" decoding="async" class="alignnone wp-image-533 size-full" src="https://www.topohvar.at/wp-content/uploads/2018/07/push-l-30.jpg" alt="" width="61" height="30" /></a> <a href="https://www.topohvar.at/orte/za/"><img loading="lazy" decoding="async" class="alignnone wp-image-535 size-full" src="https://www.topohvar.at/wp-content/uploads/2018/07/push-o-30.jpg" alt="" width="61" height="30" /></a> <a href="https://www.topohvar.at/orte/za/za-tr-b9-1/"><img loading="lazy" decoding="async" class="alignnone wp-image-536 size-full" src="https://www.topohvar.at/wp-content/uploads/2018/07/push-r-30.jpg" alt="" width="61" height="30" /></a></strong></p>
<hr />
<p><strong>Adresa / Adresse<br />
</strong>Zastražišće, Vrh</p>
<p><strong>Lokacija / Position<a href="https://goo.gl/maps/Yaxs7q98v9bYgD3d8"><img loading="lazy" decoding="async" class="alignright wp-image-62601" src="https://www.topohvar.at/wp-content/uploads/2023/05/3819.jpg" alt="" width="134" height="100" /></a><br />
</strong><a href="https://goo.gl/maps/Yaxs7q98v9bYgD3d8"><span style="color: #3366ff;">Latitude: N 43,13565°   Longitude: E 16,83940°</span></a> <strong><br />
</strong>Visina / Höhe: 319 m</p>
<p><strong>Katastarska čestica / Grundstücke<br />
</strong>1959/2, 1960, 1966/1<div class='content-column one_half'><div style="padding-right:6px;"><p><strong>Datum snimanja / Erfassungsdatum<br />
</strong>12.05.2023 14:08:00</p>
<hr />
<p><strong>Informacije</strong></p>
<p>Mali trim nalazi se na nekadašnjoj poljoprivrednoj površini na području Vrha. Uklopljena je u široki kameni zid koji je probijen desno od trim. Lijeva mu je strana malo oštećena, ulazna strana zarasla u grmlje. Na stražnjoj strani male unutrašnjosti mali otvor nalik prozoru vodi prema van. Iako je ulaz bio pomoćni zatvoren, trim se više ne bi trebao koristiti.</p></div></div><div class='content-column one_half last_column'><div style="padding-right:0px;padding-left:6px;"><p><strong>Stupanj zaštite / Schutzstellung<br />
</strong>&#8211;</p>
<hr />
<p><strong>Info</strong></p>
<p>Der kleine Trim befindet sich in einem ehemals landwirtschaftlich geprägten Bereich in der Gegend Vrh. Er ist in einer breiten Steinmauer integriert, die rechts neben dem Trim wegen eines Fahrweges durchbrochen wurde. Seine linke Seite ist etwas beschädigt, die Eingangsseite ist mit Buschwerk bewachsen. An der Rückseite des kleinen Innenraums führt eine kleine fensterartige Öffnung ins Freie. Obwohl der Eingang behelfsmäßig verschlossen war, dürfte der Trim nicht mehr genutzt werden.</p></div></div><div class='clear_column'></div><div class='content-column one_half'><div style="padding-right:6px;"><div id="attachment_63659" style="width: 310px" class="wp-caption aligncenter"><img loading="lazy" decoding="async" aria-describedby="caption-attachment-63659" class="size-medium wp-image-63659" src="https://www.topohvar.at/wp-content/uploads/2023/06/za-tr-c4-11-300x300.jpg" alt="" width="300" height="300" srcset="https://www.topohvar.at/wp-content/uploads/2023/06/za-tr-c4-11-300x300.jpg 300w, https://www.topohvar.at/wp-content/uploads/2023/06/za-tr-c4-11-150x150.jpg 150w, https://www.topohvar.at/wp-content/uploads/2023/06/za-tr-c4-11.jpg 450w" sizes="auto, (max-width: 300px) 100vw, 300px" /><p id="caption-attachment-63659" class="wp-caption-text">ulaz / Eingang</p></div>
<p>Dana 12.05.2023 trim ZA-TR-C4 je posjećen i ustanovljeno je sljedeće:</p>
<p>Lokacija: grmlje<br />
Podloga: ravna<br />
Povezan s: kamenim zidom<br />
Upotreba: malo se koristi<br />
Stanje: dijelovi su se srušili<br />
Broj stepenica trima: 1<br />
Dodatni kameni prsten: nema prstena<br />
Stepenište: nema<br />
Oblik kamena: uglast<br />
Područje ispred ulaza: lako dostupno<br />
Orijentacija ulaza: JI (140°)<br />
Promjer trima (cm): 310<br />
Visina trima (cm): 230<br />
Visina stepenica (cm): stepenica 1: 180<br />
Debljina zida (cm): 0<br />
Širina vrata (cm): 55<br />
Visina vrata (cm): 100<br />
Širina unutra (cm): 160 &#8211; 170<br />
Visina unutra (cm): 190<br />
Volumen iznutra (m3): 2,86<br />
Niša 1 (P/Š/V/D) (cm): 90 / 30 / 30 / 70</p></div></div><div class='content-column one_half last_column'><div style="padding-right:0px;padding-left:6px;"><div id="attachment_63660" style="width: 310px" class="wp-caption aligncenter"><img loading="lazy" decoding="async" aria-describedby="caption-attachment-63660" class="size-medium wp-image-63660" src="https://www.topohvar.at/wp-content/uploads/2023/06/za-tr-c4-12-300x300.jpg" alt="" width="300" height="300" srcset="https://www.topohvar.at/wp-content/uploads/2023/06/za-tr-c4-12-300x300.jpg 300w, https://www.topohvar.at/wp-content/uploads/2023/06/za-tr-c4-12-150x150.jpg 150w, https://www.topohvar.at/wp-content/uploads/2023/06/za-tr-c4-12.jpg 450w" sizes="auto, (max-width: 300px) 100vw, 300px" /><p id="caption-attachment-63660" class="wp-caption-text">pogled prema jugoistoku / Blick nach Südosten</p></div>
<p>Am 12.05.2023 wurde der Trim ZA-TR-C4 besucht und näher untersucht:</p>
<p>Standort: Buschwerk<br />
Untergrund: eben<br />
Verbunden mit: Steinmauer<br />
Nutzung: kaum genutzt<br />
Zustand: Teile abgestürzt<br />
Anzahl der Trimstufen: 1<br />
Zusätzlicher Steinring: kein Steinring<br />
Stiege: keine<br />
Steinform: kantig<br />
Eingangsbereich: frei<br />
Eingangsseite: SO (140°)<br />
Trimdurchmesser (cm): 310<br />
Trimhöhe (cm): 230<br />
Höhe der Trimstufen (cm): Stufe 1: 180<br />
Wandstärke (cm): 70<br />
Türbreite (cm): 55<br />
Türhöhe (cm): 100<br />
Innenraumbreite (cm): 160 &#8211; 170<br />
Innenraumhöhe (cm): 190<br />
Raumvolumen (m3): 2,86<br />
Nische 1 (P/B/H/T) (cm): 90 / 30 / 30 / 70</p></div></div><div class='clear_column'></div><br />
<img loading="lazy" decoding="async" class="aligncenter size-full wp-image-63953" src="https://www.topohvar.at/wp-content/uploads/2023/08/za-tr-c4-sca.jpg" alt="" width="640" height="912" srcset="https://www.topohvar.at/wp-content/uploads/2023/08/za-tr-c4-sca.jpg 640w, https://www.topohvar.at/wp-content/uploads/2023/08/za-tr-c4-sca-211x300.jpg 211w" sizes="auto, (max-width: 640px) 100vw, 640px" /></p>
<p style="text-align: right;"><a href="#seite_oben">natrag na vrh / Seitenanfang</a></p>
<hr />
<p><strong>Linkovi / Links</strong></p>
<p>&#8211;</p>

<p>Ime / Name Trim »ZA-TR-C4« Code: ZA-TR-C4                            Adresa / Adresse Zastražišće, Vrh Lokacija / Position Latitude: N 43,13565°   Longitude: E 16,83940° Visina / Höhe: 319 m Katastarska &hellip; <a href="https://www.topohvar.at/topo/orte/za/za-tr-c4-1/">Weiterlesen <span class="meta-nav">&rarr;</span></a></p>
