{"id":630,"date":"2018-07-26T08:09:38","date_gmt":"2018-07-26T06:09:38","guid":{"rendered":"https:\/\/www.topohvar.at\/?page_id=630"},"modified":"2024-08-04T09:32:44","modified_gmt":"2024-08-04T07:32:44","slug":"bo-is-05-2","status":"publish","type":"page","link":"https:\/\/www.topohvar.at\/topo\/orte\/bo\/bo-is-05-2\/","title":{"rendered":"BOGOMOLJE &#8211; Spomen plo\u010da \u00bbkoja obilje\u017eava mjesto odr\u017eavanja veze izme\u0111u Hvara i kopna\u00ab"},"content":{"rendered":"<p><a name=\"seite_oben\"><\/a><br \/>\n<strong><img loading=\"lazy\" decoding=\"async\" class=\"alignnone wp-image-633 size-large\" src=\"https:\/\/www.topohvar.at\/wp-content\/uploads\/2018\/07\/bo-is-05-1-1024x699.jpg\" alt=\"\" width=\"640\" height=\"437\" srcset=\"https:\/\/www.topohvar.at\/wp-content\/uploads\/2018\/07\/bo-is-05-1-1024x699.jpg 1024w, https:\/\/www.topohvar.at\/wp-content\/uploads\/2018\/07\/bo-is-05-1-300x205.jpg 300w, https:\/\/www.topohvar.at\/wp-content\/uploads\/2018\/07\/bo-is-05-1-768x524.jpg 768w, https:\/\/www.topohvar.at\/wp-content\/uploads\/2018\/07\/bo-is-05-1.jpg 1582w\" sizes=\"auto, (max-width: 640px) 100vw, 640px\" \/><\/strong><\/p>\n<p><strong>Ime \/ Name<br \/>\n<\/strong>Spomen plo\u010da \u00bbkoja obilje\u017eava mjesto odr\u017eavanja veze izme\u0111u Hvara i kopna\u00ab \/ Gedenktafel\u00a0markiert den Ort der Aufrechterhaltung der Verbindung zwischen Hvar und dem Festland<\/p>\n<p><strong>Code: <\/strong>BO-IS-05\u00a0 \u00a0 \u00a0 \u00a0 \u00a0 \u00a0 \u00a0 \u00a0 \u00a0 \u00a0 \u00a0 \u00a0 \u00a0 \u00a0 \u00a0 \u00a0\u00a0<strong><a href=\"https:\/\/www.topohvar.at\/orte\/bo\/bo-is-10-1\/\"><img loading=\"lazy\" decoding=\"async\" class=\"alignnone wp-image-533 size-full\" src=\"https:\/\/www.topohvar.at\/wp-content\/uploads\/2018\/07\/push-l-30.jpg\" alt=\"\" width=\"61\" height=\"30\" \/><\/a> <a href=\"https:\/\/www.topohvar.at\/orte\/bo\/\"><img loading=\"lazy\" decoding=\"async\" class=\"alignnone wp-image-535 size-full\" src=\"https:\/\/www.topohvar.at\/wp-content\/uploads\/2018\/07\/push-o-30.jpg\" alt=\"\" width=\"61\" height=\"30\" \/><\/a> <a href=\"https:\/\/www.topohvar.at\/orte\/bo\/bo-is-06-2\/\"><img loading=\"lazy\" decoding=\"async\" class=\"alignnone wp-image-536 size-full\" src=\"https:\/\/www.topohvar.at\/wp-content\/uploads\/2018\/07\/push-r-30.jpg\" alt=\"\" width=\"61\" height=\"30\" \/><\/a><\/strong><\/p>\n<hr \/>\n<p><strong>Adresa \/ Adresse<br \/>\n<\/strong>Bogomolje, Uvala Bristova<\/p>\n<p><strong>Lokacija \/ Position<a href=\"https:\/\/goo.gl\/maps\/xwFPHAF9CWjE5oRu6\"><img loading=\"lazy\" decoding=\"async\" class=\"alignright wp-image-28163\" src=\"https:\/\/www.topohvar.at\/wp-content\/uploads\/2020\/01\/2105.jpg\" alt=\"\" width=\"134\" height=\"100\" \/><\/a><br \/>\n<\/strong><a href=\"https:\/\/goo.gl\/maps\/xwFPHAF9CWjE5oRu6\">Latitude: N 43,14039\u00b0\u00a0 \u00a0Longitude: E 17,01645\u00b0<\/a> <strong><br \/>\n<\/strong>Visina \/ H\u00f6he: 238 m<\/p>\n<p><strong>Katastarska \u010destica<\/strong><strong> \/ Grundst\u00fccke<br \/>\n<\/strong>&#8211;<div class='content-column one_half'><div style=\"padding-right:6px;\"><p><strong>Datum snimanja \/ Erfassungsdatum<br \/>\n<\/strong>10.05.2018 10:10:00<\/p>\n<hr \/>\n<p><strong>Informacije<\/strong><\/p>\n<p>Spomen plo\u010da od bijelog mramora postavljena je na zru\u017enoj zgradi u uvali Bristova. Obilje\u017eava odr\u017eavanje veze izme\u0111u Hvara i kopna koja je uspostavljena krajem 1941. godine. Od 1942. godine tom vezom prebacivani su dobrovoljci sa otoka na kopno, te razni materijal za NOV, kao i prihva\u0107ani ranjenici sa kopna na otok.<\/p><\/div><\/div><div class='content-column one_half last_column'><div style=\"padding-right:0px;padding-left:6px;\"><p><strong>Stupanj za\u0161tite<\/strong><strong> \/ Schutzstellung<br \/>\n<\/strong>&#8211;<\/p>\n<hr \/>\n<p><strong>Info<\/strong><\/p>\n<p>Die Gedenktafel aus wei\u00dfem Marmor befindet sich auf einem verwahrlostem Geb\u00e4ude in der Bucht Bristova. Hier wird an die Verbindungen zwischen Hvar und dem Festland erinnert, die Ende 1941 gegr\u00fcndet wurde. Seit 1942 \u00fcberf\u00fchrten hier Freiwillige diverses Material der NOV (Volksbefreiungsarmee, auch \u201eTito-Partisanen\u201c) und holten Verwundete vom Festland auf die Insel.<\/p><\/div><\/div><div class='clear_column'><\/div><div class='content-column one_half'><div style=\"padding-right:6px;\"><p>Spomen plo\u010du postavio je Kotarski odbor Saveza boraca NOR-a Hvar, 27.7.1951. godine uz proslavu Dana ustanka naroda Hrvatske.<\/p><\/div><\/div><div class='content-column one_half last_column'><div style=\"padding-right:0px;padding-left:6px;\"><p>Die Gedenktafel wurde vom Bezirksausschuss der Vereinigung der Soldaten des Nationalen Befreiungskampfes am 27.7.1951, 1951 anl\u00e4sslich des Feiertags zum Aufstand des kroatischen Volkes, errichtet.<\/p><\/div><\/div><div class='clear_column'><\/div><div class='content-column one_half'><div style=\"padding-right:6px;\"><p>Natpis:<\/p>\n<p style=\"text-align: center;\">IZ OVE UVALE KONCEM 1941.<br \/>\nUSPOSTAVLJENA JE PARTZANSKA<br \/>\nVEZA HVAR \u2013 KOPNO. A OD 1942.<br \/>\nPREBACIVANI SU DOBROVOLJCI<br \/>\nSA HVARA, KOR\u010cULE, VISA I PELJE\u0160CA<br \/>\nRAZNI MATERIJALI ZA NOV<br \/>\nI PRIHVATANI RANJENICI SA KOPNA<br \/>\nKOTARSKI ODBOR SAVEZA BORACA N.O. RATA HVAR<br \/>\n27. JULA 1951. GOD.<\/p><\/div><\/div><div class='content-column one_half last_column'><div style=\"padding-right:0px;padding-left:6px;\"><p>Inschrift:<\/p>\n<p style=\"text-align: center;\">Von dieser Bucht aus wurde Ende 1941<br \/>\ndie Partisanen-Verbindung<br \/>\nInsel Hvar \u2013 Festland geschaffen. Ab 1942<br \/>\n\u00fcberf\u00fchrten Freiwillige<br \/>\naus Hvar, Kor\u010dula, Vis und Pelje\u0161ac<br \/>\ndiverses frisches Material<br \/>\nund nahmen Verwundete vom Festland mit.<br \/>\nBezirkskomitee der Allianz der K\u00e4mpfer des<br \/>\nNationalen Befreiungskampfes Hvar\u00a027. Juli 1951<\/p><\/div><\/div><div class='clear_column'><\/div><\/p>\n<p style=\"text-align: right;\"><a href=\"#seite_oben\">natrag na vrh \/ Seitenanfang<\/a><\/p>\n<hr \/>\n<p><strong>Linkovi \/ Links<\/strong><\/p>\n<p>&#8211;<\/p>\n","protected":false},"excerpt":{"rendered":"<p>Ime \/ Name Spomen plo\u010da \u00bbkoja obilje\u017eava mjesto odr\u017eavanja veze izme\u0111u Hvara i kopna\u00ab \/ Gedenktafel\u00a0markiert den Ort der Aufrechterhaltung der Verbindung zwischen Hvar und dem Festland Code: BO-IS-05\u00a0 \u00a0 \u00a0 \u00a0 \u00a0 \u00a0 \u00a0 \u00a0 \u00a0 \u00a0 \u00a0 \u00a0 &hellip; <a href=\"https:\/\/www.topohvar.at\/topo\/orte\/bo\/bo-is-05-2\/\">Weiterlesen <span class=\"meta-nav\">&rarr;<\/span><\/a><\/p>\n","protected":false},"author":1,"featured_media":0,"parent":63,"menu_order":0,"comment_status":"closed","ping_status":"closed","template":"","meta":{"footnotes":""},"class_list":["post-630","page","type-page","status-publish","hentry"],"_links":{"self":[{"href":"https:\/\/www.topohvar.at\/topo\/wp-json\/wp\/v2\/pages\/630","targetHints":{"allow":["GET"]}}],"collection":[{"href":"https:\/\/www.topohvar.at\/topo\/wp-json\/wp\/v2\/pages"}],"about":[{"href":"https:\/\/www.topohvar.at\/topo\/wp-json\/wp\/v2\/types\/page"}],"author":[{"embeddable":true,"href":"https:\/\/www.topohvar.at\/topo\/wp-json\/wp\/v2\/users\/1"}],"replies":[{"embeddable":true,"href":"https:\/\/www.topohvar.at\/topo\/wp-json\/wp\/v2\/comments?post=630"}],"version-history":[{"count":12,"href":"https:\/\/www.topohvar.at\/topo\/wp-json\/wp\/v2\/pages\/630\/revisions"}],"predecessor-version":[{"id":69397,"href":"https:\/\/www.topohvar.at\/topo\/wp-json\/wp\/v2\/pages\/630\/revisions\/69397"}],"up":[{"embeddable":true,"href":"https:\/\/www.topohvar.at\/topo\/wp-json\/wp\/v2\/pages\/63"}],"wp:attachment":[{"href":"https:\/\/www.topohvar.at\/topo\/wp-json\/wp\/v2\/media?parent=630"}],"curies":[{"name":"wp","href":"https:\/\/api.w.org\/{rel}","templated":true}]}}

BOGOMOLJE &#8211; Spomen ploča »koja obilježava mjesto održavanja veze između Hvara i kopna«

<p><a name="seite_oben"></a><br />
<strong><img loading="lazy" decoding="async" class="alignnone wp-image-633 size-large" src="https://www.topohvar.at/wp-content/uploads/2018/07/bo-is-05-1-1024x699.jpg" alt="" width="640" height="437" srcset="https://www.topohvar.at/wp-content/uploads/2018/07/bo-is-05-1-1024x699.jpg 1024w, https://www.topohvar.at/wp-content/uploads/2018/07/bo-is-05-1-300x205.jpg 300w, https://www.topohvar.at/wp-content/uploads/2018/07/bo-is-05-1-768x524.jpg 768w, https://www.topohvar.at/wp-content/uploads/2018/07/bo-is-05-1.jpg 1582w" sizes="auto, (max-width: 640px) 100vw, 640px" /></strong></p>
<p><strong>Ime / Name<br />
</strong>Spomen ploča »koja obilježava mjesto održavanja veze između Hvara i kopna« / Gedenktafel markiert den Ort der Aufrechterhaltung der Verbindung zwischen Hvar und dem Festland</p>
<p><strong>Code: </strong>BO-IS-05                                <strong><a href="https://www.topohvar.at/orte/bo/bo-is-10-1/"><img loading="lazy" decoding="async" class="alignnone wp-image-533 size-full" src="https://www.topohvar.at/wp-content/uploads/2018/07/push-l-30.jpg" alt="" width="61" height="30" /></a> <a href="https://www.topohvar.at/orte/bo/"><img loading="lazy" decoding="async" class="alignnone wp-image-535 size-full" src="https://www.topohvar.at/wp-content/uploads/2018/07/push-o-30.jpg" alt="" width="61" height="30" /></a> <a href="https://www.topohvar.at/orte/bo/bo-is-06-2/"><img loading="lazy" decoding="async" class="alignnone wp-image-536 size-full" src="https://www.topohvar.at/wp-content/uploads/2018/07/push-r-30.jpg" alt="" width="61" height="30" /></a></strong></p>
<hr />
<p><strong>Adresa / Adresse<br />
</strong>Bogomolje, Uvala Bristova</p>
<p><strong>Lokacija / Position<a href="https://goo.gl/maps/xwFPHAF9CWjE5oRu6"><img loading="lazy" decoding="async" class="alignright wp-image-28163" src="https://www.topohvar.at/wp-content/uploads/2020/01/2105.jpg" alt="" width="134" height="100" /></a><br />
</strong><a href="https://goo.gl/maps/xwFPHAF9CWjE5oRu6">Latitude: N 43,14039°   Longitude: E 17,01645°</a> <strong><br />
</strong>Visina / Höhe: 238 m</p>
<p><strong>Katastarska čestica</strong><strong> / Grundstücke<br />
</strong>&#8211;<div class='content-column one_half'><div style="padding-right:6px;"><p><strong>Datum snimanja / Erfassungsdatum<br />
</strong>10.05.2018 10:10:00</p>
<hr />
<p><strong>Informacije</strong></p>
<p>Spomen ploča od bijelog mramora postavljena je na zružnoj zgradi u uvali Bristova. Obilježava održavanje veze između Hvara i kopna koja je uspostavljena krajem 1941. godine. Od 1942. godine tom vezom prebacivani su dobrovoljci sa otoka na kopno, te razni materijal za NOV, kao i prihvaćani ranjenici sa kopna na otok.</p></div></div><div class='content-column one_half last_column'><div style="padding-right:0px;padding-left:6px;"><p><strong>Stupanj zaštite</strong><strong> / Schutzstellung<br />
</strong>&#8211;</p>
<hr />
<p><strong>Info</strong></p>
<p>Die Gedenktafel aus weißem Marmor befindet sich auf einem verwahrlostem Gebäude in der Bucht Bristova. Hier wird an die Verbindungen zwischen Hvar und dem Festland erinnert, die Ende 1941 gegründet wurde. Seit 1942 überführten hier Freiwillige diverses Material der NOV (Volksbefreiungsarmee, auch „Tito-Partisanen“) und holten Verwundete vom Festland auf die Insel.</p></div></div><div class='clear_column'></div><div class='content-column one_half'><div style="padding-right:6px;"><p>Spomen ploču postavio je Kotarski odbor Saveza boraca NOR-a Hvar, 27.7.1951. godine uz proslavu Dana ustanka naroda Hrvatske.</p></div></div><div class='content-column one_half last_column'><div style="padding-right:0px;padding-left:6px;"><p>Die Gedenktafel wurde vom Bezirksausschuss der Vereinigung der Soldaten des Nationalen Befreiungskampfes am 27.7.1951, 1951 anlässlich des Feiertags zum Aufstand des kroatischen Volkes, errichtet.</p></div></div><div class='clear_column'></div><div class='content-column one_half'><div style="padding-right:6px;"><p>Natpis:</p>
<p style="text-align: center;">IZ OVE UVALE KONCEM 1941.<br />
USPOSTAVLJENA JE PARTZANSKA<br />
VEZA HVAR – KOPNO. A OD 1942.<br />
PREBACIVANI SU DOBROVOLJCI<br />
SA HVARA, KORČULE, VISA I PELJEŠCA<br />
RAZNI MATERIJALI ZA NOV<br />
I PRIHVATANI RANJENICI SA KOPNA<br />
KOTARSKI ODBOR SAVEZA BORACA N.O. RATA HVAR<br />
27. JULA 1951. GOD.</p></div></div><div class='content-column one_half last_column'><div style="padding-right:0px;padding-left:6px;"><p>Inschrift:</p>
<p style="text-align: center;">Von dieser Bucht aus wurde Ende 1941<br />
die Partisanen-Verbindung<br />
Insel Hvar – Festland geschaffen. Ab 1942<br />
überführten Freiwillige<br />
aus Hvar, Korčula, Vis und Pelješac<br />
diverses frisches Material<br />
und nahmen Verwundete vom Festland mit.<br />
Bezirkskomitee der Allianz der Kämpfer des<br />
Nationalen Befreiungskampfes Hvar 27. Juli 1951</p></div></div><div class='clear_column'></div></p>
<p style="text-align: right;"><a href="#seite_oben">natrag na vrh / Seitenanfang</a></p>
<hr />
<p><strong>Linkovi / Links</strong></p>
<p>&#8211;</p>

<p>Ime / Name Spomen ploča »koja obilježava mjesto održavanja veze između Hvara i kopna« / Gedenktafel markiert den Ort der Aufrechterhaltung der Verbindung zwischen Hvar und dem Festland Code: BO-IS-05                        &hellip; <a href="https://www.topohvar.at/topo/orte/bo/bo-is-05-2/">Weiterlesen <span class="meta-nav">&rarr;</span></a></p>
