{"id":63488,"date":"2023-06-20T08:46:32","date_gmt":"2023-06-20T06:46:32","guid":{"rendered":"https:\/\/www.topohvar.at\/topo\/?page_id=63488"},"modified":"2023-06-20T11:25:59","modified_gmt":"2023-06-20T09:25:59","slug":"je-mo-11-1","status":"publish","type":"page","link":"https:\/\/www.topohvar.at\/topo\/orte\/je\/je-mo-11-1\/","title":{"rendered":"JELSA &#8211; Spomen kamen \u00bbNa parkirali\u0161tu\u00ab \/ Gedenkstein am Parkplatz"},"content":{"rendered":"<p><a name=\"seite_oben\"><\/a><br \/>\n<strong><img loading=\"lazy\" decoding=\"async\" class=\"alignnone wp-image-63490 size-full\" src=\"https:\/\/www.topohvar.at\/wp-content\/uploads\/2023\/06\/JE-MO-11-0.jpg\" alt=\"\" width=\"1080\" height=\"530\" srcset=\"https:\/\/www.topohvar.at\/wp-content\/uploads\/2023\/06\/JE-MO-11-0.jpg 1080w, https:\/\/www.topohvar.at\/wp-content\/uploads\/2023\/06\/JE-MO-11-0-300x147.jpg 300w, https:\/\/www.topohvar.at\/wp-content\/uploads\/2023\/06\/JE-MO-11-0-1024x503.jpg 1024w, https:\/\/www.topohvar.at\/wp-content\/uploads\/2023\/06\/JE-MO-11-0-768x377.jpg 768w\" sizes=\"auto, (max-width: 1080px) 100vw, 1080px\" \/><\/strong><\/p>\n<p><strong>Ime \/ Name<br \/>\n<\/strong>Spomen kamen \u00bbNa parkirali\u0161tu\u00ab \/ Gedenkstein am Parkplatz<\/p>\n<p><strong>Code: <\/strong>JE-MO-11\u00a0 \u00a0 \u00a0 \u00a0 \u00a0 \u00a0 \u00a0 \u00a0 \u00a0 \u00a0 \u00a0 \u00a0 \u00a0 \u00a0 \u00a0 <strong><a href=\"https:\/\/www.topohvar.at\/orte\/je\/je-mo-02-1\/\"><img loading=\"lazy\" decoding=\"async\" class=\"alignnone wp-image-533 size-full\" src=\"https:\/\/www.topohvar.at\/wp-content\/uploads\/2018\/07\/push-l-30.jpg\" alt=\"\" width=\"61\" height=\"30\" \/><\/a> <a href=\"https:\/\/www.topohvar.at\/orte\/je\/\"><img loading=\"lazy\" decoding=\"async\" class=\"alignnone wp-image-535 size-full\" src=\"https:\/\/www.topohvar.at\/wp-content\/uploads\/2018\/07\/push-o-30.jpg\" alt=\"\" width=\"61\" height=\"30\" \/><\/a> <a href=\"https:\/\/www.topohvar.at\/orte\/je\/je-mo-03-1\/\"><img loading=\"lazy\" decoding=\"async\" class=\"alignnone wp-image-536 size-full\" src=\"https:\/\/www.topohvar.at\/wp-content\/uploads\/2018\/07\/push-r-30.jpg\" alt=\"\" width=\"61\" height=\"30\" \/><\/a><\/strong><\/p>\n<hr \/>\n<p><strong>Adresa \/ Adresse<br \/>\n<\/strong>Jelsa, na parkirali\u0161tu u parku Perivoj \/ am Parkplatz beim Park Perivoj<\/p>\n<p><strong>Lokacija \/ Position<a href=\"https:\/\/goo.gl\/maps\/63DeDacx5TCVzfJw8\"><img loading=\"lazy\" decoding=\"async\" class=\"alignright wp-image-63489\" src=\"https:\/\/www.topohvar.at\/wp-content\/uploads\/2023\/06\/3906.jpg\" alt=\"\" width=\"134\" height=\"100\" \/><\/a><br \/>\n<\/strong><a href=\"https:\/\/goo.gl\/maps\/63DeDacx5TCVzfJw8\"><span style=\"color: #3366ff;\">Latitude: N 43,16222\u00b0\u00a0 \u00a0Longitude: E 16,69098\u00b0 <\/span><\/a><strong><br \/>\n<\/strong>Visina \/ H\u00f6he: 3 m<\/p>\n<p><strong>Katastarska \u010destica <\/strong><strong>\/ Grundst\u00fccke<br \/>\n<\/strong>1231\/2<div class='content-column one_half'><div style=\"padding-right:6px;\"><p><strong>Datum snimanja \/ Erfassungsdatum<br \/>\n<\/strong>07.05.2023 16:30:00<\/p>\n<hr \/>\n<p><strong>Informacije<\/strong><\/p>\n<p><img loading=\"lazy\" decoding=\"async\" class=\"size-full wp-image-63491\" src=\"https:\/\/www.topohvar.at\/wp-content\/uploads\/2023\/06\/JE-MO-11-12.jpg\" alt=\"\" width=\"320\" height=\"681\" srcset=\"https:\/\/www.topohvar.at\/wp-content\/uploads\/2023\/06\/JE-MO-11-12.jpg 320w, https:\/\/www.topohvar.at\/wp-content\/uploads\/2023\/06\/JE-MO-11-12-141x300.jpg 141w\" sizes=\"auto, (max-width: 320px) 100vw, 320px\" \/><\/p><\/div><\/div><div class='content-column one_half last_column'><div style=\"padding-right:0px;padding-left:6px;\"><p><strong>Stupanj za\u0161tite<\/strong><strong> \/ Schutzstellung<br \/>\n<\/strong>&#8211;<\/p>\n<hr \/>\n<p><strong>Info<\/strong><\/p>\n<p>Na spomen kamenu nalazi se sljede\u0107i natpis:<\/p>\n<p style=\"text-align: center;\">NA OVOM MJESTU 360 PRIPADNIKA BATALJUNA MORNARI\u010cKE PJE\u0160ADIJE \u2013 O. HVAR POLO\u017dILI SU DANA 19. SILJE\u010cNJA 1992. GODINE SVE\u010cANU PRISEGU ZA OBRANU DOMOVINE ISPRED ZAPOVJEDNIKA HRM ADMIRALA SVETE LETIVE<br \/>\nUDRUGA VETERANA MJE\u0160OVITOG ODREDA MORNARI\u010cKOG PJE\u0160ASTVA \u201cZVIR\u201d \u2013 O. HVAR<br \/>\nJELSA, listopad 2021<\/p>\n<p>Der Gedenkstein enth\u00e4lt folgende Inschrift:<\/p>\n<p style=\"text-align: center;\">AN DIESEM ORT LEGTEN 360 MITGLIEDER DES MARINE-INFANTERIE-BATAILLONS &#8211; OV. HVAR AM 19. JANUAR 1992 VOR DEN KOMMANDANTEN DER KROATISCHEN MARINE DEN FEIERLICHEN EID AB, DAS MUTTERLAND ZU VERTEIDIGEN.<br \/>\nVEREIN DER VETERANEN DER GEMISCHTEN MARINE-INFANTERIE-ABTEILUNG \u201eZVIR\u201c \u2013 O. HVAR<br \/>\nJELSA, Oktober 2021<\/p><\/div><\/div><div class='clear_column'><\/div><\/p>\n<p style=\"text-align: right;\"><span style=\"color: #3366ff;\"><a style=\"color: #3366ff;\" href=\"#seite_oben\">natrag na vrh \/ Seitenanfang<\/a><\/span><\/p>\n<hr \/>\n<p><strong>Linkovi \/ Links<\/strong><\/p>\n<p><span style=\"color: #3366ff;\">&#8211;<\/span><\/p>\n","protected":false},"excerpt":{"rendered":"<p>Ime \/ Name Spomen kamen \u00bbNa parkirali\u0161tu\u00ab \/ Gedenkstein am Parkplatz Code: JE-MO-11\u00a0 \u00a0 \u00a0 \u00a0 \u00a0 \u00a0 \u00a0 \u00a0 \u00a0 \u00a0 \u00a0 \u00a0 \u00a0 \u00a0 \u00a0 Adresa \/ Adresse Jelsa, na parkirali\u0161tu u parku Perivoj \/ am Parkplatz beim &hellip; <a href=\"https:\/\/www.topohvar.at\/topo\/orte\/je\/je-mo-11-1\/\">Weiterlesen <span class=\"meta-nav\">&rarr;<\/span><\/a><\/p>\n","protected":false},"author":1,"featured_media":0,"parent":85,"menu_order":0,"comment_status":"closed","ping_status":"closed","template":"","meta":{"footnotes":""},"class_list":["post-63488","page","type-page","status-publish","hentry"],"_links":{"self":[{"href":"https:\/\/www.topohvar.at\/topo\/wp-json\/wp\/v2\/pages\/63488","targetHints":{"allow":["GET"]}}],"collection":[{"href":"https:\/\/www.topohvar.at\/topo\/wp-json\/wp\/v2\/pages"}],"about":[{"href":"https:\/\/www.topohvar.at\/topo\/wp-json\/wp\/v2\/types\/page"}],"author":[{"embeddable":true,"href":"https:\/\/www.topohvar.at\/topo\/wp-json\/wp\/v2\/users\/1"}],"replies":[{"embeddable":true,"href":"https:\/\/www.topohvar.at\/topo\/wp-json\/wp\/v2\/comments?post=63488"}],"version-history":[{"count":9,"href":"https:\/\/www.topohvar.at\/topo\/wp-json\/wp\/v2\/pages\/63488\/revisions"}],"predecessor-version":[{"id":63505,"href":"https:\/\/www.topohvar.at\/topo\/wp-json\/wp\/v2\/pages\/63488\/revisions\/63505"}],"up":[{"embeddable":true,"href":"https:\/\/www.topohvar.at\/topo\/wp-json\/wp\/v2\/pages\/85"}],"wp:attachment":[{"href":"https:\/\/www.topohvar.at\/topo\/wp-json\/wp\/v2\/media?parent=63488"}],"curies":[{"name":"wp","href":"https:\/\/api.w.org\/{rel}","templated":true}]}}

JELSA &#8211; Spomen kamen »Na parkiralištu« / Gedenkstein am Parkplatz

<p><a name="seite_oben"></a><br />
<strong><img loading="lazy" decoding="async" class="alignnone wp-image-63490 size-full" src="https://www.topohvar.at/wp-content/uploads/2023/06/JE-MO-11-0.jpg" alt="" width="1080" height="530" srcset="https://www.topohvar.at/wp-content/uploads/2023/06/JE-MO-11-0.jpg 1080w, https://www.topohvar.at/wp-content/uploads/2023/06/JE-MO-11-0-300x147.jpg 300w, https://www.topohvar.at/wp-content/uploads/2023/06/JE-MO-11-0-1024x503.jpg 1024w, https://www.topohvar.at/wp-content/uploads/2023/06/JE-MO-11-0-768x377.jpg 768w" sizes="auto, (max-width: 1080px) 100vw, 1080px" /></strong></p>
<p><strong>Ime / Name<br />
</strong>Spomen kamen »Na parkiralištu« / Gedenkstein am Parkplatz</p>
<p><strong>Code: </strong>JE-MO-11                              <strong><a href="https://www.topohvar.at/orte/je/je-mo-02-1/"><img loading="lazy" decoding="async" class="alignnone wp-image-533 size-full" src="https://www.topohvar.at/wp-content/uploads/2018/07/push-l-30.jpg" alt="" width="61" height="30" /></a> <a href="https://www.topohvar.at/orte/je/"><img loading="lazy" decoding="async" class="alignnone wp-image-535 size-full" src="https://www.topohvar.at/wp-content/uploads/2018/07/push-o-30.jpg" alt="" width="61" height="30" /></a> <a href="https://www.topohvar.at/orte/je/je-mo-03-1/"><img loading="lazy" decoding="async" class="alignnone wp-image-536 size-full" src="https://www.topohvar.at/wp-content/uploads/2018/07/push-r-30.jpg" alt="" width="61" height="30" /></a></strong></p>
<hr />
<p><strong>Adresa / Adresse<br />
</strong>Jelsa, na parkiralištu u parku Perivoj / am Parkplatz beim Park Perivoj</p>
<p><strong>Lokacija / Position<a href="https://goo.gl/maps/63DeDacx5TCVzfJw8"><img loading="lazy" decoding="async" class="alignright wp-image-63489" src="https://www.topohvar.at/wp-content/uploads/2023/06/3906.jpg" alt="" width="134" height="100" /></a><br />
</strong><a href="https://goo.gl/maps/63DeDacx5TCVzfJw8"><span style="color: #3366ff;">Latitude: N 43,16222°   Longitude: E 16,69098° </span></a><strong><br />
</strong>Visina / Höhe: 3 m</p>
<p><strong>Katastarska čestica </strong><strong>/ Grundstücke<br />
</strong>1231/2<div class='content-column one_half'><div style="padding-right:6px;"><p><strong>Datum snimanja / Erfassungsdatum<br />
</strong>07.05.2023 16:30:00</p>
<hr />
<p><strong>Informacije</strong></p>
<p><img loading="lazy" decoding="async" class="size-full wp-image-63491" src="https://www.topohvar.at/wp-content/uploads/2023/06/JE-MO-11-12.jpg" alt="" width="320" height="681" srcset="https://www.topohvar.at/wp-content/uploads/2023/06/JE-MO-11-12.jpg 320w, https://www.topohvar.at/wp-content/uploads/2023/06/JE-MO-11-12-141x300.jpg 141w" sizes="auto, (max-width: 320px) 100vw, 320px" /></p></div></div><div class='content-column one_half last_column'><div style="padding-right:0px;padding-left:6px;"><p><strong>Stupanj zaštite</strong><strong> / Schutzstellung<br />
</strong>&#8211;</p>
<hr />
<p><strong>Info</strong></p>
<p>Na spomen kamenu nalazi se sljedeći natpis:</p>
<p style="text-align: center;">NA OVOM MJESTU 360 PRIPADNIKA BATALJUNA MORNARIČKE PJEŠADIJE – O. HVAR POLOŽILI SU DANA 19. SILJEČNJA 1992. GODINE SVEČANU PRISEGU ZA OBRANU DOMOVINE ISPRED ZAPOVJEDNIKA HRM ADMIRALA SVETE LETIVE<br />
UDRUGA VETERANA MJEŠOVITOG ODREDA MORNARIČKOG PJEŠASTVA “ZVIR” – O. HVAR<br />
JELSA, listopad 2021</p>
<p>Der Gedenkstein enthält folgende Inschrift:</p>
<p style="text-align: center;">AN DIESEM ORT LEGTEN 360 MITGLIEDER DES MARINE-INFANTERIE-BATAILLONS &#8211; OV. HVAR AM 19. JANUAR 1992 VOR DEN KOMMANDANTEN DER KROATISCHEN MARINE DEN FEIERLICHEN EID AB, DAS MUTTERLAND ZU VERTEIDIGEN.<br />
VEREIN DER VETERANEN DER GEMISCHTEN MARINE-INFANTERIE-ABTEILUNG „ZVIR“ – O. HVAR<br />
JELSA, Oktober 2021</p></div></div><div class='clear_column'></div></p>
<p style="text-align: right;"><span style="color: #3366ff;"><a style="color: #3366ff;" href="#seite_oben">natrag na vrh / Seitenanfang</a></span></p>
<hr />
<p><strong>Linkovi / Links</strong></p>
<p><span style="color: #3366ff;">&#8211;</span></p>

<p>Ime / Name Spomen kamen »Na parkiralištu« / Gedenkstein am Parkplatz Code: JE-MO-11                              Adresa / Adresse Jelsa, na parkiralištu u parku Perivoj / am Parkplatz beim &hellip; <a href="https://www.topohvar.at/topo/orte/je/je-mo-11-1/">Weiterlesen <span class="meta-nav">&rarr;</span></a></p>
