{"id":64191,"date":"2023-08-15T07:02:55","date_gmt":"2023-08-15T05:02:55","guid":{"rendered":"https:\/\/www.topohvar.at\/topo\/?page_id=64191"},"modified":"2024-02-04T10:02:58","modified_gmt":"2024-02-04T09:02:58","slug":"zr-tr-02-1","status":"publish","type":"page","link":"https:\/\/www.topohvar.at\/topo\/orte\/zr\/zr-tr-02-1\/","title":{"rendered":"ZARA\u0106E \u2013 Trim \u00bbZR-TR-02\u00ab"},"content":{"rendered":"<p><a name=\"seite_oben\"><\/a><br \/>\n<strong><img loading=\"lazy\" decoding=\"async\" class=\"alignleft wp-image-64435 size-full\" src=\"https:\/\/www.topohvar.at\/wp-content\/uploads\/2023\/11\/zr-tr-02-2.jpg\" alt=\"\" width=\"1080\" height=\"530\" srcset=\"https:\/\/www.topohvar.at\/wp-content\/uploads\/2023\/11\/zr-tr-02-2.jpg 1080w, https:\/\/www.topohvar.at\/wp-content\/uploads\/2023\/11\/zr-tr-02-2-300x147.jpg 300w, https:\/\/www.topohvar.at\/wp-content\/uploads\/2023\/11\/zr-tr-02-2-1024x503.jpg 1024w, https:\/\/www.topohvar.at\/wp-content\/uploads\/2023\/11\/zr-tr-02-2-768x377.jpg 768w\" sizes=\"auto, (max-width: 1080px) 100vw, 1080px\" \/><\/strong><\/p>\n<p><strong>Ime \/ Name<br \/>\n<\/strong>Trim \u00bbZR-TR-02\u00ab<\/p>\n<p><strong>Code: <\/strong>ZR-TR-02\u00a0 \u00a0 \u00a0 \u00a0 \u00a0 \u00a0 \u00a0 \u00a0 \u00a0 \u00a0 \u00a0 \u00a0 \u00a0 \u00a0 <a href=\"https:\/\/www.topohvar.at\/orte\/zr\/zr-tr-00-2\/\"><img loading=\"lazy\" decoding=\"async\" class=\"alignnone wp-image-12300 size-full\" src=\"https:\/\/www.topohvar.at\/wp-content\/uploads\/2018\/09\/push-vor-30.jpg\" alt=\"\" width=\"61\" height=\"30\" \/><\/a> <a href=\"https:\/\/www.topohvar.at\/orte\/zr\/zr-tr-01-1\/\"><img loading=\"lazy\" decoding=\"async\" class=\"alignnone wp-image-533 size-full\" src=\"https:\/\/www.topohvar.at\/wp-content\/uploads\/2018\/07\/push-l-30.jpg\" alt=\"\" width=\"61\" height=\"30\" \/><\/a> <strong><a href=\"https:\/\/www.topohvar.at\/orte\/zr\/\"><img loading=\"lazy\" decoding=\"async\" class=\"alignnone wp-image-535 size-full\" src=\"https:\/\/www.topohvar.at\/wp-content\/uploads\/2018\/07\/push-o-30.jpg\" alt=\"\" width=\"61\" height=\"30\" \/><\/a> <\/strong><\/p>\n<hr \/>\n<p><strong>Adresa \/ Adresse<br \/>\n<\/strong>Zara\u0107e, izme\u0111u Velog Grablja i Zara\u0107a \/ zwischen Velo Grablje und Zara\u0107e<\/p>\n<p><strong>Lokalna polo\u017eaj \/ Position<a href=\"https:\/\/goo.gl\/maps\/xWoo71sCsxik2fHw8\"><img loading=\"lazy\" decoding=\"async\" class=\"alignright wp-image-64193\" src=\"https:\/\/www.topohvar.at\/wp-content\/uploads\/2023\/08\/3927.jpg\" alt=\"\" width=\"134\" height=\"100\" \/><\/a><br \/>\n<\/strong><a href=\"https:\/\/goo.gl\/maps\/xWoo71sCsxik2fHw8\"><span style=\"color: #3366ff;\">Latitude: N 43,15902\u00b0\u00a0 \u00a0Longitude: E 16,51443\u00b0<\/span><\/a> <strong><br \/>\n<\/strong>Visina \/ H\u00f6he: 277 m<\/p>\n<p><strong>Zemlji\u0161te \/ Grundst\u00fccke<br \/>\n<\/strong>913\/2<div class='content-column one_half'><div style=\"padding-right:6px;\"><p><strong>Datum snimanja \/ Erfassungsdatum<br \/>\n<\/strong>05.10.2023 11:00:57<\/p>\n<hr \/>\n<p><strong>Informacije<\/strong><\/p>\n<p>Trim se nalazi na jugu od staze koja vodi od gostionice &#8222;Lavanda&#8220; ju\u017eno prema Motokitu, na stazi koja je neko\u0107 vodila od Velog Grablja do Zara\u0107a. Jednostupanjski trim na obronku, koji se ve\u0107 ovdje spu\u0161ta prema jugu do Zara\u0107a, okru\u017een je grmljem. Vanjski zid trima gra\u0111en je od uglatog kamena. Ulaz od velikih kamenih blokova vodi u kru\u017enu unutra\u0161njost. Trim je u dobrom stanju ali se vi\u0161e ne koristi.<\/p><\/div><\/div><div class='content-column one_half last_column'><div style=\"padding-right:0px;padding-left:6px;\"><p><strong>Za\u0161titni polo\u017eaj \/ Schutzstellung<br \/>\n<\/strong>&#8211;<\/p>\n<hr \/>\n<p><strong>Info<\/strong><\/p>\n<p>Der Trim befindet sich s\u00fcdlich des Weges, der vom Gasthaus \u201eLavanda\u201c Richtung S\u00fcden auf den Motokit f\u00fchrt an einer Wegverbindung, die einst von Velo Grablje nach Zara\u0107e f\u00fchrte. Der einstufige Trim am Berghang, der hier bereits nach S\u00fcden nach Zara\u0107e hinunter abf\u00e4llt, ist von Buschwerk umgeben. Die Au\u00dfenwand des Trims wurde aus kantigen Steinen errichtet. Der Eingang aus gro\u00dfen Steinquadern f\u00fchrt in den kreisrunden Innenraum. Der Trim ist gut erhalten, wird aber nicht mehr genutzt.<\/p><\/div><\/div><div class='clear_column'><\/div><div class='content-column one_half'><div style=\"padding-right:6px;\"><div id=\"attachment_64897\" style=\"width: 310px\" class=\"wp-caption aligncenter\"><img loading=\"lazy\" decoding=\"async\" aria-describedby=\"caption-attachment-64897\" class=\"wp-image-64897 size-medium\" src=\"https:\/\/www.topohvar.at\/wp-content\/uploads\/2023\/11\/zr-tr-02-1-300x300.jpg\" alt=\"\" width=\"300\" height=\"300\" srcset=\"https:\/\/www.topohvar.at\/wp-content\/uploads\/2023\/11\/zr-tr-02-1-300x300.jpg 300w, https:\/\/www.topohvar.at\/wp-content\/uploads\/2023\/11\/zr-tr-02-1-150x150.jpg 150w, https:\/\/www.topohvar.at\/wp-content\/uploads\/2023\/11\/zr-tr-02-1.jpg 450w\" sizes=\"auto, (max-width: 300px) 100vw, 300px\" \/><p id=\"caption-attachment-64897\" class=\"wp-caption-text\">Ulaz \/ Eingang<\/p><\/div><\/div><\/div><div class='content-column one_half last_column'><div style=\"padding-right:0px;padding-left:6px;\"><div id=\"attachment_64898\" style=\"width: 310px\" class=\"wp-caption aligncenter\"><img loading=\"lazy\" decoding=\"async\" aria-describedby=\"caption-attachment-64898\" class=\"wp-image-64898 size-medium\" src=\"https:\/\/www.topohvar.at\/wp-content\/uploads\/2023\/11\/zr-tr-02-5-300x300.jpg\" alt=\"\" width=\"300\" height=\"300\" srcset=\"https:\/\/www.topohvar.at\/wp-content\/uploads\/2023\/11\/zr-tr-02-5-300x300.jpg 300w, https:\/\/www.topohvar.at\/wp-content\/uploads\/2023\/11\/zr-tr-02-5-150x150.jpg 150w, https:\/\/www.topohvar.at\/wp-content\/uploads\/2023\/11\/zr-tr-02-5.jpg 450w\" sizes=\"auto, (max-width: 300px) 100vw, 300px\" \/><p id=\"caption-attachment-64898\" class=\"wp-caption-text\">Pogled prema zapadu \/ Blick nach Westen<\/p><\/div><\/div><\/div><div class='clear_column'><\/div><div class='content-column one_half'><div style=\"padding-right:6px;\"><p>Dana 05.10.2023 trim ZR-TR-02 je posje\u0107en i ustanovljeno je sljede\u0107e:<\/p>\n<p>Lokacija: grmlje<br \/>\nPodloga: padina<br \/>\nPovezan s: samostoje\u0107i, izoliran<br \/>\nUpotreba: malo se koristi<br \/>\nStanje: vrlo dobro uzdr\u017eati<br \/>\nBroj stepenica trima: 1<br \/>\nDodatni kameni prsten: nema prstena<br \/>\nStepeni\u0161te: nema<br \/>\nOblik kamena: uglast<br \/>\nPodru\u010dje ispred ulaza: lako dostupno<br \/>\nOrijentacija ulaza: SZ (300\u00b0)<br \/>\nPromjer trima (cm): 410<br \/>\nVisina trima (cm): 230<br \/>\nVisina stepenica (cm): stepenica 1: 170<br \/>\nDebljina zida (cm): 90<br \/>\n\u0160irina vrata (cm): 55<br \/>\nVisina vrata (cm): 95<br \/>\n\u0160irina unutra (cm): 230<br \/>\nVisina unutra (cm): 210<br \/>\nVolumen iznutra (m3): 5,67<br \/>\nNema ni\u0161e<\/p><\/div><\/div><div class='content-column one_half last_column'><div style=\"padding-right:0px;padding-left:6px;\"><p>Am 05.10.2023 wurde der Trim ZR-TR-02 besucht und n\u00e4her untersucht:<\/p>\n<p>Standort: Buschwerk<br \/>\nUntergrund: Hanglage<br \/>\nVerbunden mit: freistehend<br \/>\nNutzung: kaum genutzt<br \/>\nZustand: sehr gut erhalten<br \/>\nAnzahl der Trimstufen: 1<br \/>\nZus\u00e4tzlicher Steinring: kein Steinring<br \/>\nStiege: keine<br \/>\nSteinform: kantig<br \/>\nEingangsbereich: frei<br \/>\nEingangsseite: NW (300\u00b0)<br \/>\nTrimdurchmesser (cm): 410<br \/>\nTrimh\u00f6he (cm): 230<br \/>\nH\u00f6he der Trimstufen (cm): Stufe 1: 170<br \/>\nWandst\u00e4rke (cm): 90<br \/>\nT\u00fcrbreite (cm): 55<br \/>\nT\u00fcrh\u00f6he (cm): 95<br \/>\nInnenraumbreite (cm): 230<br \/>\nInnenraumh\u00f6he (cm): 210<br \/>\nRaumvolumen (m3): 5,67<br \/>\nKeine Nische<\/p><\/div><\/div><div class='clear_column'><\/div><\/p>\n<p><img loading=\"lazy\" decoding=\"async\" class=\"aligncenter size-full wp-image-65186\" src=\"https:\/\/www.topohvar.at\/wp-content\/uploads\/2023\/12\/zr-tr-02-scan.jpg\" alt=\"\" width=\"900\" height=\"1326\" srcset=\"https:\/\/www.topohvar.at\/wp-content\/uploads\/2023\/12\/zr-tr-02-scan.jpg 900w, https:\/\/www.topohvar.at\/wp-content\/uploads\/2023\/12\/zr-tr-02-scan-204x300.jpg 204w, https:\/\/www.topohvar.at\/wp-content\/uploads\/2023\/12\/zr-tr-02-scan-695x1024.jpg 695w, https:\/\/www.topohvar.at\/wp-content\/uploads\/2023\/12\/zr-tr-02-scan-768x1132.jpg 768w\" sizes=\"auto, (max-width: 900px) 100vw, 900px\" \/><\/p>\n<p style=\"text-align: right;\"><a href=\"#seite_oben\">natrag na vrh \/ Seitenanfang<\/a><\/p>\n<hr \/>\n<p><strong>Linkovi \/ Links<\/strong><\/p>\n<p>&#8211;<\/p>\n","protected":false},"excerpt":{"rendered":"<p>Ime \/ Name Trim \u00bbZR-TR-02\u00ab Code: ZR-TR-02\u00a0 \u00a0 \u00a0 \u00a0 \u00a0 \u00a0 \u00a0 \u00a0 \u00a0 \u00a0 \u00a0 \u00a0 \u00a0 \u00a0 Adresa \/ Adresse Zara\u0107e, izme\u0111u Velog Grablja i Zara\u0107a \/ zwischen Velo Grablje und Zara\u0107e Lokalna polo\u017eaj \/ Position Latitude: &hellip; <a href=\"https:\/\/www.topohvar.at\/topo\/orte\/zr\/zr-tr-02-1\/\">Weiterlesen <span class=\"meta-nav\">&rarr;<\/span><\/a><\/p>\n","protected":false},"author":1,"featured_media":0,"parent":117,"menu_order":0,"comment_status":"closed","ping_status":"closed","template":"","meta":{"footnotes":""},"class_list":["post-64191","page","type-page","status-publish","hentry"],"_links":{"self":[{"href":"https:\/\/www.topohvar.at\/topo\/wp-json\/wp\/v2\/pages\/64191","targetHints":{"allow":["GET"]}}],"collection":[{"href":"https:\/\/www.topohvar.at\/topo\/wp-json\/wp\/v2\/pages"}],"about":[{"href":"https:\/\/www.topohvar.at\/topo\/wp-json\/wp\/v2\/types\/page"}],"author":[{"embeddable":true,"href":"https:\/\/www.topohvar.at\/topo\/wp-json\/wp\/v2\/users\/1"}],"replies":[{"embeddable":true,"href":"https:\/\/www.topohvar.at\/topo\/wp-json\/wp\/v2\/comments?post=64191"}],"version-history":[{"count":9,"href":"https:\/\/www.topohvar.at\/topo\/wp-json\/wp\/v2\/pages\/64191\/revisions"}],"predecessor-version":[{"id":65422,"href":"https:\/\/www.topohvar.at\/topo\/wp-json\/wp\/v2\/pages\/64191\/revisions\/65422"}],"up":[{"embeddable":true,"href":"https:\/\/www.topohvar.at\/topo\/wp-json\/wp\/v2\/pages\/117"}],"wp:attachment":[{"href":"https:\/\/www.topohvar.at\/topo\/wp-json\/wp\/v2\/media?parent=64191"}],"curies":[{"name":"wp","href":"https:\/\/api.w.org\/{rel}","templated":true}]}}

ZARAĆE – Trim »ZR-TR-02«

<p><a name="seite_oben"></a><br />
<strong><img loading="lazy" decoding="async" class="alignleft wp-image-64435 size-full" src="https://www.topohvar.at/wp-content/uploads/2023/11/zr-tr-02-2.jpg" alt="" width="1080" height="530" srcset="https://www.topohvar.at/wp-content/uploads/2023/11/zr-tr-02-2.jpg 1080w, https://www.topohvar.at/wp-content/uploads/2023/11/zr-tr-02-2-300x147.jpg 300w, https://www.topohvar.at/wp-content/uploads/2023/11/zr-tr-02-2-1024x503.jpg 1024w, https://www.topohvar.at/wp-content/uploads/2023/11/zr-tr-02-2-768x377.jpg 768w" sizes="auto, (max-width: 1080px) 100vw, 1080px" /></strong></p>
<p><strong>Ime / Name<br />
</strong>Trim »ZR-TR-02«</p>
<p><strong>Code: </strong>ZR-TR-02                            <a href="https://www.topohvar.at/orte/zr/zr-tr-00-2/"><img loading="lazy" decoding="async" class="alignnone wp-image-12300 size-full" src="https://www.topohvar.at/wp-content/uploads/2018/09/push-vor-30.jpg" alt="" width="61" height="30" /></a> <a href="https://www.topohvar.at/orte/zr/zr-tr-01-1/"><img loading="lazy" decoding="async" class="alignnone wp-image-533 size-full" src="https://www.topohvar.at/wp-content/uploads/2018/07/push-l-30.jpg" alt="" width="61" height="30" /></a> <strong><a href="https://www.topohvar.at/orte/zr/"><img loading="lazy" decoding="async" class="alignnone wp-image-535 size-full" src="https://www.topohvar.at/wp-content/uploads/2018/07/push-o-30.jpg" alt="" width="61" height="30" /></a> </strong></p>
<hr />
<p><strong>Adresa / Adresse<br />
</strong>Zaraće, između Velog Grablja i Zaraća / zwischen Velo Grablje und Zaraće</p>
<p><strong>Lokalna položaj / Position<a href="https://goo.gl/maps/xWoo71sCsxik2fHw8"><img loading="lazy" decoding="async" class="alignright wp-image-64193" src="https://www.topohvar.at/wp-content/uploads/2023/08/3927.jpg" alt="" width="134" height="100" /></a><br />
</strong><a href="https://goo.gl/maps/xWoo71sCsxik2fHw8"><span style="color: #3366ff;">Latitude: N 43,15902°   Longitude: E 16,51443°</span></a> <strong><br />
</strong>Visina / Höhe: 277 m</p>
<p><strong>Zemljište / Grundstücke<br />
</strong>913/2<div class='content-column one_half'><div style="padding-right:6px;"><p><strong>Datum snimanja / Erfassungsdatum<br />
</strong>05.10.2023 11:00:57</p>
<hr />
<p><strong>Informacije</strong></p>
<p>Trim se nalazi na jugu od staze koja vodi od gostionice &#8222;Lavanda&#8220; južno prema Motokitu, na stazi koja je nekoć vodila od Velog Grablja do Zaraća. Jednostupanjski trim na obronku, koji se već ovdje spušta prema jugu do Zaraća, okružen je grmljem. Vanjski zid trima građen je od uglatog kamena. Ulaz od velikih kamenih blokova vodi u kružnu unutrašnjost. Trim je u dobrom stanju ali se više ne koristi.</p></div></div><div class='content-column one_half last_column'><div style="padding-right:0px;padding-left:6px;"><p><strong>Zaštitni položaj / Schutzstellung<br />
</strong>&#8211;</p>
<hr />
<p><strong>Info</strong></p>
<p>Der Trim befindet sich südlich des Weges, der vom Gasthaus „Lavanda“ Richtung Süden auf den Motokit führt an einer Wegverbindung, die einst von Velo Grablje nach Zaraće führte. Der einstufige Trim am Berghang, der hier bereits nach Süden nach Zaraće hinunter abfällt, ist von Buschwerk umgeben. Die Außenwand des Trims wurde aus kantigen Steinen errichtet. Der Eingang aus großen Steinquadern führt in den kreisrunden Innenraum. Der Trim ist gut erhalten, wird aber nicht mehr genutzt.</p></div></div><div class='clear_column'></div><div class='content-column one_half'><div style="padding-right:6px;"><div id="attachment_64897" style="width: 310px" class="wp-caption aligncenter"><img loading="lazy" decoding="async" aria-describedby="caption-attachment-64897" class="wp-image-64897 size-medium" src="https://www.topohvar.at/wp-content/uploads/2023/11/zr-tr-02-1-300x300.jpg" alt="" width="300" height="300" srcset="https://www.topohvar.at/wp-content/uploads/2023/11/zr-tr-02-1-300x300.jpg 300w, https://www.topohvar.at/wp-content/uploads/2023/11/zr-tr-02-1-150x150.jpg 150w, https://www.topohvar.at/wp-content/uploads/2023/11/zr-tr-02-1.jpg 450w" sizes="auto, (max-width: 300px) 100vw, 300px" /><p id="caption-attachment-64897" class="wp-caption-text">Ulaz / Eingang</p></div></div></div><div class='content-column one_half last_column'><div style="padding-right:0px;padding-left:6px;"><div id="attachment_64898" style="width: 310px" class="wp-caption aligncenter"><img loading="lazy" decoding="async" aria-describedby="caption-attachment-64898" class="wp-image-64898 size-medium" src="https://www.topohvar.at/wp-content/uploads/2023/11/zr-tr-02-5-300x300.jpg" alt="" width="300" height="300" srcset="https://www.topohvar.at/wp-content/uploads/2023/11/zr-tr-02-5-300x300.jpg 300w, https://www.topohvar.at/wp-content/uploads/2023/11/zr-tr-02-5-150x150.jpg 150w, https://www.topohvar.at/wp-content/uploads/2023/11/zr-tr-02-5.jpg 450w" sizes="auto, (max-width: 300px) 100vw, 300px" /><p id="caption-attachment-64898" class="wp-caption-text">Pogled prema zapadu / Blick nach Westen</p></div></div></div><div class='clear_column'></div><div class='content-column one_half'><div style="padding-right:6px;"><p>Dana 05.10.2023 trim ZR-TR-02 je posjećen i ustanovljeno je sljedeće:</p>
<p>Lokacija: grmlje<br />
Podloga: padina<br />
Povezan s: samostojeći, izoliran<br />
Upotreba: malo se koristi<br />
Stanje: vrlo dobro uzdržati<br />
Broj stepenica trima: 1<br />
Dodatni kameni prsten: nema prstena<br />
Stepenište: nema<br />
Oblik kamena: uglast<br />
Područje ispred ulaza: lako dostupno<br />
Orijentacija ulaza: SZ (300°)<br />
Promjer trima (cm): 410<br />
Visina trima (cm): 230<br />
Visina stepenica (cm): stepenica 1: 170<br />
Debljina zida (cm): 90<br />
Širina vrata (cm): 55<br />
Visina vrata (cm): 95<br />
Širina unutra (cm): 230<br />
Visina unutra (cm): 210<br />
Volumen iznutra (m3): 5,67<br />
Nema niše</p></div></div><div class='content-column one_half last_column'><div style="padding-right:0px;padding-left:6px;"><p>Am 05.10.2023 wurde der Trim ZR-TR-02 besucht und näher untersucht:</p>
<p>Standort: Buschwerk<br />
Untergrund: Hanglage<br />
Verbunden mit: freistehend<br />
Nutzung: kaum genutzt<br />
Zustand: sehr gut erhalten<br />
Anzahl der Trimstufen: 1<br />
Zusätzlicher Steinring: kein Steinring<br />
Stiege: keine<br />
Steinform: kantig<br />
Eingangsbereich: frei<br />
Eingangsseite: NW (300°)<br />
Trimdurchmesser (cm): 410<br />
Trimhöhe (cm): 230<br />
Höhe der Trimstufen (cm): Stufe 1: 170<br />
Wandstärke (cm): 90<br />
Türbreite (cm): 55<br />
Türhöhe (cm): 95<br />
Innenraumbreite (cm): 230<br />
Innenraumhöhe (cm): 210<br />
Raumvolumen (m3): 5,67<br />
Keine Nische</p></div></div><div class='clear_column'></div></p>
<p><img loading="lazy" decoding="async" class="aligncenter size-full wp-image-65186" src="https://www.topohvar.at/wp-content/uploads/2023/12/zr-tr-02-scan.jpg" alt="" width="900" height="1326" srcset="https://www.topohvar.at/wp-content/uploads/2023/12/zr-tr-02-scan.jpg 900w, https://www.topohvar.at/wp-content/uploads/2023/12/zr-tr-02-scan-204x300.jpg 204w, https://www.topohvar.at/wp-content/uploads/2023/12/zr-tr-02-scan-695x1024.jpg 695w, https://www.topohvar.at/wp-content/uploads/2023/12/zr-tr-02-scan-768x1132.jpg 768w" sizes="auto, (max-width: 900px) 100vw, 900px" /></p>
<p style="text-align: right;"><a href="#seite_oben">natrag na vrh / Seitenanfang</a></p>
<hr />
<p><strong>Linkovi / Links</strong></p>
<p>&#8211;</p>

<p>Ime / Name Trim »ZR-TR-02« Code: ZR-TR-02                            Adresa / Adresse Zaraće, između Velog Grablja i Zaraća / zwischen Velo Grablje und Zaraće Lokalna položaj / Position Latitude: &hellip; <a href="https://www.topohvar.at/topo/orte/zr/zr-tr-02-1/">Weiterlesen <span class="meta-nav">&rarr;</span></a></p>
