{"id":64861,"date":"2023-11-06T17:54:16","date_gmt":"2023-11-06T16:54:16","guid":{"rendered":"https:\/\/www.topohvar.at\/topo\/?page_id=64861"},"modified":"2023-11-06T18:53:08","modified_gmt":"2023-11-06T17:53:08","slug":"gj-ov-01-1","status":"publish","type":"page","link":"https:\/\/www.topohvar.at\/topo\/orte\/gj\/gj-ov-01-1\/","title":{"rendered":"GDINJ &#8211; Objekt \u00bbBotani\u010dki vrt fjori fora\u00ab"},"content":{"rendered":"<p><a name=\"seite_oben\"><\/a><br \/>\n<strong><img loading=\"lazy\" decoding=\"async\" class=\"alignnone wp-image-64863 size-full\" src=\"https:\/\/www.topohvar.at\/wp-content\/uploads\/2023\/11\/gj-ov-01-2.jpg\" alt=\"\" width=\"1080\" height=\"530\" srcset=\"https:\/\/www.topohvar.at\/wp-content\/uploads\/2023\/11\/gj-ov-01-2.jpg 1080w, https:\/\/www.topohvar.at\/wp-content\/uploads\/2023\/11\/gj-ov-01-2-300x147.jpg 300w, https:\/\/www.topohvar.at\/wp-content\/uploads\/2023\/11\/gj-ov-01-2-1024x503.jpg 1024w, https:\/\/www.topohvar.at\/wp-content\/uploads\/2023\/11\/gj-ov-01-2-768x377.jpg 768w\" sizes=\"auto, (max-width: 1080px) 100vw, 1080px\" \/><\/strong><\/p>\n<p><strong>Ime \/ Name<br \/>\n<\/strong>Objekt \u00bbBotani\u010dki vrt <em>fjori fora<\/em>\u00ab \/ Botanischer Garten <em>fjori fora<\/em><\/p>\n<p><strong>Code: <\/strong>GJ-OV-01\u00a0 \u00a0 \u00a0 \u00a0 \u00a0 \u00a0 \u00a0 \u00a0 \u00a0 \u00a0 \u00a0 \u00a0 \u00a0 \u00a0 \u00a0 \u00a0 \u00a0 \u00a0 \u00a0 \u00a0 \u00a0<strong> <a href=\"https:\/\/www.topohvar.at\/orte\/gj\/gj-on-01-1\/\"><img loading=\"lazy\" decoding=\"async\" class=\"alignnone wp-image-12300 size-full\" src=\"https:\/\/www.topohvar.at\/wp-content\/uploads\/2018\/09\/push-vor-30.jpg\" alt=\"\" width=\"61\" height=\"30\" \/><\/a> <a href=\"https:\/\/www.topohvar.at\/orte\/gj\/\"><img loading=\"lazy\" decoding=\"async\" class=\"alignnone wp-image-535 size-full\" src=\"https:\/\/www.topohvar.at\/wp-content\/uploads\/2018\/07\/push-o-30.jpg\" alt=\"\" width=\"61\" height=\"30\" \/><\/a> <a href=\"https:\/\/www.topohvar.at\/topo\/orte\/gj\/gj-og-01-1\/\"><img loading=\"lazy\" decoding=\"async\" class=\"alignnone wp-image-12299 size-full\" src=\"https:\/\/www.topohvar.at\/wp-content\/uploads\/2018\/09\/push-next-30.jpg\" alt=\"\" width=\"61\" height=\"30\" \/><\/a> <\/strong><\/p>\n<hr \/>\n<p><strong>Adresa \/ Adresse<br \/>\n<\/strong>Gdinj, Visoka<\/p>\n<p><strong>Lokacija \/ Position<a href=\"https:\/\/maps.app.goo.gl\/iMKTsTWPzMrid29d7\"><img loading=\"lazy\" decoding=\"async\" class=\"alignright wp-image-64862\" src=\"https:\/\/www.topohvar.at\/wp-content\/uploads\/2023\/11\/3954.jpg\" alt=\"\" width=\"134\" height=\"100\" \/><\/a><br \/>\n<\/strong><span style=\"color: #3366ff;\"><a style=\"color: #3366ff;\" href=\"https:\/\/maps.app.goo.gl\/iMKTsTWPzMrid29d7\">Latitude: N 43,13235\u00b0\u00a0 \u00a0Longitude: E 16,91799<\/a>\u00b0 <\/span><strong><br \/>\n<\/strong>Visina \/ H\u00f6he: 322 m<\/p>\n<p><strong>Katastarska \u010destica \/ Grundst\u00fccke<br \/>\n<\/strong>3250, 3342<div class='content-column one_half'><div style=\"padding-right:6px;\"><p><strong>Datum snimanja \/ Erfassungsdatum<br \/>\n<\/strong>24.10.2023 15:34:00<\/p><\/div><\/div><div class='content-column one_half last_column'><div style=\"padding-right:0px;padding-left:6px;\"><p><strong>Stupanj za\u0161tite \/ Schutzstellung<br \/>\n&#8211;<br \/>\n<\/strong><\/div><\/div><div class='clear_column'><\/div><\/p>\n<hr \/>\n<p><img loading=\"lazy\" decoding=\"async\" class=\"alignnone wp-image-64873 size-full\" src=\"https:\/\/www.topohvar.at\/wp-content\/uploads\/2023\/11\/gj-ov-01-1.jpg\" alt=\"\" width=\"1080\" height=\"1519\" srcset=\"https:\/\/www.topohvar.at\/wp-content\/uploads\/2023\/11\/gj-ov-01-1.jpg 1080w, https:\/\/www.topohvar.at\/wp-content\/uploads\/2023\/11\/gj-ov-01-1-213x300.jpg 213w, https:\/\/www.topohvar.at\/wp-content\/uploads\/2023\/11\/gj-ov-01-1-728x1024.jpg 728w, https:\/\/www.topohvar.at\/wp-content\/uploads\/2023\/11\/gj-ov-01-1-768x1080.jpg 768w\" sizes=\"auto, (max-width: 1080px) 100vw, 1080px\" \/><\/p>\n<p>Im malerischen Dorf Gdinj ist ein einzigartiger Garten entstanden, der Fiori-Fora-Garten; ein echtes Hvar im Kleinem mit einer F\u00fclle an Wildpflanzen, die von der Artenvielfalt der Insel Hvar und dem traditionellen Flei\u00df der Inselbewohner und ihrem Zusammenleben mit der Natur zeugen. Wie andere G\u00e4rten auf der Insel ist auch dieser das Ergebnis einer langfristigen, gut geplanten Arbeit: die mit Vegetation bewachsene Fl\u00e4che des ehemaligen Weinbergs und der Lavendel- und Rosmarinfelder wurde sorgf\u00e4ltig gerodet. Die alten Trockensteinmauern wurden h\u00e4ndisch so angeordnet, dass das Grundst\u00fcck in sechs kleinere Felder unterteilt wurde. Jedes der sechs Felder ist einer besonderen Gruppe von Pflanzen gewidmet, die die Inselbewohner seit Jahrhunderten in ihrem t\u00e4glichen Leben nutzen: essbare Pflanzen, Pflanzen zur Herstellung kosmetischer und medizinischer Pr\u00e4parate, Pflanzen zur Herstellung und zum F\u00e4rben von Textilien &#8230; Ein Rundweg f\u00fchrt durch die Felder bis zu einem Rastplatz \u2013 ein Ort zur Pr\u00e4sentation und Verkostung authentischer Inselprodukte, die sorgf\u00e4ltig f\u00fcr die Marke Fiori Fora ausgew\u00e4hlt wurden.<br \/>\nBesucher k\u00f6nnen einen angenehmen, unabh\u00e4ngigen Spaziergang durch den Garten unternehmen und die Pflanzenbeete besichtigen, ein Foto im Imkerkost\u00fcm oder als Fahrer des Blumen-Oldtimers machen und den Laden mit einzigartigen Souvenirs besuchen.<br \/>\nDer Fjori-Fora-Garten ist eine wertvolle Widmung an die menschliche Beharrlichkeit und Hingabe an die Natur und ein unverzichtbares Ziel f\u00fcr jeden, der die Insel Hvar in ihrer F\u00fclle riechen, schmecken und erleben m\u00f6chte.<\/p>\n<p><img loading=\"lazy\" decoding=\"async\" class=\"aligncenter wp-image-64874 size-full\" src=\"https:\/\/www.topohvar.at\/wp-content\/uploads\/2023\/11\/gj-ov-01-3.jpg\" alt=\"\" width=\"400\" height=\"300\" srcset=\"https:\/\/www.topohvar.at\/wp-content\/uploads\/2023\/11\/gj-ov-01-3.jpg 400w, https:\/\/www.topohvar.at\/wp-content\/uploads\/2023\/11\/gj-ov-01-3-300x225.jpg 300w\" sizes=\"auto, (max-width: 400px) 100vw, 400px\" \/><\/p>\n<p style=\"text-align: right;\"><span style=\"color: #3366ff;\"><a style=\"color: #3366ff;\" href=\"#seite_oben\">natrag na vrh \/ Seitenanfang<\/a><\/span><\/p>\n<hr \/>\n<p><strong>Linkovi \/ Links<\/strong><\/p>\n<p><span style=\"color: #3366ff;\">&#8211;<\/span><\/p>\n","protected":false},"excerpt":{"rendered":"<p>Ime \/ Name Objekt \u00bbBotani\u010dki vrt fjori fora\u00ab \/ Botanischer Garten fjori fora Code: GJ-OV-01\u00a0 \u00a0 \u00a0 \u00a0 \u00a0 \u00a0 \u00a0 \u00a0 \u00a0 \u00a0 \u00a0 \u00a0 \u00a0 \u00a0 \u00a0 \u00a0 \u00a0 \u00a0 \u00a0 \u00a0 \u00a0 Adresa \/ Adresse Gdinj, Visoka &hellip; <a href=\"https:\/\/www.topohvar.at\/topo\/orte\/gj\/gj-ov-01-1\/\">Weiterlesen <span class=\"meta-nav\">&rarr;<\/span><\/a><\/p>\n","protected":false},"author":1,"featured_media":0,"parent":72,"menu_order":0,"comment_status":"closed","ping_status":"closed","template":"","meta":{"footnotes":""},"class_list":["post-64861","page","type-page","status-publish","hentry"],"_links":{"self":[{"href":"https:\/\/www.topohvar.at\/topo\/wp-json\/wp\/v2\/pages\/64861","targetHints":{"allow":["GET"]}}],"collection":[{"href":"https:\/\/www.topohvar.at\/topo\/wp-json\/wp\/v2\/pages"}],"about":[{"href":"https:\/\/www.topohvar.at\/topo\/wp-json\/wp\/v2\/types\/page"}],"author":[{"embeddable":true,"href":"https:\/\/www.topohvar.at\/topo\/wp-json\/wp\/v2\/users\/1"}],"replies":[{"embeddable":true,"href":"https:\/\/www.topohvar.at\/topo\/wp-json\/wp\/v2\/comments?post=64861"}],"version-history":[{"count":12,"href":"https:\/\/www.topohvar.at\/topo\/wp-json\/wp\/v2\/pages\/64861\/revisions"}],"predecessor-version":[{"id":64882,"href":"https:\/\/www.topohvar.at\/topo\/wp-json\/wp\/v2\/pages\/64861\/revisions\/64882"}],"up":[{"embeddable":true,"href":"https:\/\/www.topohvar.at\/topo\/wp-json\/wp\/v2\/pages\/72"}],"wp:attachment":[{"href":"https:\/\/www.topohvar.at\/topo\/wp-json\/wp\/v2\/media?parent=64861"}],"curies":[{"name":"wp","href":"https:\/\/api.w.org\/{rel}","templated":true}]}}

GDINJ &#8211; Objekt »Botanički vrt fjori fora«

<p><a name="seite_oben"></a><br />
<strong><img loading="lazy" decoding="async" class="alignnone wp-image-64863 size-full" src="https://www.topohvar.at/wp-content/uploads/2023/11/gj-ov-01-2.jpg" alt="" width="1080" height="530" srcset="https://www.topohvar.at/wp-content/uploads/2023/11/gj-ov-01-2.jpg 1080w, https://www.topohvar.at/wp-content/uploads/2023/11/gj-ov-01-2-300x147.jpg 300w, https://www.topohvar.at/wp-content/uploads/2023/11/gj-ov-01-2-1024x503.jpg 1024w, https://www.topohvar.at/wp-content/uploads/2023/11/gj-ov-01-2-768x377.jpg 768w" sizes="auto, (max-width: 1080px) 100vw, 1080px" /></strong></p>
<p><strong>Ime / Name<br />
</strong>Objekt »Botanički vrt <em>fjori fora</em>« / Botanischer Garten <em>fjori fora</em></p>
<p><strong>Code: </strong>GJ-OV-01                                         <strong> <a href="https://www.topohvar.at/orte/gj/gj-on-01-1/"><img loading="lazy" decoding="async" class="alignnone wp-image-12300 size-full" src="https://www.topohvar.at/wp-content/uploads/2018/09/push-vor-30.jpg" alt="" width="61" height="30" /></a> <a href="https://www.topohvar.at/orte/gj/"><img loading="lazy" decoding="async" class="alignnone wp-image-535 size-full" src="https://www.topohvar.at/wp-content/uploads/2018/07/push-o-30.jpg" alt="" width="61" height="30" /></a> <a href="https://www.topohvar.at/topo/orte/gj/gj-og-01-1/"><img loading="lazy" decoding="async" class="alignnone wp-image-12299 size-full" src="https://www.topohvar.at/wp-content/uploads/2018/09/push-next-30.jpg" alt="" width="61" height="30" /></a> </strong></p>
<hr />
<p><strong>Adresa / Adresse<br />
</strong>Gdinj, Visoka</p>
<p><strong>Lokacija / Position<a href="https://maps.app.goo.gl/iMKTsTWPzMrid29d7"><img loading="lazy" decoding="async" class="alignright wp-image-64862" src="https://www.topohvar.at/wp-content/uploads/2023/11/3954.jpg" alt="" width="134" height="100" /></a><br />
</strong><span style="color: #3366ff;"><a style="color: #3366ff;" href="https://maps.app.goo.gl/iMKTsTWPzMrid29d7">Latitude: N 43,13235°   Longitude: E 16,91799</a>° </span><strong><br />
</strong>Visina / Höhe: 322 m</p>
<p><strong>Katastarska čestica / Grundstücke<br />
</strong>3250, 3342<div class='content-column one_half'><div style="padding-right:6px;"><p><strong>Datum snimanja / Erfassungsdatum<br />
</strong>24.10.2023 15:34:00</p></div></div><div class='content-column one_half last_column'><div style="padding-right:0px;padding-left:6px;"><p><strong>Stupanj zaštite / Schutzstellung<br />
&#8211;<br />
</strong></div></div><div class='clear_column'></div></p>
<hr />
<p><img loading="lazy" decoding="async" class="alignnone wp-image-64873 size-full" src="https://www.topohvar.at/wp-content/uploads/2023/11/gj-ov-01-1.jpg" alt="" width="1080" height="1519" srcset="https://www.topohvar.at/wp-content/uploads/2023/11/gj-ov-01-1.jpg 1080w, https://www.topohvar.at/wp-content/uploads/2023/11/gj-ov-01-1-213x300.jpg 213w, https://www.topohvar.at/wp-content/uploads/2023/11/gj-ov-01-1-728x1024.jpg 728w, https://www.topohvar.at/wp-content/uploads/2023/11/gj-ov-01-1-768x1080.jpg 768w" sizes="auto, (max-width: 1080px) 100vw, 1080px" /></p>
<p>Im malerischen Dorf Gdinj ist ein einzigartiger Garten entstanden, der Fiori-Fora-Garten; ein echtes Hvar im Kleinem mit einer Fülle an Wildpflanzen, die von der Artenvielfalt der Insel Hvar und dem traditionellen Fleiß der Inselbewohner und ihrem Zusammenleben mit der Natur zeugen. Wie andere Gärten auf der Insel ist auch dieser das Ergebnis einer langfristigen, gut geplanten Arbeit: die mit Vegetation bewachsene Fläche des ehemaligen Weinbergs und der Lavendel- und Rosmarinfelder wurde sorgfältig gerodet. Die alten Trockensteinmauern wurden händisch so angeordnet, dass das Grundstück in sechs kleinere Felder unterteilt wurde. Jedes der sechs Felder ist einer besonderen Gruppe von Pflanzen gewidmet, die die Inselbewohner seit Jahrhunderten in ihrem täglichen Leben nutzen: essbare Pflanzen, Pflanzen zur Herstellung kosmetischer und medizinischer Präparate, Pflanzen zur Herstellung und zum Färben von Textilien &#8230; Ein Rundweg führt durch die Felder bis zu einem Rastplatz – ein Ort zur Präsentation und Verkostung authentischer Inselprodukte, die sorgfältig für die Marke Fiori Fora ausgewählt wurden.<br />
Besucher können einen angenehmen, unabhängigen Spaziergang durch den Garten unternehmen und die Pflanzenbeete besichtigen, ein Foto im Imkerkostüm oder als Fahrer des Blumen-Oldtimers machen und den Laden mit einzigartigen Souvenirs besuchen.<br />
Der Fjori-Fora-Garten ist eine wertvolle Widmung an die menschliche Beharrlichkeit und Hingabe an die Natur und ein unverzichtbares Ziel für jeden, der die Insel Hvar in ihrer Fülle riechen, schmecken und erleben möchte.</p>
<p><img loading="lazy" decoding="async" class="aligncenter wp-image-64874 size-full" src="https://www.topohvar.at/wp-content/uploads/2023/11/gj-ov-01-3.jpg" alt="" width="400" height="300" srcset="https://www.topohvar.at/wp-content/uploads/2023/11/gj-ov-01-3.jpg 400w, https://www.topohvar.at/wp-content/uploads/2023/11/gj-ov-01-3-300x225.jpg 300w" sizes="auto, (max-width: 400px) 100vw, 400px" /></p>
<p style="text-align: right;"><span style="color: #3366ff;"><a style="color: #3366ff;" href="#seite_oben">natrag na vrh / Seitenanfang</a></span></p>
<hr />
<p><strong>Linkovi / Links</strong></p>
<p><span style="color: #3366ff;">&#8211;</span></p>

<p>Ime / Name Objekt »Botanički vrt fjori fora« / Botanischer Garten fjori fora Code: GJ-OV-01                                          Adresa / Adresse Gdinj, Visoka &hellip; <a href="https://www.topohvar.at/topo/orte/gj/gj-ov-01-1/">Weiterlesen <span class="meta-nav">&rarr;</span></a></p>
