{"id":65466,"date":"2024-03-09T16:19:33","date_gmt":"2024-03-09T15:19:33","guid":{"rendered":"https:\/\/www.topohvar.at\/topo\/?page_id=65466"},"modified":"2024-09-10T12:51:22","modified_gmt":"2024-09-10T10:51:22","slug":"sv-tr-09-1","status":"publish","type":"page","link":"https:\/\/www.topohvar.at\/topo\/orte\/sv\/sv-tr-09-1\/","title":{"rendered":"SVIR\u010cE &#8211; Trim \u00bbSV-TR-09\u00ab"},"content":{"rendered":"<p><a name=\"seite_oben\"><\/a><br \/>\n<strong><img loading=\"lazy\" decoding=\"async\" class=\"aligncenter wp-image-65468 size-full\" src=\"https:\/\/www.topohvar.at\/wp-content\/uploads\/2024\/03\/SV-TR-09-0.jpg\" alt=\"\" width=\"1080\" height=\"530\" srcset=\"https:\/\/www.topohvar.at\/wp-content\/uploads\/2024\/03\/SV-TR-09-0.jpg 1080w, https:\/\/www.topohvar.at\/wp-content\/uploads\/2024\/03\/SV-TR-09-0-300x147.jpg 300w, https:\/\/www.topohvar.at\/wp-content\/uploads\/2024\/03\/SV-TR-09-0-1024x503.jpg 1024w, https:\/\/www.topohvar.at\/wp-content\/uploads\/2024\/03\/SV-TR-09-0-768x377.jpg 768w\" sizes=\"auto, (max-width: 1080px) 100vw, 1080px\" \/><\/strong><\/p>\n<p><strong>Ime \/ Name<br \/>\n<\/strong>Trim \u00bbSV-TR-09\u00ab<\/p>\n<p><strong>Code: <\/strong>SV-TR-09\u00a0 \u00a0 \u00a0 \u00a0 \u00a0 \u00a0 \u00a0 \u00a0<strong>\u00a0 \u00a0 \u00a0 \u00a0 \u00a0 \u00a0 \u00a0 \u00a0 \u00a0 <a href=\"https:\/\/www.topohvar.at\/orte\/sv\/sv-tr-00-1\/\"><img loading=\"lazy\" decoding=\"async\" class=\"alignnone wp-image-12300 size-full\" src=\"https:\/\/www.topohvar.at\/wp-content\/uploads\/2018\/09\/push-vor-30.jpg\" alt=\"\" width=\"61\" height=\"30\" \/><\/a> <a href=\"https:\/\/www.topohvar.at\/orte\/sv\/sv-tr-15-1\/\"><img loading=\"lazy\" decoding=\"async\" class=\"alignnone wp-image-533 size-full\" src=\"https:\/\/www.topohvar.at\/wp-content\/uploads\/2018\/07\/push-l-30.jpg\" alt=\"\" width=\"61\" height=\"30\" \/><\/a>\u00a0<a href=\"https:\/\/www.topohvar.at\/orte\/sv\/\"><img loading=\"lazy\" decoding=\"async\" class=\"alignnone wp-image-535 size-full\" src=\"https:\/\/www.topohvar.at\/wp-content\/uploads\/2018\/07\/push-o-30.jpg\" alt=\"\" width=\"61\" height=\"30\" \/><\/a>\u00a0<a href=\"https:\/\/www.topohvar.at\/orte\/sv\/sv-tr-16-1\/\"><img loading=\"lazy\" decoding=\"async\" class=\"alignnone wp-image-536 size-full\" src=\"https:\/\/www.topohvar.at\/wp-content\/uploads\/2018\/07\/push-r-30.jpg\" alt=\"\" width=\"61\" height=\"30\" \/><\/a><\/strong><\/p>\n<hr \/>\n<p><strong>Adresa \/ Adresse<br \/>\n<\/strong>Svir\u010de, Poljica<\/p>\n<p><strong>Lokacija \/ Position<a href=\"https:\/\/maps.app.goo.gl\/Qs7g9ZQsv84NK3jf8\"><img loading=\"lazy\" decoding=\"async\" class=\"alignright wp-image-65473\" src=\"https:\/\/www.topohvar.at\/wp-content\/uploads\/2024\/03\/3956.jpg\" alt=\"\" width=\"134\" height=\"100\" \/><\/a><br \/>\n<\/strong><span style=\"color: #3366ff;\"><a style=\"color: #3366ff;\" href=\"https:\/\/maps.app.goo.gl\/Qs7g9ZQsv84NK3jf8\">Latitude: N 43,14551\u00b0\u00a0 \u00a0 Longitude: E 16,60957\u00b0<\/a>\u00a0<\/span><strong><br \/>\n<\/strong>Visina \/ H\u00f6he: 467 m<\/p>\n<p><strong>Katastarska \u010destica \/ Grundst\u00fccke<br \/>\n<\/strong>5093<div class='content-column one_half'><div style=\"padding-right:6px;\"><p><strong>Datum snimanja \/ Erfassungsdatum<br \/>\n<\/strong>07.03.2024 11:35:00<\/p>\n<hr \/>\n<p><strong>Informacije<\/strong><\/p>\n<p>Dvostupanjsi trim nalazi se na oko 50 m sjeverno od glavnog puta u jednom poljoprivrednom kompleksu \u00a0na \u201e Polji\u010dkoj \u201c visoravni. U tom prostoru nalaze se jedna kamena ku\u0107a, trim, cisterna i kamene zidine.\u00a0Sklop ku\u0107ice, trima, \u0161talice za konja i gustirne pri\u010da i o redoslijedu gra\u0111enja: trim \u2013 gustirna \u2013 ku\u0107ica za konja \u2013 ku\u0107ica za ljude.<\/p><\/div><\/div><div class='content-column one_half last_column'><div style=\"padding-right:0px;padding-left:6px;\"><p><strong>Stupanj za\u0161tite \/ Schutzstellung<br \/>\n<\/strong>&#8211;<\/p>\n<hr \/>\n<p><strong>Info<\/strong><\/p>\n<p>Der zweistufige Trim auf der Hochebene \u201ePoljica\u201c befindet sich in einem landwirtschaftlichen Komplex etwa 50 m n\u00f6rdlich des Hauptweges. Er besteht aus Steinhaus, Trim, Zisterne und Steinumgrenzungen. Die Anordnung von Haus, Trim, Pferdestall und Zisterne verr\u00e4t auch die Reihenfolge des Baus: Trim \u2013 Zisterne \u2013 Haus f\u00fcr Pferde \u2013 Haus f\u00fcr Menschen.<\/p><\/div><\/div><div class='clear_column'><\/div><div class='content-column one_half'><div style=\"padding-right:6px;\"><p>Prekrasni trim, koji je Bartul Buratovi\u0107 sagradio izme\u0111u dva rata od nepravilnog kamena, obnovio je 2014. godine njegov sin Marko Buratovi\u0107. Bartul Buratovi\u0107 je bio vrlo vrijedan \u010dovjek, a njegova je obitelj bila me\u0111u pionirima osvajanja ovog prostora na vrh Hvara i prili\u010dno imu\u0107na u te\u017ea\u010dkim mjerilima.<\/p><\/div><\/div><div class='content-column one_half last_column'><div style=\"padding-right:0px;padding-left:6px;\"><p>Der wundersch\u00f6ne Trim, den Bartul Buratovi\u0107 zwischen den beiden Kriegen aus unregelm\u00e4\u00dfigem Stein errichten lie\u00df, wurde im Jahr 2014 von seinem Sohn Marko Buratovi\u0107 renoviert. Bartul Buratovi\u0107 war ein sehr flei\u00dfiger Mann, und seine Familie geh\u00f6rte zu den Pionieren der Erschlie\u00dfung dieses Gebiets auf dem Gipfel von Hvar und war nach b\u00e4uerlichen Ma\u00dfst\u00e4ben ziemlich wohlhabend.<\/p><\/div><\/div><div class='clear_column'><\/div><div class='content-column one_half'><div style=\"padding-right:6px;\"><p>Trim je slobodan u prostoru. Lijevo od njega je kamena ku\u0107a, a s njegove desne strane, na udaljenosti od 8 m nalazi se lijepa cisterna.\u00a0Ovaj trim dobro je sa\u010duvan u kojem\u00a0 je donji dio s unutarnje i vanjske strane djelomi\u010dno o\u017ebukan. Ulaz u trim gradjen s velikim kamenim blokom. U kru\u017enom unutarnjem pprostoru nalazi se i jedna zidna ni\u0161a. Cijeli taj kompleks od gradjevina se koristi, ali trim sam ne.<\/p><\/div><\/div><div class='content-column one_half last_column'><div style=\"padding-right:0px;padding-left:6px;\"><p>Der Trim ist freistehend. Links neben ihm steht ein Steinhaus und rechts vor dem Eingang in etwa 8 m Entfernung die sch\u00f6ne Zisterne. Der Trim ist gut erhalten, der untere Bereich \u2013 au\u00dfen und innen \u2013 ist zum Teil verputzt. Der Eingang ist aus m\u00e4chtigen Steinbl\u00f6cken gebildet. Im kreisrunden Innenraum findet sich eine Wandnische. Das Anwesen wird genutzt, der Trim aber offensichtlich kaum.<\/p><\/div><\/div><div class='clear_column'><\/div><div class='content-column one_half'><div style=\"padding-right:6px;\"><p><em>Informacije su dopunjene \u201eizvje\u0161taj sa jesenskog vikend terena na otoku Hvaru 22. i 23. studenog 2014. \u2013 <a href=\"https:\/\/www.dragodid.org\/sa-antunom-vrankovicem-u-lovu-na-trime\/\">S Antunom Vrankovi\u0107em u lovu na trime<\/a>\u201d<\/em><\/p><\/div><\/div><div class='content-column one_half last_column'><div style=\"padding-right:0px;padding-left:6px;\"><p><em>Die Infos wurden erg\u00e4nzt durch einen \u201eBericht vom Herbstwochenende auf der Insel Hvar am 22. und 23. November 2014 \u2013 <a href=\"https:\/\/www.dragodid.org\/sa-antunom-vrankovicem-u-lovu-na-trime\/\">Mit Antun Vrankovi\u0107 auf der Jagd nach Trims<\/a>\u201c<\/em><\/p><\/div><\/div><div class='clear_column'><\/div><div class='content-column one_half'><div style=\"padding-right:6px;\"><div id=\"attachment_65997\" style=\"width: 310px\" class=\"wp-caption aligncenter\"><img loading=\"lazy\" decoding=\"async\" aria-describedby=\"caption-attachment-65997\" class=\"wp-image-65997 size-medium\" src=\"https:\/\/www.topohvar.at\/wp-content\/uploads\/2024\/03\/SV-TR-09-21-300x300.jpg\" alt=\"\" width=\"300\" height=\"300\" srcset=\"https:\/\/www.topohvar.at\/wp-content\/uploads\/2024\/03\/SV-TR-09-21-300x300.jpg 300w, https:\/\/www.topohvar.at\/wp-content\/uploads\/2024\/03\/SV-TR-09-21-150x150.jpg 150w, https:\/\/www.topohvar.at\/wp-content\/uploads\/2024\/03\/SV-TR-09-21.jpg 450w\" sizes=\"auto, (max-width: 300px) 100vw, 300px\" \/><p id=\"caption-attachment-65997\" class=\"wp-caption-text\">Ulaz \/ Eingang<\/p><\/div>\n<p>Dana 07.03.2024 trim SV-TR-09 je posje\u0107en i ustanovljeno je sljede\u0107e:<\/p>\n<p>Lokacija: livada, pa\u0161njak<br \/>\nPodloga: ravna<br \/>\nPovezan s: samostoje\u0107i, izoliran<br \/>\nUpotreba: ne koristi se<br \/>\nStanje: dobro sa\u010duvan<br \/>\nBroj stepenica trima: 2<br \/>\nDodatni kameni prsten: nema prstena<br \/>\nStepeni\u0161te: nema<br \/>\nOblik kamena: uglast<br \/>\nPodru\u010dje ispred ulaza: lako dostupno<br \/>\nOrijentacija ulaza: J (200\u00b0)<br \/>\nPromjer trima (cm): 490<br \/>\nVisina trima (cm): 300<br \/>\nVisina stepenica (cm): stepenica 1: 170 , stepenica 2: 250<br \/>\nDebljina zida (cm): 90<br \/>\n\u0160irina vrata (cm): 75<br \/>\nVisina vrata (cm): 115<br \/>\n\u0160irina unutra (cm): 310<br \/>\nVisina unutra (cm): 270<br \/>\nVolumen iznutra (m3): 12,58<br \/>\nNi\u0161a 1 (P\/\u0160\/V\/D) (cm): 120 \/ 25 \/ 30 \/ 55<\/p><\/div><\/div><div class='content-column one_half last_column'><div style=\"padding-right:0px;padding-left:6px;\"><div id=\"attachment_65998\" style=\"width: 310px\" class=\"wp-caption aligncenter\"><img loading=\"lazy\" decoding=\"async\" aria-describedby=\"caption-attachment-65998\" class=\"wp-image-65998 size-medium\" src=\"https:\/\/www.topohvar.at\/wp-content\/uploads\/2024\/03\/SV-TR-09-22-300x300.jpg\" alt=\"\" width=\"300\" height=\"300\" srcset=\"https:\/\/www.topohvar.at\/wp-content\/uploads\/2024\/03\/SV-TR-09-22-300x300.jpg 300w, https:\/\/www.topohvar.at\/wp-content\/uploads\/2024\/03\/SV-TR-09-22-150x150.jpg 150w, https:\/\/www.topohvar.at\/wp-content\/uploads\/2024\/03\/SV-TR-09-22.jpg 450w\" sizes=\"auto, (max-width: 300px) 100vw, 300px\" \/><p id=\"caption-attachment-65998\" class=\"wp-caption-text\">Trim s gustirnom \/ Trim mit Zisterne<\/p><\/div>\n<p>Am 07.03.2024 wurde der Trim SV-TR-09 besucht und n\u00e4her untersucht:<\/p>\n<p>Standort: Wiese, Weide<br \/>\nUntergrund: eben<br \/>\nVerbunden mit: freistehend<br \/>\nNutzung: ungenutzt<br \/>\nZustand: gut erhalten<br \/>\nAnzahl der Trimstufen: 2<br \/>\nZus\u00e4tzlicher Steinring: kein Steinring<br \/>\nStiege: keine<br \/>\nSteinform: kantig<br \/>\nEingangsbereich: frei<br \/>\nEingangsseite: S (200\u00b0)<br \/>\nTrimdurchmesser (cm): 490<br \/>\nTrimh\u00f6he (cm): 300<br \/>\nH\u00f6he der Trimstufen (cm): Stufe 1: 170 , Stufe 2: 250<br \/>\nWandst\u00e4rke (cm): 90<br \/>\nT\u00fcrbreite (cm): 75<br \/>\nT\u00fcrh\u00f6he (cm): 115<br \/>\nInnenraumbreite (cm): 310<br \/>\nInnenraumh\u00f6he (cm): 270<br \/>\nRaumvolumen (m3): 12,58<br \/>\nNische 1 (P\/B\/H\/T) (cm): 120 \/ 25 \/ 30 \/ 55<\/p><\/div><\/div><div class='clear_column'><\/div><\/p>\n<p><img loading=\"lazy\" decoding=\"async\" class=\"aligncenter size-full wp-image-66117\" src=\"https:\/\/www.topohvar.at\/wp-content\/uploads\/2024\/04\/sv-tr-09-scan.jpg\" alt=\"\" width=\"900\" height=\"1328\" srcset=\"https:\/\/www.topohvar.at\/wp-content\/uploads\/2024\/04\/sv-tr-09-scan.jpg 900w, https:\/\/www.topohvar.at\/wp-content\/uploads\/2024\/04\/sv-tr-09-scan-203x300.jpg 203w, https:\/\/www.topohvar.at\/wp-content\/uploads\/2024\/04\/sv-tr-09-scan-694x1024.jpg 694w, https:\/\/www.topohvar.at\/wp-content\/uploads\/2024\/04\/sv-tr-09-scan-768x1133.jpg 768w\" sizes=\"auto, (max-width: 900px) 100vw, 900px\" \/><\/p>\n<p style=\"text-align: right;\"><a href=\"#seite_oben\">natrag na vrh \/ Seitenanfang<\/a><\/p>\n<hr \/>\n<p><strong>Linkovi \/ Links<\/strong><\/p>\n<p><span style=\"color: #3366ff;\"><a style=\"color: #3366ff;\" href=\"https:\/\/www.topohvar.at\/topo\/orte\/sv\/sv-op-00-0\/#op-29\">Objekt \u00bbGustirna kod trima SV-TR-09\u00ab \/ Brunnen beim Trim SV-TR-09<\/a><\/span><\/p>\n","protected":false},"excerpt":{"rendered":"<p>Ime \/ Name Trim \u00bbSV-TR-09\u00ab Code: SV-TR-09\u00a0 \u00a0 \u00a0 \u00a0 \u00a0 \u00a0 \u00a0 \u00a0\u00a0 \u00a0 \u00a0 \u00a0 \u00a0 \u00a0 \u00a0 \u00a0 \u00a0 \u00a0\u00a0 Adresa \/ Adresse Svir\u010de, Poljica Lokacija \/ Position Latitude: N 43,14551\u00b0\u00a0 \u00a0 Longitude: E 16,60957\u00b0\u00a0 Visina \/ &hellip; <a href=\"https:\/\/www.topohvar.at\/topo\/orte\/sv\/sv-tr-09-1\/\">Weiterlesen <span class=\"meta-nav\">&rarr;<\/span><\/a><\/p>\n","protected":false},"author":1,"featured_media":0,"parent":106,"menu_order":0,"comment_status":"closed","ping_status":"closed","template":"","meta":{"footnotes":""},"class_list":["post-65466","page","type-page","status-publish","hentry"],"_links":{"self":[{"href":"https:\/\/www.topohvar.at\/topo\/wp-json\/wp\/v2\/pages\/65466","targetHints":{"allow":["GET"]}}],"collection":[{"href":"https:\/\/www.topohvar.at\/topo\/wp-json\/wp\/v2\/pages"}],"about":[{"href":"https:\/\/www.topohvar.at\/topo\/wp-json\/wp\/v2\/types\/page"}],"author":[{"embeddable":true,"href":"https:\/\/www.topohvar.at\/topo\/wp-json\/wp\/v2\/users\/1"}],"replies":[{"embeddable":true,"href":"https:\/\/www.topohvar.at\/topo\/wp-json\/wp\/v2\/comments?post=65466"}],"version-history":[{"count":19,"href":"https:\/\/www.topohvar.at\/topo\/wp-json\/wp\/v2\/pages\/65466\/revisions"}],"predecessor-version":[{"id":69616,"href":"https:\/\/www.topohvar.at\/topo\/wp-json\/wp\/v2\/pages\/65466\/revisions\/69616"}],"up":[{"embeddable":true,"href":"https:\/\/www.topohvar.at\/topo\/wp-json\/wp\/v2\/pages\/106"}],"wp:attachment":[{"href":"https:\/\/www.topohvar.at\/topo\/wp-json\/wp\/v2\/media?parent=65466"}],"curies":[{"name":"wp","href":"https:\/\/api.w.org\/{rel}","templated":true}]}}