{"id":659,"date":"2018-07-26T08:59:41","date_gmt":"2018-07-26T06:59:41","guid":{"rendered":"https:\/\/www.topohvar.at\/?page_id=659"},"modified":"2024-04-23T07:55:32","modified_gmt":"2024-04-23T05:55:32","slug":"bo-is-04-2","status":"publish","type":"page","link":"https:\/\/www.topohvar.at\/topo\/orte\/bo\/bo-is-04-2\/","title":{"rendered":"BOGOMOLJE &#8211; Spomen plo\u010da \u00bbna mjestu oru\u017eanog napada na \u017eandarme\u00ab"},"content":{"rendered":"<p><a name=\"seite_oben\"><\/a><br \/>\n<strong><img loading=\"lazy\" decoding=\"async\" class=\"alignnone wp-image-387 size-full\" src=\"https:\/\/www.topohvar.at\/wp-content\/uploads\/2018\/07\/00-00-00-1.jpg\" alt=\"\" width=\"114\" height=\"56\" \/><\/strong><\/p>\n<p><strong>Ime \/ Name<br \/>\n<\/strong>Spomen plo\u010da \u00bbna mjestu oru\u017eanog napada na \u017eandarme\u00ab \/ Gedenktafel\u00a0\u00bban diesem Ort erfolgte ein bewaffneter Angriff auf Gendarmen\u00ab<\/p>\n<p><strong>Code: <\/strong>BO-IS-04\u00a0 \u00a0 \u00a0 \u00a0 \u00a0 \u00a0 \u00a0 \u00a0 \u00a0 \u00a0 \u00a0 \u00a0 \u00a0 \u00a0 \u00a0 \u00a0<strong><a href=\"https:\/\/www.topohvar.at\/orte\/bo\/bo-is-09-1\/\"><img loading=\"lazy\" decoding=\"async\" class=\"alignnone wp-image-533 size-full\" src=\"https:\/\/www.topohvar.at\/wp-content\/uploads\/2018\/07\/push-l-30.jpg\" alt=\"\" width=\"61\" height=\"30\" \/><\/a> <a href=\"https:\/\/www.topohvar.at\/orte\/bo\/\"><img loading=\"lazy\" decoding=\"async\" class=\"alignnone wp-image-535 size-full\" src=\"https:\/\/www.topohvar.at\/wp-content\/uploads\/2018\/07\/push-o-30.jpg\" alt=\"\" width=\"61\" height=\"30\" \/><\/a> <a href=\"https:\/\/www.topohvar.at\/orte\/bo\/bo-is-07-2\/\"><img loading=\"lazy\" decoding=\"async\" class=\"alignnone wp-image-536 size-full\" src=\"https:\/\/www.topohvar.at\/wp-content\/uploads\/2018\/07\/push-r-30.jpg\" alt=\"\" width=\"61\" height=\"30\" \/><\/a><\/strong><\/p>\n<hr \/>\n<p><strong>Adresa \/ Adresse<br \/>\n<\/strong>Bogomolje, ku\u0107a Veselka Godinovi\u0107a \/\u00a0Bogomolje, Haus Veselka Godinovi\u0107a<\/p>\n<p><strong>Lokacija \/ Position<img loading=\"lazy\" decoding=\"async\" class=\"wp-image-387 size-full alignright\" src=\"https:\/\/www.topohvar.at\/wp-content\/uploads\/2018\/07\/00-00-00-1.jpg\" alt=\"\" width=\"114\" height=\"56\" \/><br \/>\n<\/strong>Latitude: N 00,00000\u00b0\u00a0 \u00a0Longitude: E 00,00000\u00b0 <strong><br \/>\n<\/strong>Visina \/ H\u00f6he: 0 m<\/p>\n<p><strong>Katastarska \u010destica<\/strong><strong> \/ Grundst\u00fccke<br \/>\n<\/strong>&#8211;<div class='content-column one_half'><div style=\"padding-right:6px;\"><p><strong>Datum snimanja \/ Erfassungsdatum<br \/>\n<\/strong>10.05.2018 10:20:00<\/p>\n<hr \/>\n<p><strong>Informacije<\/strong><\/p>\n<p>Spomen plo\u010da od bijelog mramora, dimenzije 61 x 58 cm, nalazi se na ku\u0107i Veselka Godinovi\u0107a, na kojem je mjestu u junu 1942. godine bio izvr\u0161en oru\u017eani napad na \u017eandarme, kojom prilikom je uni\u0161tena \u017eandarmerijska stanica.<\/p><\/div><\/div><div class='content-column one_half last_column'><div style=\"padding-right:0px;padding-left:6px;\"><p><strong>Stupanj za\u0161tite<\/strong><strong> \/ Schutzstellung<br \/>\n<\/strong>&#8211;<\/p>\n<hr \/>\n<p><strong>Info<\/strong><\/p>\n<p>Die Gedenktafel aus wei\u00dfem Marmor im Ausma\u00df von 61 x 58 cm befindet sich am Haus Veselka Godinovi\u0107, wo im Juni 1942 ein bewaffneter Angriff auf Gendarmen erfolgte, und dabei der Gendarmerieposten zerst\u00f6rt wurde.<\/p><\/div><\/div><div class='clear_column'><\/div><div class='content-column one_half'><div style=\"padding-right:6px;\"><p>Natpis:<\/p>\n<p style=\"text-align: center;\">U JUNU 1942.<br \/>\nNA OVOM MJESTU, IZVR\u0160EN JE<br \/>\nORU\u017dANI NAPAD NA \u017dANDARME<br \/>\nI POSLIJE NEKOLIKO SATI<br \/>\nBORBE UNI\u0160TENA<br \/>\n\u017dANDARMERIJSKA STANICA<br \/>\nSAVEZ BORACA N. O. RATA<br \/>\nBOGOMOLJE<br \/>\n27. JULA 1951. GOD.<\/p><\/div><\/div><div class='content-column one_half last_column'><div style=\"padding-right:0px;padding-left:6px;\"><p>Inschrift:<\/p>\n<p style=\"text-align: center;\">Im Juni 1942<br \/>\nerfolgte an diesem Ort<br \/>\nein bewaffneter Angriff auf Gendarmen<br \/>\nNach wenigen Stunden des Kampfes<br \/>\nwurde die Gendarmeriestation zerst\u00f6rt.<br \/>\nVereinigung der Soldaten<br \/>\ndes Nationalen Befreiungskampfes<br \/>\nvon Bogomolje<br \/>\n27. Juli 1951<\/p><\/div><\/div><div class='clear_column'><\/div><div class='content-column one_half'><div style=\"padding-right:6px;\"><p>Spomen plo\u010du positavio Mjesni odbor Saveza boraca, 27. jula 1951. godine povodom proslave Dana ustanka naroda Hrvatske.<\/p><\/div><\/div><div class='content-column one_half last_column'><div style=\"padding-right:0px;padding-left:6px;\"><p>Die Gedenktafel wurde von der Vereinigung der Soldaten des Nationalen Befreiungskampfes am 27. Juli 1951, anl\u00e4sslich der Feier des kroatischen Nationalfeiertages errichtet.<\/p><\/div><\/div><div class='clear_column'><\/div><\/p>\n<p style=\"text-align: right;\"><a href=\"#seite_oben\">natrag na vrh \/ Seitenanfang<\/a><\/p>\n<hr \/>\n<p><strong>Linkovi \/ Links<\/strong><\/p>\n<p>&#8211;<\/p>\n","protected":false},"excerpt":{"rendered":"<p>Ime \/ Name Spomen plo\u010da \u00bbna mjestu oru\u017eanog napada na \u017eandarme\u00ab \/ Gedenktafel\u00a0\u00bban diesem Ort erfolgte ein bewaffneter Angriff auf Gendarmen\u00ab Code: BO-IS-04\u00a0 \u00a0 \u00a0 \u00a0 \u00a0 \u00a0 \u00a0 \u00a0 \u00a0 \u00a0 \u00a0 \u00a0 \u00a0 \u00a0 \u00a0 \u00a0 Adresa \/ &hellip; <a href=\"https:\/\/www.topohvar.at\/topo\/orte\/bo\/bo-is-04-2\/\">Weiterlesen <span class=\"meta-nav\">&rarr;<\/span><\/a><\/p>\n","protected":false},"author":1,"featured_media":0,"parent":63,"menu_order":0,"comment_status":"closed","ping_status":"closed","template":"","meta":{"footnotes":""},"class_list":["post-659","page","type-page","status-publish","hentry"],"_links":{"self":[{"href":"https:\/\/www.topohvar.at\/topo\/wp-json\/wp\/v2\/pages\/659","targetHints":{"allow":["GET"]}}],"collection":[{"href":"https:\/\/www.topohvar.at\/topo\/wp-json\/wp\/v2\/pages"}],"about":[{"href":"https:\/\/www.topohvar.at\/topo\/wp-json\/wp\/v2\/types\/page"}],"author":[{"embeddable":true,"href":"https:\/\/www.topohvar.at\/topo\/wp-json\/wp\/v2\/users\/1"}],"replies":[{"embeddable":true,"href":"https:\/\/www.topohvar.at\/topo\/wp-json\/wp\/v2\/comments?post=659"}],"version-history":[{"count":10,"href":"https:\/\/www.topohvar.at\/topo\/wp-json\/wp\/v2\/pages\/659\/revisions"}],"predecessor-version":[{"id":66719,"href":"https:\/\/www.topohvar.at\/topo\/wp-json\/wp\/v2\/pages\/659\/revisions\/66719"}],"up":[{"embeddable":true,"href":"https:\/\/www.topohvar.at\/topo\/wp-json\/wp\/v2\/pages\/63"}],"wp:attachment":[{"href":"https:\/\/www.topohvar.at\/topo\/wp-json\/wp\/v2\/media?parent=659"}],"curies":[{"name":"wp","href":"https:\/\/api.w.org\/{rel}","templated":true}]}}