{"id":6695,"date":"2018-08-21T14:44:11","date_gmt":"2018-08-21T12:44:11","guid":{"rendered":"https:\/\/www.topohvar.at\/?page_id=6695"},"modified":"2021-06-30T06:39:42","modified_gmt":"2021-06-30T04:39:42","slug":"vj-ck-03-1","status":"publish","type":"page","link":"https:\/\/www.topohvar.at\/topo\/orte\/vj\/vj-ck-03-1\/","title":{"rendered":"VRBANJ &#8211; Crkvica \u00bbSv. Lucija\u00ab"},"content":{"rendered":"<p><strong><img loading=\"lazy\" decoding=\"async\" class=\"aligncenter wp-image-50396 size-full\" src=\"https:\/\/www.topohvar.at\/wp-content\/uploads\/2021\/06\/vj-ck-03-10.jpg\" alt=\"\" width=\"1080\" height=\"530\" srcset=\"https:\/\/www.topohvar.at\/wp-content\/uploads\/2021\/06\/vj-ck-03-10.jpg 1080w, https:\/\/www.topohvar.at\/wp-content\/uploads\/2021\/06\/vj-ck-03-10-300x147.jpg 300w, https:\/\/www.topohvar.at\/wp-content\/uploads\/2021\/06\/vj-ck-03-10-1024x503.jpg 1024w, https:\/\/www.topohvar.at\/wp-content\/uploads\/2021\/06\/vj-ck-03-10-768x377.jpg 768w\" sizes=\"auto, (max-width: 1080px) 100vw, 1080px\" \/><\/strong><\/p>\n<p><strong>Ime \/ Name<br \/>\n<\/strong>Crkvica \u00bbSv. Lucija\u00ab \/ kleine Kirche der hl. Luzia<\/p>\n<p><strong>Code: <\/strong>VJ-CK-03\u00a0 \u00a0 \u00a0 \u00a0 \u00a0 \u00a0 \u00a0 \u00a0 \u00a0 \u00a0 \u00a0 \u00a0 \u00a0<strong>\u00a0 \u00a0 \u00a0 \u00a0 \u00a0<a href=\"https:\/\/www.topohvar.at\/orte\/vj\/vj-ck-02-1\/\"><img loading=\"lazy\" decoding=\"async\" class=\"alignnone wp-image-533 size-full\" src=\"https:\/\/www.topohvar.at\/wp-content\/uploads\/2018\/07\/push-l-30.jpg\" alt=\"\" width=\"61\" height=\"30\" \/><\/a>\u00a0<a href=\"https:\/\/www.topohvar.at\/orte\/vj\/\"><img loading=\"lazy\" decoding=\"async\" class=\"alignnone wp-image-535 size-full\" src=\"https:\/\/www.topohvar.at\/wp-content\/uploads\/2018\/07\/push-o-30.jpg\" alt=\"\" width=\"61\" height=\"30\" \/><\/a>\u00a0<a href=\"https:\/\/www.topohvar.at\/orte\/vj\/vj-ck-04-1\/\"><img loading=\"lazy\" decoding=\"async\" class=\"alignnone wp-image-536 size-full\" src=\"https:\/\/www.topohvar.at\/wp-content\/uploads\/2018\/07\/push-r-30.jpg\" alt=\"\" width=\"61\" height=\"30\" \/><\/a><\/strong><\/p>\n<hr \/>\n<p><strong>Adresa \/ Adresse<br \/>\n<\/strong>Vrbanj, Glavica<\/p>\n<p><strong>Lokalna polo\u017eaj \/ Position<a href=\"https:\/\/goo.gl\/maps\/hxsqod74pLpHNe8R6\"><img loading=\"lazy\" decoding=\"async\" class=\"alignright wp-image-6921\" src=\"https:\/\/www.topohvar.at\/wp-content\/uploads\/2018\/08\/0868.jpg\" alt=\"\" width=\"134\" height=\"100\" \/><\/a><br \/>\n<\/strong><span style=\"color: #3366ff;\"><a style=\"color: #3366ff;\" href=\"https:\/\/goo.gl\/maps\/hxsqod74pLpHNe8R6\">Latitude: N 43,16745\u00b0\u00a0 \u00a0 Longitude: E 16,64153\u00b0<\/a>\u00a0<\/span><strong><br \/>\n<\/strong>Visina \/ H\u00f6he: 58 m<\/p>\n<p><strong>Zemlji\u0161te \/ Grundst\u00fccke<br \/>\n<\/strong>*600<div class='content-column one_half'><div style=\"padding-right:6px;\"><p><strong>Datum snimanja \/ Erfassungsdatum<br \/>\n<\/strong>29.05.2014 11:19:47<\/p>\n<hr \/>\n<p><strong>Informacije<\/strong><\/p>\n<p>Od ostataka kamenja pripremljenog za gradnju kampanela crkve Sv. Duha, je 1899 g. sagra\u0111ena crkvica Sv. Lucije u Glavici iznad predjela Vir, a u novijem vremenu temeljito obnovljena i ure\u0111ena ponajvi\u0161e zaslugom Glavi\u010dana.<\/p><\/div><\/div><div class='content-column one_half last_column'><div style=\"padding-right:0px;padding-left:6px;\"><p><strong>Za\u0161titni polo\u017eaj \/ Schutzstellung<br \/>\n<\/strong>&#8211;<\/p>\n<hr \/>\n<p><strong>Info<\/strong><\/p>\n<p>Aus den Resten der Steine die f\u00fcr die Errichtung des Glockenturms der Kirche zum hl. Geist vorbereitet waren, wurde im Jahr 1899 die Kirche der hl. Luzia in Glavica oberhalb der Gegend Vir errichtet. Sie wurde in letzter Zeit gr\u00fcndlich restauriert und dank der Menschen aus Glavi\u010da dekoriert.<\/p><\/div><\/div><div class='clear_column'><\/div><div class='content-column one_half'><div style=\"padding-right:6px;\"><p>Kapela Sv. Lucije je mala kapela koja tlocrtno ima oblik pravokutnika s pravokutnom apsidom. Glavno je pro\u010delje jednostavno s ulaznim vratima i malim okularom iznad njega te zvonikom na preslicu. Krov je tradicionalno prekriven kamenim plo\u010dama.<\/p><\/div><\/div><div class='content-column one_half last_column'><div style=\"padding-right:0px;padding-left:6px;\"><p>Die Kirche der hl. Luzia ist eine kleine Kapelle mit rechteckigem Grundriss und rechteckiger Apsis. Die Hauptfassade ist einfach, mit Eingangstor, kleiner Licht\u00f6ffnung dar\u00fcber und einem ringf\u00f6rmigen Glockenturm. Das Dach wurde traditionell mit Steinplatten gedeckt.<\/p><\/div><\/div><div class='clear_column'><\/div><div class='content-column one_half'><div style=\"padding-right:6px;\"><p>Dana 13. prosinca, u crkvi Sv. Lucije u Vrbanju, svake godine zazivaju sve\u0107enici obilje blagoslova, svjetlosti i mudrosti za vjerni\u010dki puk.<\/p><\/div><\/div><div class='content-column one_half last_column'><div style=\"padding-right:0px;padding-left:6px;\"><p>Am 13. Dezember erbitten in der Kirche der hl. Luzia in Vrbanj jedes Jahr die Priester viel Segen, Licht und Weisheit f\u00fcr das treue Kirchenvolk.<\/p><\/div><\/div><div class='clear_column'><\/div><\/p>\n<hr \/>\n<div class='content-column one_half'><div style=\"padding-right:6px;\"><p>Sv. Lucija se rodila u Sirakuzi na otoku Siciliji, a mu\u010deni\u010dki umrla 305. godine, za vladanja rimskih careva Dioklecijana i Maksimilijana.<\/p><\/div><\/div><div class='content-column one_half last_column'><div style=\"padding-right:0px;padding-left:6px;\"><p>Die hl. Luzia wurde in Syrakus auf Sizilien geboren und starb 305 w\u00e4hrend der Herrschaft der r\u00f6mischen Kaiser Diokletian und Maximilian.<\/p><\/div><\/div><div class='clear_column'><\/div><\/p>\n<hr \/>\n<p><strong>Linkovi \/ Links<\/strong><\/p>\n<p>&#8211;<\/p>\n","protected":false},"excerpt":{"rendered":"<p>Ime \/ Name Crkvica \u00bbSv. Lucija\u00ab \/ kleine Kirche der hl. Luzia Code: VJ-CK-03\u00a0 \u00a0 \u00a0 \u00a0 \u00a0 \u00a0 \u00a0 \u00a0 \u00a0 \u00a0 \u00a0 \u00a0 \u00a0\u00a0 \u00a0 \u00a0 \u00a0 \u00a0\u00a0\u00a0 Adresa \/ Adresse Vrbanj, Glavica Lokalna polo\u017eaj \/ Position Latitude: &hellip; <a href=\"https:\/\/www.topohvar.at\/topo\/orte\/vj\/vj-ck-03-1\/\">Weiterlesen <span class=\"meta-nav\">&rarr;<\/span><\/a><\/p>\n","protected":false},"author":1,"featured_media":0,"parent":111,"menu_order":0,"comment_status":"closed","ping_status":"closed","template":"","meta":{"footnotes":""},"class_list":["post-6695","page","type-page","status-publish","hentry"],"_links":{"self":[{"href":"https:\/\/www.topohvar.at\/topo\/wp-json\/wp\/v2\/pages\/6695","targetHints":{"allow":["GET"]}}],"collection":[{"href":"https:\/\/www.topohvar.at\/topo\/wp-json\/wp\/v2\/pages"}],"about":[{"href":"https:\/\/www.topohvar.at\/topo\/wp-json\/wp\/v2\/types\/page"}],"author":[{"embeddable":true,"href":"https:\/\/www.topohvar.at\/topo\/wp-json\/wp\/v2\/users\/1"}],"replies":[{"embeddable":true,"href":"https:\/\/www.topohvar.at\/topo\/wp-json\/wp\/v2\/comments?post=6695"}],"version-history":[{"count":14,"href":"https:\/\/www.topohvar.at\/topo\/wp-json\/wp\/v2\/pages\/6695\/revisions"}],"predecessor-version":[{"id":50397,"href":"https:\/\/www.topohvar.at\/topo\/wp-json\/wp\/v2\/pages\/6695\/revisions\/50397"}],"up":[{"embeddable":true,"href":"https:\/\/www.topohvar.at\/topo\/wp-json\/wp\/v2\/pages\/111"}],"wp:attachment":[{"href":"https:\/\/www.topohvar.at\/topo\/wp-json\/wp\/v2\/media?parent=6695"}],"curies":[{"name":"wp","href":"https:\/\/api.w.org\/{rel}","templated":true}]}}