{"id":6699,"date":"2018-08-21T14:48:03","date_gmt":"2018-08-21T12:48:03","guid":{"rendered":"https:\/\/www.topohvar.at\/?page_id=6699"},"modified":"2020-03-26T19:38:05","modified_gmt":"2020-03-26T18:38:05","slug":"vj-cp-01-1","status":"publish","type":"page","link":"https:\/\/www.topohvar.at\/topo\/orte\/vj\/vj-cp-01-1\/","title":{"rendered":"VRBANJ &#8211; Kapelica \u00bbSv. Liberata\u00ab"},"content":{"rendered":"<p><strong><img loading=\"lazy\" decoding=\"async\" class=\"alignnone wp-image-6573 size-large\" src=\"https:\/\/www.topohvar.at\/wp-content\/uploads\/2018\/08\/VJ-CP-01-0-1024x503.jpg\" alt=\"\" width=\"640\" height=\"314\" srcset=\"https:\/\/www.topohvar.at\/wp-content\/uploads\/2018\/08\/VJ-CP-01-0-1024x503.jpg 1024w, https:\/\/www.topohvar.at\/wp-content\/uploads\/2018\/08\/VJ-CP-01-0-300x147.jpg 300w, https:\/\/www.topohvar.at\/wp-content\/uploads\/2018\/08\/VJ-CP-01-0-768x377.jpg 768w, https:\/\/www.topohvar.at\/wp-content\/uploads\/2018\/08\/VJ-CP-01-0.jpg 1080w\" sizes=\"auto, (max-width: 640px) 100vw, 640px\" \/><\/strong><\/p>\n<p><strong>Ime \/ Name<br \/>\n<\/strong>Kapelica \u00bbSv. Liberata\u00ab \/ Wegkapelle des hl. Liberat<\/p>\n<p><strong>Code: <\/strong>VJ-CP-01\u00a0 \u00a0 \u00a0 \u00a0 \u00a0 \u00a0 \u00a0 \u00a0<strong>\u00a0 \u00a0 \u00a0 \u00a0 \u00a0 \u00a0 \u00a0 \u00a0 \u00a0 \u00a0<a href=\"https:\/\/www.topohvar.at\/orte\/vj\/vj-cp-04-1\/\"><img loading=\"lazy\" decoding=\"async\" class=\"alignnone wp-image-533 size-full\" src=\"https:\/\/www.topohvar.at\/wp-content\/uploads\/2018\/07\/push-l-30.jpg\" alt=\"\" width=\"61\" height=\"30\" \/><\/a>\u00a0<a href=\"https:\/\/www.topohvar.at\/orte\/vj\/\"><img loading=\"lazy\" decoding=\"async\" class=\"alignnone wp-image-535 size-full\" src=\"https:\/\/www.topohvar.at\/wp-content\/uploads\/2018\/07\/push-o-30.jpg\" alt=\"\" width=\"61\" height=\"30\" \/><\/a>\u00a0<a href=\"https:\/\/www.topohvar.at\/orte\/vj\/vj-cp-02-1\/\"><img loading=\"lazy\" decoding=\"async\" class=\"alignnone wp-image-536 size-full\" src=\"https:\/\/www.topohvar.at\/wp-content\/uploads\/2018\/07\/push-r-30.jpg\" alt=\"\" width=\"61\" height=\"30\" \/><\/a><\/strong><\/p>\n<hr \/>\n<p><strong>Adresa \/ Adresse<br \/>\n<\/strong>Vrbanj, na putu izme\u0111u Svira\u010da i Vrbanja \/ am Fu\u00dfweg zwischen Svir\u010de und Vrbanj<\/p>\n<p><strong>Lokalna polo\u017eaj \/ Position<a href=\"https:\/\/goo.gl\/maps\/UVGBVGu6fgiJUweC6\"><img loading=\"lazy\" decoding=\"async\" class=\"alignright wp-image-6931\" src=\"https:\/\/www.topohvar.at\/wp-content\/uploads\/2018\/08\/0870.jpg\" alt=\"\" width=\"134\" height=\"100\" \/><\/a><br \/>\n<\/strong><span style=\"color: #3366ff;\"><a style=\"color: #3366ff;\" href=\"https:\/\/goo.gl\/maps\/UVGBVGu6fgiJUweC6\">Latitude: N 43,16261\u00b0\u00a0 \u00a0 Longitude: E 16,64217\u00b0\u00a0<\/a><\/span><strong><br \/>\n<\/strong>Visina \/ H\u00f6he: 143 m<\/p>\n<p><strong>Zemlji\u0161te \/ Grundst\u00fccke<br \/>\n<\/strong>4399<div class='content-column one_half'><div style=\"padding-right:6px;\"><p><strong>Datum snimanja \/ Erfassungsdatum<br \/>\n<\/strong>11.05.2013 15:21:37<\/p>\n<hr \/>\n<p><strong>Informacije<\/strong><\/p>\n<p>Poljska kapelica nalazi se na starom putu izme\u0111u Svira\u010da i Vrbanja. Lik svetice u alki i re\u0161etka ispred su uklonjeni,\u00a0i tamo je stavljena jedna slika doti\u010dnog sveca (vjerojatno skinuta s interneta).<\/p><\/div><\/div><div class='content-column one_half last_column'><div style=\"padding-right:0px;padding-left:6px;\"><p><strong>Za\u0161titni polo\u017eaj \/ Schutzstellung<br \/>\n<\/strong>&#8211;<\/p>\n<hr \/>\n<p><strong>Info<\/strong><\/p>\n<p>Die kleine Wegkapelle befindet sich an der alten Stra\u00dfe zwischen Svir\u010de und Vrbanj. Sie wurde k\u00fcrzlich restauriert. Die Heiligenfigur in der Wandnische sowie das Gitter davor wurden entfernt und ein Bild des Heiligen (wahrscheinlich aus dem Internet heruntergeladen) wurde dort platziert.<\/div><\/div><div class='clear_column'><\/div><\/p>\n<p style=\"text-align: center;\"><em>(Izvor \/ Quelle: Mili Plenkovi\u0107, \u017eupniik)<\/em><\/p>\n<p><img loading=\"lazy\" decoding=\"async\" class=\"aligncenter size-large wp-image-34298\" src=\"https:\/\/www.topohvar.at\/wp-content\/uploads\/2020\/03\/vj-cp-01-7-1024x503.jpg\" alt=\"\" width=\"640\" height=\"314\" srcset=\"https:\/\/www.topohvar.at\/wp-content\/uploads\/2020\/03\/vj-cp-01-7-1024x503.jpg 1024w, https:\/\/www.topohvar.at\/wp-content\/uploads\/2020\/03\/vj-cp-01-7-300x147.jpg 300w, https:\/\/www.topohvar.at\/wp-content\/uploads\/2020\/03\/vj-cp-01-7-768x377.jpg 768w, https:\/\/www.topohvar.at\/wp-content\/uploads\/2020\/03\/vj-cp-01-7.jpg 1080w\" sizes=\"auto, (max-width: 640px) 100vw, 640px\" \/><\/p>\n<hr \/>\n<p><strong>Linkovi \/ Links<\/strong><\/p>\n<p><span style=\"color: #3366ff;\"><a style=\"color: #3366ff;\" href=\"https:\/\/www.topohvar.at\/topo\/orte\/je\/je-cs-11-1\/\">Vi\u0161e o sv. Liberata \/ Mehr zum hl. Liberat<\/a><\/span><\/p>\n","protected":false},"excerpt":{"rendered":"<p>Ime \/ Name Kapelica \u00bbSv. Liberata\u00ab \/ Wegkapelle des hl. Liberat Code: VJ-CP-01\u00a0 \u00a0 \u00a0 \u00a0 \u00a0 \u00a0 \u00a0 \u00a0\u00a0 \u00a0 \u00a0 \u00a0 \u00a0 \u00a0 \u00a0 \u00a0 \u00a0 \u00a0\u00a0\u00a0 Adresa \/ Adresse Vrbanj, na putu izme\u0111u Svira\u010da i Vrbanja \/ &hellip; <a href=\"https:\/\/www.topohvar.at\/topo\/orte\/vj\/vj-cp-01-1\/\">Weiterlesen <span class=\"meta-nav\">&rarr;<\/span><\/a><\/p>\n","protected":false},"author":1,"featured_media":0,"parent":111,"menu_order":0,"comment_status":"closed","ping_status":"closed","template":"","meta":{"footnotes":""},"class_list":["post-6699","page","type-page","status-publish","hentry"],"_links":{"self":[{"href":"https:\/\/www.topohvar.at\/topo\/wp-json\/wp\/v2\/pages\/6699","targetHints":{"allow":["GET"]}}],"collection":[{"href":"https:\/\/www.topohvar.at\/topo\/wp-json\/wp\/v2\/pages"}],"about":[{"href":"https:\/\/www.topohvar.at\/topo\/wp-json\/wp\/v2\/types\/page"}],"author":[{"embeddable":true,"href":"https:\/\/www.topohvar.at\/topo\/wp-json\/wp\/v2\/users\/1"}],"replies":[{"embeddable":true,"href":"https:\/\/www.topohvar.at\/topo\/wp-json\/wp\/v2\/comments?post=6699"}],"version-history":[{"count":13,"href":"https:\/\/www.topohvar.at\/topo\/wp-json\/wp\/v2\/pages\/6699\/revisions"}],"predecessor-version":[{"id":34307,"href":"https:\/\/www.topohvar.at\/topo\/wp-json\/wp\/v2\/pages\/6699\/revisions\/34307"}],"up":[{"embeddable":true,"href":"https:\/\/www.topohvar.at\/topo\/wp-json\/wp\/v2\/pages\/111"}],"wp:attachment":[{"href":"https:\/\/www.topohvar.at\/topo\/wp-json\/wp\/v2\/media?parent=6699"}],"curies":[{"name":"wp","href":"https:\/\/api.w.org\/{rel}","templated":true}]}}

<p><strong><img loading="lazy" decoding="async" class="alignnone wp-image-6573 size-large" src="https://www.topohvar.at/wp-content/uploads/2018/08/VJ-CP-01-0-1024x503.jpg" alt="" width="640" height="314" srcset="https://www.topohvar.at/wp-content/uploads/2018/08/VJ-CP-01-0-1024x503.jpg 1024w, https://www.topohvar.at/wp-content/uploads/2018/08/VJ-CP-01-0-300x147.jpg 300w, https://www.topohvar.at/wp-content/uploads/2018/08/VJ-CP-01-0-768x377.jpg 768w, https://www.topohvar.at/wp-content/uploads/2018/08/VJ-CP-01-0.jpg 1080w" sizes="auto, (max-width: 640px) 100vw, 640px" /></strong></p>
<p><strong>Ime / Name<br />
</strong>Kapelica »Sv. Liberata« / Wegkapelle des hl. Liberat</p>
<p><strong>Code: </strong>VJ-CP-01               <strong>                   <a href="https://www.topohvar.at/orte/vj/vj-cp-04-1/"><img loading="lazy" decoding="async" class="alignnone wp-image-533 size-full" src="https://www.topohvar.at/wp-content/uploads/2018/07/push-l-30.jpg" alt="" width="61" height="30" /></a> <a href="https://www.topohvar.at/orte/vj/"><img loading="lazy" decoding="async" class="alignnone wp-image-535 size-full" src="https://www.topohvar.at/wp-content/uploads/2018/07/push-o-30.jpg" alt="" width="61" height="30" /></a> <a href="https://www.topohvar.at/orte/vj/vj-cp-02-1/"><img loading="lazy" decoding="async" class="alignnone wp-image-536 size-full" src="https://www.topohvar.at/wp-content/uploads/2018/07/push-r-30.jpg" alt="" width="61" height="30" /></a></strong></p>
<hr />
<p><strong>Adresa / Adresse<br />
</strong>Vrbanj, na putu između Svirača i Vrbanja / am Fußweg zwischen Svirče und Vrbanj</p>
<p><strong>Lokalna položaj / Position<a href="https://goo.gl/maps/UVGBVGu6fgiJUweC6"><img loading="lazy" decoding="async" class="alignright wp-image-6931" src="https://www.topohvar.at/wp-content/uploads/2018/08/0870.jpg" alt="" width="134" height="100" /></a><br />
</strong><span style="color: #3366ff;"><a style="color: #3366ff;" href="https://goo.gl/maps/UVGBVGu6fgiJUweC6">Latitude: N 43,16261°    Longitude: E 16,64217° </a></span><strong><br />
</strong>Visina / Höhe: 143 m</p>
<p><strong>Zemljište / Grundstücke<br />
</strong>4399<div class='content-column one_half'><div style="padding-right:6px;"><p><strong>Datum snimanja / Erfassungsdatum<br />
</strong>11.05.2013 15:21:37</p>
<hr />
<p><strong>Informacije</strong></p>
<p>Poljska kapelica nalazi se na starom putu između Svirača i Vrbanja. Lik svetice u alki i rešetka ispred su uklonjeni, i tamo je stavljena jedna slika dotičnog sveca (vjerojatno skinuta s interneta).</p></div></div><div class='content-column one_half last_column'><div style="padding-right:0px;padding-left:6px;"><p><strong>Zaštitni položaj / Schutzstellung<br />
</strong>&#8211;</p>
<hr />
<p><strong>Info</strong></p>
<p>Die kleine Wegkapelle befindet sich an der alten Straße zwischen Svirče und Vrbanj. Sie wurde kürzlich restauriert. Die Heiligenfigur in der Wandnische sowie das Gitter davor wurden entfernt und ein Bild des Heiligen (wahrscheinlich aus dem Internet heruntergeladen) wurde dort platziert.</div></div><div class='clear_column'></div></p>
<p style="text-align: center;"><em>(Izvor / Quelle: Mili Plenković, župniik)</em></p>
<p><img loading="lazy" decoding="async" class="aligncenter size-large wp-image-34298" src="https://www.topohvar.at/wp-content/uploads/2020/03/vj-cp-01-7-1024x503.jpg" alt="" width="640" height="314" srcset="https://www.topohvar.at/wp-content/uploads/2020/03/vj-cp-01-7-1024x503.jpg 1024w, https://www.topohvar.at/wp-content/uploads/2020/03/vj-cp-01-7-300x147.jpg 300w, https://www.topohvar.at/wp-content/uploads/2020/03/vj-cp-01-7-768x377.jpg 768w, https://www.topohvar.at/wp-content/uploads/2020/03/vj-cp-01-7.jpg 1080w" sizes="auto, (max-width: 640px) 100vw, 640px" /></p>
<hr />
<p><strong>Linkovi / Links</strong></p>
<p><span style="color: #3366ff;"><a style="color: #3366ff;" href="https://www.topohvar.at/topo/orte/je/je-cs-11-1/">Više o sv. Liberata / Mehr zum hl. Liberat</a></span></p>

<p>Ime / Name Kapelica »Sv. Liberata« / Wegkapelle des hl. Liberat Code: VJ-CP-01                                     Adresa / Adresse Vrbanj, na putu između Svirača i Vrbanja / &hellip; <a href="https://www.topohvar.at/topo/orte/vj/vj-cp-01-1/">Weiterlesen <span class="meta-nav">&rarr;</span></a></p>
