{"id":6701,"date":"2018-08-21T14:49:26","date_gmt":"2018-08-21T12:49:26","guid":{"rendered":"https:\/\/www.topohvar.at\/?page_id=6701"},"modified":"2020-03-17T17:45:29","modified_gmt":"2020-03-17T16:45:29","slug":"vj-cp-02-1","status":"publish","type":"page","link":"https:\/\/www.topohvar.at\/topo\/orte\/vj\/vj-cp-02-1\/","title":{"rendered":"VRBANJ &#8211; Kapela \u00bbSv. Mihovila\u00ab"},"content":{"rendered":"<p><strong><img loading=\"lazy\" decoding=\"async\" class=\"alignnone wp-image-6574 size-large\" src=\"https:\/\/www.topohvar.at\/wp-content\/uploads\/2018\/08\/vj-cp-02-0-1024x503.jpg\" alt=\"\" width=\"640\" height=\"314\" srcset=\"https:\/\/www.topohvar.at\/wp-content\/uploads\/2018\/08\/vj-cp-02-0-1024x503.jpg 1024w, https:\/\/www.topohvar.at\/wp-content\/uploads\/2018\/08\/vj-cp-02-0-300x147.jpg 300w, https:\/\/www.topohvar.at\/wp-content\/uploads\/2018\/08\/vj-cp-02-0-768x377.jpg 768w, https:\/\/www.topohvar.at\/wp-content\/uploads\/2018\/08\/vj-cp-02-0.jpg 1080w\" sizes=\"auto, (max-width: 640px) 100vw, 640px\" \/><\/strong><\/p>\n<p><strong>Ime \/ Name<br \/>\n<\/strong>Kapela \u00bbSv. Mihovila\u00ab \/ Kapelle des hl. Michael<\/p>\n<p><strong>Code: <\/strong>VJ-CP-02 a (E-E5-1) \u00a0 \u00a0 \u00a0 \u00a0 \u00a0 \u00a0 \u00a0<strong>\u00a0 \u00a0 \u00a0 \u00a0 \u00a0 \u00a0 \u00a0 \u00a0 \u00a0 \u00a0<a href=\"https:\/\/www.topohvar.at\/orte\/vj\/vj-cp-01-1\/\"><img loading=\"lazy\" decoding=\"async\" class=\"alignnone wp-image-533 size-full\" src=\"https:\/\/www.topohvar.at\/wp-content\/uploads\/2018\/07\/push-l-30.jpg\" alt=\"\" width=\"61\" height=\"30\" \/><\/a>\u00a0<a href=\"https:\/\/www.topohvar.at\/orte\/vj\/\"><img loading=\"lazy\" decoding=\"async\" class=\"alignnone wp-image-535 size-full\" src=\"https:\/\/www.topohvar.at\/wp-content\/uploads\/2018\/07\/push-o-30.jpg\" alt=\"\" width=\"61\" height=\"30\" \/><\/a>\u00a0<a href=\"https:\/\/www.topohvar.at\/orte\/vj\/vj-cp-03-1\/\"><img loading=\"lazy\" decoding=\"async\" class=\"alignnone wp-image-536 size-full\" src=\"https:\/\/www.topohvar.at\/wp-content\/uploads\/2018\/07\/push-r-30.jpg\" alt=\"\" width=\"61\" height=\"30\" \/><\/a><\/strong><\/p>\n<hr \/>\n<p><strong>Adresa \/ Adresse<br \/>\n<\/strong>Vrbanj,\u00a0Pod Hum, na putu prema Starom Gradu \/ an der Stra\u00dfe nach Stari Grad<\/p>\n<p><strong>Lokalna polo\u017eaj \/ Position<a href=\"https:\/\/goo.gl\/maps\/X2DFUGNWgGMPymGW7\"><img loading=\"lazy\" decoding=\"async\" class=\"alignright wp-image-6934\" src=\"https:\/\/www.topohvar.at\/wp-content\/uploads\/2018\/08\/0871.jpg\" alt=\"\" width=\"134\" height=\"100\" \/><\/a><br \/>\n<\/strong><span style=\"color: #3366ff;\"><a style=\"color: #3366ff;\" href=\"https:\/\/goo.gl\/maps\/X2DFUGNWgGMPymGW7\">Latitude: N 43,17138\u00b0\u00a0 \u00a0 Longitude: E 16,63818\u00b0\u00a0<\/a><\/span><strong><br \/>\n<\/strong>Visina \/ H\u00f6he: 68 m<\/p>\n<p><strong>Zemlji\u0161te \/ Grundst\u00fccke<br \/>\n<\/strong>*580<div class='content-column one_half'><div style=\"padding-right:6px;\"><p><strong>Datum snimanja \/ Erfassungsdatum<br \/>\n<\/strong>17.05.2012 15:19:20<\/p>\n<hr \/>\n<p><strong>Informacije<\/strong><\/p>\n<p>A na starom putu za Stari Grad je 1886 g. Vicko Tresi\u0107 Pavi\u010di\u0107 \/Pelin\/ podigao kapela.<\/p><\/div><\/div><div class='content-column one_half last_column'><div style=\"padding-right:0px;padding-left:6px;\"><p><strong>Za\u0161titni polo\u017eaj \/ Schutzstellung<br \/>\n<\/strong>&#8211;<\/p>\n<hr \/>\n<p><strong>Info<\/strong><\/p>\n<p>An der alten Stra\u00dfe nach Stari Grad errichtete im Jahr 1886 Vicko Tresi\u0107 Pavi\u010di\u0107 \/ Pelin \/ diese Kapelle.<\/p><\/div><\/div><div class='clear_column'><\/div><div class='content-column one_half'><div style=\"padding-right:6px;\"><p>Kapela je vrlo mala gra\u0111evina pravokutnog tlocrta bez apside. Pro\u010delje je jednostavno s malim ulaznim vratima nad kojima je neobi\u010dan kameni reljef s prikazom mrtva\u010dke glave, a na vrhu pro\u010delja je kri\u017e (kapela nema zvonik). Krov je od kamenih plo\u010da.<\/p><\/div><\/div><div class='content-column one_half last_column'><div style=\"padding-right:0px;padding-left:6px;\"><p>Die Kapelle ist sehr klein, rechteckig und ohne Apsis. Die Fassade ist einfach mit einer kleinen Eingangst\u00fcre, \u00fcber der sich ein ungew\u00f6hnliches Relief mit einer Totenkopfdarstellung befindet. An der Spitze der Fassade befindet sich ein Kreuz (die Kapelle hat keinen Glockenturm). Das Dach ist mit Steinplatten gedeckt.<\/p><\/div><\/div><div class='clear_column'><\/div><div class='content-column one_half'><div style=\"padding-right:6px;\"><p>Djelomi\u010dno ne\u010ditljiv natpis s godinom 1886. i reljef\u00a0s mrtva\u010dkim glavom nalaze se na pro\u010delju kapele.<\/p><\/div><\/div><div class='content-column one_half last_column'><div style=\"padding-right:0px;padding-left:6px;\"><p>Eine zum Teil unleserliche Inschrift mit der Jahreszahl 1886 und ein Relief mit Totenkopf befindet sich an der Fassade der Kapelle.<\/p><\/div><\/div><div class='clear_column'><\/div><div class='content-column one_half'><div style=\"padding-right:6px;\"><p>Unutar kapele nalazi se spomen-plo\u010da Visku Pavi\u010di\u0107u.<\/p><\/div><\/div><div class='content-column one_half last_column'><div style=\"padding-right:0px;padding-left:6px;\"><p>Eine Gedenktafel des Visko Pavi\u010di\u0107 befindet sich im Inneren der Kapelle.<\/p><\/div><\/div><div class='clear_column'><\/div><\/p>\n<hr \/>\n<p><strong>Linkovi \/ Links<\/strong><\/p>\n<p><span style=\"color: #3366ff;\"><a style=\"color: #3366ff;\" href=\"https:\/\/www.topohvar.at\/orte\/vj\/vj-ir-01-1\/\">Reljef s prikazom mrtva\u010dke glave \/ Relief mit Totenkopfdarstellung<\/a><\/span><br \/>\n<span style=\"color: #3366ff;\"><a style=\"color: #3366ff;\" href=\"https:\/\/www.topohvar.at\/orte\/vj\/vj-in-02-1\/\">Natpis na\u00a0pro\u010delju \/ Inschrift auf der Fassade<\/a><\/span><br \/>\n<span style=\"color: #3366ff;\"><a style=\"color: #3366ff;\" href=\"https:\/\/www.topohvar.at\/orte\/vj\/vj-is-09-1\/\">Spomen\u00a0plo\u010da Visko Pavi\u010di\u0107a \/ Gedenktafel des\u00a0<\/a><a style=\"color: #3366ff;\" href=\"https:\/\/www.topohvar.at\/orte\/vj\/vj-is-09-1\/\">Visko Pavi\u010di\u0107<\/a><\/span><\/p>\n","protected":false},"excerpt":{"rendered":"<p>Ime \/ Name Kapela \u00bbSv. Mihovila\u00ab \/ Kapelle des hl. Michael Code: VJ-CP-02 a (E-E5-1) \u00a0 \u00a0 \u00a0 \u00a0 \u00a0 \u00a0 \u00a0\u00a0 \u00a0 \u00a0 \u00a0 \u00a0 \u00a0 \u00a0 \u00a0 \u00a0 \u00a0\u00a0\u00a0 Adresa \/ Adresse Vrbanj,\u00a0Pod Hum, na putu prema Starom &hellip; <a href=\"https:\/\/www.topohvar.at\/topo\/orte\/vj\/vj-cp-02-1\/\">Weiterlesen <span class=\"meta-nav\">&rarr;<\/span><\/a><\/p>\n","protected":false},"author":1,"featured_media":0,"parent":111,"menu_order":0,"comment_status":"closed","ping_status":"closed","template":"","meta":{"footnotes":""},"class_list":["post-6701","page","type-page","status-publish","hentry"],"_links":{"self":[{"href":"https:\/\/www.topohvar.at\/topo\/wp-json\/wp\/v2\/pages\/6701","targetHints":{"allow":["GET"]}}],"collection":[{"href":"https:\/\/www.topohvar.at\/topo\/wp-json\/wp\/v2\/pages"}],"about":[{"href":"https:\/\/www.topohvar.at\/topo\/wp-json\/wp\/v2\/types\/page"}],"author":[{"embeddable":true,"href":"https:\/\/www.topohvar.at\/topo\/wp-json\/wp\/v2\/users\/1"}],"replies":[{"embeddable":true,"href":"https:\/\/www.topohvar.at\/topo\/wp-json\/wp\/v2\/comments?post=6701"}],"version-history":[{"count":11,"href":"https:\/\/www.topohvar.at\/topo\/wp-json\/wp\/v2\/pages\/6701\/revisions"}],"predecessor-version":[{"id":33602,"href":"https:\/\/www.topohvar.at\/topo\/wp-json\/wp\/v2\/pages\/6701\/revisions\/33602"}],"up":[{"embeddable":true,"href":"https:\/\/www.topohvar.at\/topo\/wp-json\/wp\/v2\/pages\/111"}],"wp:attachment":[{"href":"https:\/\/www.topohvar.at\/topo\/wp-json\/wp\/v2\/media?parent=6701"}],"curies":[{"name":"wp","href":"https:\/\/api.w.org\/{rel}","templated":true}]}}