{"id":671,"date":"2018-07-26T09:22:02","date_gmt":"2018-07-26T07:22:02","guid":{"rendered":"https:\/\/www.topohvar.at\/?page_id=671"},"modified":"2022-10-15T18:38:01","modified_gmt":"2022-10-15T16:38:01","slug":"bo-mo-01-2","status":"publish","type":"page","link":"https:\/\/www.topohvar.at\/topo\/orte\/bo\/bo-mo-01-2\/","title":{"rendered":"BOGOMOLJE &#8211; Spomenik palim borcima NOR-a"},"content":{"rendered":"<p><a name=\"seite_oben\"><\/a><br \/>\n<strong><img loading=\"lazy\" decoding=\"async\" class=\"alignnone wp-image-675 size-large\" src=\"https:\/\/www.topohvar.at\/wp-content\/uploads\/2018\/07\/BO-MO-01-1-1024x766.jpg\" alt=\"\" width=\"640\" height=\"479\" srcset=\"https:\/\/www.topohvar.at\/wp-content\/uploads\/2018\/07\/BO-MO-01-1-1024x766.jpg 1024w, https:\/\/www.topohvar.at\/wp-content\/uploads\/2018\/07\/BO-MO-01-1-300x225.jpg 300w, https:\/\/www.topohvar.at\/wp-content\/uploads\/2018\/07\/BO-MO-01-1-768x575.jpg 768w, https:\/\/www.topohvar.at\/wp-content\/uploads\/2018\/07\/BO-MO-01-1.jpg 1443w\" sizes=\"auto, (max-width: 640px) 100vw, 640px\" \/><\/strong><\/p>\n<p><strong>Ime \/ Name<br \/>\n<\/strong>Spomenik palim borcima NOR-a \/ Denkmal f\u00fcr die Gefallenen des nationalen Befreiungskamfes<\/p>\n<p><strong>Code: <\/strong>BO-MO-01\u00a0 \u00a0 \u00a0 \u00a0 \u00a0 \u00a0 \u00a0 \u00a0 \u00a0 \u00a0 \u00a0 \u00a0 \u00a0 \u00a0 \u00a0 \u00a0 \u00a0 \u00a0\u00a0<strong> <a href=\"https:\/\/www.topohvar.at\/orte\/bo\/\"><img loading=\"lazy\" decoding=\"async\" class=\"alignnone wp-image-535 size-full\" src=\"https:\/\/www.topohvar.at\/wp-content\/uploads\/2018\/07\/push-o-30.jpg\" alt=\"\" width=\"61\" height=\"30\" \/><\/a> <a href=\"https:\/\/www.topohvar.at\/orte\/bo\/bo-mo-02-2\/\"><img loading=\"lazy\" decoding=\"async\" class=\"alignnone wp-image-536 size-full\" src=\"https:\/\/www.topohvar.at\/wp-content\/uploads\/2018\/07\/push-r-30.jpg\" alt=\"\" width=\"61\" height=\"30\" \/><\/a><\/strong><\/p>\n<hr \/>\n<p><strong>Adresa \/ Adresse<br \/>\n<\/strong>Bogomolje, Selo<\/p>\n<p><strong>Lokacija<\/strong><strong> \/ Position<a href=\"https:\/\/goo.gl\/maps\/qeTmRRAhS7FGXTgj9\"><img loading=\"lazy\" decoding=\"async\" class=\"alignright wp-image-473\" src=\"https:\/\/www.topohvar.at\/wp-content\/uploads\/2018\/07\/0020.jpg\" alt=\"\" width=\"134\" height=\"100\" \/><\/a><br \/>\n<\/strong><a href=\"https:\/\/goo.gl\/maps\/qeTmRRAhS7FGXTgj9\">Latitude: N 43,13092\u00b0\u00a0 \u00a0Longitude: E 16,99751\u00b0<\/a> <strong><br \/>\n<\/strong>Visina \/ H\u00f6he: 231 m<\/p>\n<p><strong>Katastarska \u010destica<\/strong><strong> \/ Grundst\u00fccke<br \/>\n<\/strong>4223\/1<div class='content-column one_half'><div style=\"padding-right:6px;\"><p><strong>Datum snimanja \/ Erfassungsdatum<br \/>\n<\/strong>29.05.2014 10:42:49<\/p>\n<hr \/>\n<p><strong>Informacije<\/strong><\/p>\n<p>Spomenik od bijelog kamena nalazi se na trgu u centru mjesta. Izra\u0111en je na visokom kamenom postamentu u obliku dva visoka kamena bloka, koji me\u0111usobno tvore otvoreni ugao izme\u0111u kojeg je kamena nadgrobna plo\u010da. Ni\u017ei kameni blok polo\u017een je horizontalno. Na njemu je plitki reljef boraca u brodu. Vi\u0161i kameni blok u obliku \u010detvrtastog obeliska dominira kompozicijom. Na njemu je plitiki reljef sa prikazima iz NOB-e, natpis i popis imena poginulih.<\/p><\/div><\/div><div class='content-column one_half last_column'><div style=\"padding-right:0px;padding-left:6px;\"><p><strong>Stupanj za\u0161tite<\/strong><strong> \/ Schutzstellung<br \/>\n<\/strong>&#8211;<\/p>\n<hr \/>\n<p><strong>Info<\/strong><\/p>\n<p>Das Denkmal aus wei\u00dfem Stein steht am Platz in der Ortsmitte. Es besteht aus zwei gro\u00dfen Steinbl\u00f6cken auf einem hohen Steinsockel, die zusammen einen rechten Winkel bilden, zwischen denen die Gedenktafel ist. Am unteren horizontalen Steinblock befindet sich ein Flachrelief mit Soldaten im Boot. Der hohe Steinblock in Form eines quadratischen Obelisk dominiert die Komposition. Auf ihm sind eine Reliefdarstellung der NOB-e, sowie die Namen der Get\u00f6teten aufgelistet.<\/p><\/div><\/div><div class='clear_column'><\/div><div class='content-column one_half'><div style=\"padding-right:6px;\"><p>Spomenik je izradio kipar Joko Kne\u017eevi\u0107. Postavljen je 1969. godine.<\/p><\/div><\/div><div class='content-column one_half last_column'><div style=\"padding-right:0px;padding-left:6px;\"><p>Das Denkmal wurde vom Bildhauer Joko Kne\u017eevi\u0107 geschaffen und im Jahr 1969 errichtet.<\/p><\/div><\/div><div class='clear_column'><\/div><div class='content-column one_half'><div style=\"padding-right:6px;\"><p>Natpis:<\/p>\n<p>VA\u0160E SRCE KUCA U SRCU ZEMLJE OVE ZA KOJU STE DALI \/ \u017dIVOTE I SNOVE<\/p><\/div><\/div><div class='content-column one_half last_column'><div style=\"padding-right:0px;padding-left:6px;\"><p>Inschrift:<\/p>\n<p>Euer Herz schl\u00e4gt im Herzen des Landes, f\u00fcr das Ihr Euer Leben und Eure Tr\u00e4ume gabt.<\/div><\/div><div class='clear_column'><\/div><\/p>\n<p style=\"text-align: center;\"><strong>\u017dRTVAMA FA\u0160ISTI\u010cKOG TERORA 1941-1945 \/ <\/strong>Opfer des faschistischen Terors 1941-1945<\/p>\n<p style=\"text-align: center;\">BRUK\u0160I\u0106 PETAR<br \/>\nBRUK\u0160I\u0106 STJEPAN<br \/>\nGODINOVI\u0106 FRANJO<br \/>\nIVANKOVI\u0106 PETAR<br \/>\nJERKOVI\u0106 ANTUN<br \/>\nPERI\u0106 IVAN<br \/>\nRADOVAN\u010cI\u0106 STJEPAN<br \/>\nRADOVAN\u010cI\u0106 TOMA<br \/>\nRUDAN ANTE<br \/>\nRUDAN IVAN<br \/>\nRUDAN PETAR<\/p>\n<p style=\"text-align: center;\"><strong>PALIM BORCIMA 1941-1945 \/ <\/strong>Gefallene 1941-1945<br \/>\nBIL\u010cI\u0106 MARKO<br \/>\nBIL\u010cI\u0106 SLAVOMIR<br \/>\nBIL\u010cI\u0106 prof. TONKO<br \/>\nBRUK\u0160I\u0106 KARMELA<br \/>\nBRUK\u0160I\u0106 MIRKO<br \/>\nIVANKOVI\u0106 TOMA<br \/>\nIVANKOVI\u0106 ZVONIMIR<br \/>\nMATIJA\u0160EVI\u0106 MILAN<br \/>\nMATIJA\u0160EVI\u0106 MILIBOR<br \/>\nMATIJEVI\u0106 DRAGUTIN<br \/>\nRADOVAN\u010cI\u0106 KATA<br \/>\nRADOVAN\u010cI\u0106 TINKA<br \/>\nRADOVAN\u010cI\u0106 TUGOMIR<br \/>\nRUDAN Dr. KRISTO<br \/>\nRUDAN ANTE MATIJ<br \/>\nSRHOJ \u0189ENKA<br \/>\nSRHOJ LJUBO<br \/>\n\u0160TAMBUK IGNACIJO<br \/>\n\u0160TAMBUK PETAR<\/p>\n<p style=\"text-align: right;\"><a href=\"#seite_oben\">natrag na vrh \/ Seitenanfang<\/a><\/p>\n<hr \/>\n<p><strong>Linkovi \/ Links<\/strong><\/p>\n<p>&#8211;<\/p>\n","protected":false},"excerpt":{"rendered":"<p>Ime \/ Name Spomenik palim borcima NOR-a \/ Denkmal f\u00fcr die Gefallenen des nationalen Befreiungskamfes Code: BO-MO-01\u00a0 \u00a0 \u00a0 \u00a0 \u00a0 \u00a0 \u00a0 \u00a0 \u00a0 \u00a0 \u00a0 \u00a0 \u00a0 \u00a0 \u00a0 \u00a0 \u00a0 \u00a0\u00a0 Adresa \/ Adresse Bogomolje, Selo Lokacija &hellip; <a href=\"https:\/\/www.topohvar.at\/topo\/orte\/bo\/bo-mo-01-2\/\">Weiterlesen <span class=\"meta-nav\">&rarr;<\/span><\/a><\/p>\n","protected":false},"author":1,"featured_media":0,"parent":63,"menu_order":0,"comment_status":"closed","ping_status":"closed","template":"","meta":{"footnotes":""},"class_list":["post-671","page","type-page","status-publish","hentry"],"_links":{"self":[{"href":"https:\/\/www.topohvar.at\/topo\/wp-json\/wp\/v2\/pages\/671","targetHints":{"allow":["GET"]}}],"collection":[{"href":"https:\/\/www.topohvar.at\/topo\/wp-json\/wp\/v2\/pages"}],"about":[{"href":"https:\/\/www.topohvar.at\/topo\/wp-json\/wp\/v2\/types\/page"}],"author":[{"embeddable":true,"href":"https:\/\/www.topohvar.at\/topo\/wp-json\/wp\/v2\/users\/1"}],"replies":[{"embeddable":true,"href":"https:\/\/www.topohvar.at\/topo\/wp-json\/wp\/v2\/comments?post=671"}],"version-history":[{"count":16,"href":"https:\/\/www.topohvar.at\/topo\/wp-json\/wp\/v2\/pages\/671\/revisions"}],"predecessor-version":[{"id":61481,"href":"https:\/\/www.topohvar.at\/topo\/wp-json\/wp\/v2\/pages\/671\/revisions\/61481"}],"up":[{"embeddable":true,"href":"https:\/\/www.topohvar.at\/topo\/wp-json\/wp\/v2\/pages\/63"}],"wp:attachment":[{"href":"https:\/\/www.topohvar.at\/topo\/wp-json\/wp\/v2\/media?parent=671"}],"curies":[{"name":"wp","href":"https:\/\/api.w.org\/{rel}","templated":true}]}}

<p><a name="seite_oben"></a><br />
<strong><img loading="lazy" decoding="async" class="alignnone wp-image-675 size-large" src="https://www.topohvar.at/wp-content/uploads/2018/07/BO-MO-01-1-1024x766.jpg" alt="" width="640" height="479" srcset="https://www.topohvar.at/wp-content/uploads/2018/07/BO-MO-01-1-1024x766.jpg 1024w, https://www.topohvar.at/wp-content/uploads/2018/07/BO-MO-01-1-300x225.jpg 300w, https://www.topohvar.at/wp-content/uploads/2018/07/BO-MO-01-1-768x575.jpg 768w, https://www.topohvar.at/wp-content/uploads/2018/07/BO-MO-01-1.jpg 1443w" sizes="auto, (max-width: 640px) 100vw, 640px" /></strong></p>
<p><strong>Ime / Name<br />
</strong>Spomenik palim borcima NOR-a / Denkmal für die Gefallenen des nationalen Befreiungskamfes</p>
<p><strong>Code: </strong>BO-MO-01                                    <strong> <a href="https://www.topohvar.at/orte/bo/"><img loading="lazy" decoding="async" class="alignnone wp-image-535 size-full" src="https://www.topohvar.at/wp-content/uploads/2018/07/push-o-30.jpg" alt="" width="61" height="30" /></a> <a href="https://www.topohvar.at/orte/bo/bo-mo-02-2/"><img loading="lazy" decoding="async" class="alignnone wp-image-536 size-full" src="https://www.topohvar.at/wp-content/uploads/2018/07/push-r-30.jpg" alt="" width="61" height="30" /></a></strong></p>
<hr />
<p><strong>Adresa / Adresse<br />
</strong>Bogomolje, Selo</p>
<p><strong>Lokacija</strong><strong> / Position<a href="https://goo.gl/maps/qeTmRRAhS7FGXTgj9"><img loading="lazy" decoding="async" class="alignright wp-image-473" src="https://www.topohvar.at/wp-content/uploads/2018/07/0020.jpg" alt="" width="134" height="100" /></a><br />
</strong><a href="https://goo.gl/maps/qeTmRRAhS7FGXTgj9">Latitude: N 43,13092°   Longitude: E 16,99751°</a> <strong><br />
</strong>Visina / Höhe: 231 m</p>
<p><strong>Katastarska čestica</strong><strong> / Grundstücke<br />
</strong>4223/1<div class='content-column one_half'><div style="padding-right:6px;"><p><strong>Datum snimanja / Erfassungsdatum<br />
</strong>29.05.2014 10:42:49</p>
<hr />
<p><strong>Informacije</strong></p>
<p>Spomenik od bijelog kamena nalazi se na trgu u centru mjesta. Izrađen je na visokom kamenom postamentu u obliku dva visoka kamena bloka, koji međusobno tvore otvoreni ugao između kojeg je kamena nadgrobna ploča. Niži kameni blok položen je horizontalno. Na njemu je plitki reljef boraca u brodu. Viši kameni blok u obliku četvrtastog obeliska dominira kompozicijom. Na njemu je plitiki reljef sa prikazima iz NOB-e, natpis i popis imena poginulih.</p></div></div><div class='content-column one_half last_column'><div style="padding-right:0px;padding-left:6px;"><p><strong>Stupanj zaštite</strong><strong> / Schutzstellung<br />
</strong>&#8211;</p>
<hr />
<p><strong>Info</strong></p>
<p>Das Denkmal aus weißem Stein steht am Platz in der Ortsmitte. Es besteht aus zwei großen Steinblöcken auf einem hohen Steinsockel, die zusammen einen rechten Winkel bilden, zwischen denen die Gedenktafel ist. Am unteren horizontalen Steinblock befindet sich ein Flachrelief mit Soldaten im Boot. Der hohe Steinblock in Form eines quadratischen Obelisk dominiert die Komposition. Auf ihm sind eine Reliefdarstellung der NOB-e, sowie die Namen der Getöteten aufgelistet.</p></div></div><div class='clear_column'></div><div class='content-column one_half'><div style="padding-right:6px;"><p>Spomenik je izradio kipar Joko Knežević. Postavljen je 1969. godine.</p></div></div><div class='content-column one_half last_column'><div style="padding-right:0px;padding-left:6px;"><p>Das Denkmal wurde vom Bildhauer Joko Knežević geschaffen und im Jahr 1969 errichtet.</p></div></div><div class='clear_column'></div><div class='content-column one_half'><div style="padding-right:6px;"><p>Natpis:</p>
<p>VAŠE SRCE KUCA U SRCU ZEMLJE OVE ZA KOJU STE DALI / ŽIVOTE I SNOVE</p></div></div><div class='content-column one_half last_column'><div style="padding-right:0px;padding-left:6px;"><p>Inschrift:</p>
<p>Euer Herz schlägt im Herzen des Landes, für das Ihr Euer Leben und Eure Träume gabt.</div></div><div class='clear_column'></div></p>
<p style="text-align: center;"><strong>ŽRTVAMA FAŠISTIČKOG TERORA 1941-1945 / </strong>Opfer des faschistischen Terors 1941-1945</p>
<p style="text-align: center;">BRUKŠIĆ PETAR<br />
BRUKŠIĆ STJEPAN<br />
GODINOVIĆ FRANJO<br />
IVANKOVIĆ PETAR<br />
JERKOVIĆ ANTUN<br />
PERIĆ IVAN<br />
RADOVANČIĆ STJEPAN<br />
RADOVANČIĆ TOMA<br />
RUDAN ANTE<br />
RUDAN IVAN<br />
RUDAN PETAR</p>
<p style="text-align: center;"><strong>PALIM BORCIMA 1941-1945 / </strong>Gefallene 1941-1945<br />
BILČIĆ MARKO<br />
BILČIĆ SLAVOMIR<br />
BILČIĆ prof. TONKO<br />
BRUKŠIĆ KARMELA<br />
BRUKŠIĆ MIRKO<br />
IVANKOVIĆ TOMA<br />
IVANKOVIĆ ZVONIMIR<br />
MATIJAŠEVIĆ MILAN<br />
MATIJAŠEVIĆ MILIBOR<br />
MATIJEVIĆ DRAGUTIN<br />
RADOVANČIĆ KATA<br />
RADOVANČIĆ TINKA<br />
RADOVANČIĆ TUGOMIR<br />
RUDAN Dr. KRISTO<br />
RUDAN ANTE MATIJ<br />
SRHOJ ƉENKA<br />
SRHOJ LJUBO<br />
ŠTAMBUK IGNACIJO<br />
ŠTAMBUK PETAR</p>
<p style="text-align: right;"><a href="#seite_oben">natrag na vrh / Seitenanfang</a></p>
<hr />
<p><strong>Linkovi / Links</strong></p>
<p>&#8211;</p>

<p>Ime / Name Spomenik palim borcima NOR-a / Denkmal für die Gefallenen des nationalen Befreiungskamfes Code: BO-MO-01                                     Adresa / Adresse Bogomolje, Selo Lokacija &hellip; <a href="https://www.topohvar.at/topo/orte/bo/bo-mo-01-2/">Weiterlesen <span class="meta-nav">&rarr;</span></a></p>
