{"id":6722,"date":"2018-08-21T15:06:58","date_gmt":"2018-08-21T13:06:58","guid":{"rendered":"https:\/\/www.topohvar.at\/?page_id=6722"},"modified":"2020-03-04T09:56:27","modified_gmt":"2020-03-04T08:56:27","slug":"vj-cz-01-1","status":"publish","type":"page","link":"https:\/\/www.topohvar.at\/topo\/orte\/vj\/vj-cz-01-1\/","title":{"rendered":"VRBANJ &#8211; Kri\u017e \u00bbVodanovi\u0107\u00ab"},"content":{"rendered":"<p><strong><img loading=\"lazy\" decoding=\"async\" class=\"alignnone wp-image-6585 size-large\" src=\"https:\/\/www.topohvar.at\/wp-content\/uploads\/2018\/08\/VJ-CZ-01-0-1024x503.jpg\" alt=\"\" width=\"640\" height=\"314\" srcset=\"https:\/\/www.topohvar.at\/wp-content\/uploads\/2018\/08\/VJ-CZ-01-0-1024x503.jpg 1024w, https:\/\/www.topohvar.at\/wp-content\/uploads\/2018\/08\/VJ-CZ-01-0-300x147.jpg 300w, https:\/\/www.topohvar.at\/wp-content\/uploads\/2018\/08\/VJ-CZ-01-0-768x377.jpg 768w, https:\/\/www.topohvar.at\/wp-content\/uploads\/2018\/08\/VJ-CZ-01-0.jpg 1080w\" sizes=\"auto, (max-width: 640px) 100vw, 640px\" \/><\/strong><\/p>\n<p><strong>Ime \/ Name<br \/>\n<\/strong>Kri\u017e \/ Kreuz \u00bbVodanovi\u0107\u00ab<\/p>\n<p><strong>Code: <\/strong>VJ-CZ-01\u00a0 \u00a0 \u00a0 \u00a0 \u00a0 \u00a0 \u00a0 \u00a0<strong>\u00a0 \u00a0 \u00a0 \u00a0 \u00a0 \u00a0 \u00a0 \u00a0 \u00a0 \u00a0<a href=\"https:\/\/www.topohvar.at\/orte\/vj\/vj-cz-03-1\/\"><img loading=\"lazy\" decoding=\"async\" class=\"alignnone wp-image-533 size-full\" src=\"https:\/\/www.topohvar.at\/wp-content\/uploads\/2018\/07\/push-l-30.jpg\" alt=\"\" width=\"61\" height=\"30\" \/><\/a>\u00a0<a href=\"https:\/\/www.topohvar.at\/orte\/vj\/\"><img loading=\"lazy\" decoding=\"async\" class=\"alignnone wp-image-535 size-full\" src=\"https:\/\/www.topohvar.at\/wp-content\/uploads\/2018\/07\/push-o-30.jpg\" alt=\"\" width=\"61\" height=\"30\" \/><\/a>\u00a0<a href=\"https:\/\/www.topohvar.at\/orte\/vj\/vj-cz-02-1\/\"><img loading=\"lazy\" decoding=\"async\" class=\"alignnone wp-image-536 size-full\" src=\"https:\/\/www.topohvar.at\/wp-content\/uploads\/2018\/07\/push-r-30.jpg\" alt=\"\" width=\"61\" height=\"30\" \/><\/a><\/strong><\/p>\n<hr \/>\n<p><strong>Adresa \/ Adresse<br \/>\n<\/strong>Vrbanj,\u00a0Pod Hum, na cesti prema Starom Gradu \/ an der Stra\u00dfe nach Stari Grad<\/p>\n<p><strong>Lokalna polo\u017eaj \/ Position<a href=\"https:\/\/goo.gl\/maps\/VGpchiuL5UiVfngV8\"><img loading=\"lazy\" decoding=\"async\" class=\"alignright wp-image-6975\" src=\"https:\/\/www.topohvar.at\/wp-content\/uploads\/2018\/08\/0879.jpg\" alt=\"\" width=\"134\" height=\"100\" \/><\/a><br \/>\n<\/strong><span style=\"color: #3366ff;\"><a style=\"color: #3366ff;\" href=\"https:\/\/goo.gl\/maps\/VGpchiuL5UiVfngV8\">Latitude: N 43,17078\u00b0\u00a0 \u00a0 Longitude: E 16,64016\u00b0\u00a0<\/a><\/span><strong><br \/>\n<\/strong>Visina \/ H\u00f6he: 77 m<\/p>\n<p><strong>Zemlji\u0161te \/ Grundst\u00fccke<br \/>\n<\/strong>2214\/8<div class='content-column one_half'><div style=\"padding-right:6px;\"><p><strong>Datum snimanja \/ Erfassungsdatum<br \/>\n<\/strong>14.05.2013 12:30:58<\/p>\n<hr \/>\n<p><strong>Informacije<\/strong><\/p>\n<p>Kapelica stoji na rubu maslinovog vrta, na putu prema Starom Gradu. Pod kri\u017eem je plo\u010da sa sljede\u0107im natpisom:<\/p><\/div><\/div><div class='content-column one_half last_column'><div style=\"padding-right:0px;padding-left:6px;\"><p><strong>Za\u0161titni polo\u017eaj \/ Schutzstellung<br \/>\n<\/strong>&#8211;<\/p>\n<hr \/>\n<p><strong>Info<\/strong><\/p>\n<p>Der Bildstock steht am Rand eines Olivengartens, an der Stra\u00dfe nach Stari Grad. Unter einem Kreuz befindet sich eine Tafel mit folgender Inschrift:<\/p><\/div><\/div><div class='clear_column'><\/div><div class='content-column one_half'><div style=\"padding-right:6px;\"><p style=\"text-align: center;\">OVDJE SU PALENEVIME ZRTVE<br \/>\nOD FA\u0160ISTA 3. I. 1943<br \/>\nOTAC I SIN<br \/>\nANTE VODANOVI\u0106 RO\u0110. 1879<br \/>\nMARKO RO\u0110: 1908<br \/>\nPODI\u017d SUPRUGA KATA<br \/>\nSVOJOM OBITELJOM<\/p><\/div><\/div><div class='content-column one_half last_column'><div style=\"padding-right:0px;padding-left:6px;\"><p style=\"text-align: center;\">Hier sind Faschisten zum Opfer<br \/>\ngefallen am 3. J\u00e4nner 1943<br \/>\nVater und Sohn<br \/>\nAnte Vodanovi\u0107, geboren 1879<br \/>\nund Marko, geboren 1908,<br \/>\nIn Gedenken Ehefrau Kata<br \/>\nund ihre Familie<\/p><\/div><\/div><div class='clear_column'><\/div><\/p>\n<hr \/>\n<p><strong>Linkovi \/ Links<\/strong><\/p>\n<p>&#8211;<\/p>\n","protected":false},"excerpt":{"rendered":"<p>Ime \/ Name Kri\u017e \/ Kreuz \u00bbVodanovi\u0107\u00ab Code: VJ-CZ-01\u00a0 \u00a0 \u00a0 \u00a0 \u00a0 \u00a0 \u00a0 \u00a0\u00a0 \u00a0 \u00a0 \u00a0 \u00a0 \u00a0 \u00a0 \u00a0 \u00a0 \u00a0\u00a0\u00a0 Adresa \/ Adresse Vrbanj,\u00a0Pod Hum, na cesti prema Starom Gradu \/ an der Stra\u00dfe nach &hellip; <a href=\"https:\/\/www.topohvar.at\/topo\/orte\/vj\/vj-cz-01-1\/\">Weiterlesen <span class=\"meta-nav\">&rarr;<\/span><\/a><\/p>\n","protected":false},"author":1,"featured_media":0,"parent":111,"menu_order":0,"comment_status":"closed","ping_status":"closed","template":"","meta":{"footnotes":""},"class_list":["post-6722","page","type-page","status-publish","hentry"],"_links":{"self":[{"href":"https:\/\/www.topohvar.at\/topo\/wp-json\/wp\/v2\/pages\/6722","targetHints":{"allow":["GET"]}}],"collection":[{"href":"https:\/\/www.topohvar.at\/topo\/wp-json\/wp\/v2\/pages"}],"about":[{"href":"https:\/\/www.topohvar.at\/topo\/wp-json\/wp\/v2\/types\/page"}],"author":[{"embeddable":true,"href":"https:\/\/www.topohvar.at\/topo\/wp-json\/wp\/v2\/users\/1"}],"replies":[{"embeddable":true,"href":"https:\/\/www.topohvar.at\/topo\/wp-json\/wp\/v2\/comments?post=6722"}],"version-history":[{"count":10,"href":"https:\/\/www.topohvar.at\/topo\/wp-json\/wp\/v2\/pages\/6722\/revisions"}],"predecessor-version":[{"id":32238,"href":"https:\/\/www.topohvar.at\/topo\/wp-json\/wp\/v2\/pages\/6722\/revisions\/32238"}],"up":[{"embeddable":true,"href":"https:\/\/www.topohvar.at\/topo\/wp-json\/wp\/v2\/pages\/111"}],"wp:attachment":[{"href":"https:\/\/www.topohvar.at\/topo\/wp-json\/wp\/v2\/media?parent=6722"}],"curies":[{"name":"wp","href":"https:\/\/api.w.org\/{rel}","templated":true}]}}

VRBANJ &#8211; Križ »Vodanović«

<p><strong><img loading="lazy" decoding="async" class="alignnone wp-image-6585 size-large" src="https://www.topohvar.at/wp-content/uploads/2018/08/VJ-CZ-01-0-1024x503.jpg" alt="" width="640" height="314" srcset="https://www.topohvar.at/wp-content/uploads/2018/08/VJ-CZ-01-0-1024x503.jpg 1024w, https://www.topohvar.at/wp-content/uploads/2018/08/VJ-CZ-01-0-300x147.jpg 300w, https://www.topohvar.at/wp-content/uploads/2018/08/VJ-CZ-01-0-768x377.jpg 768w, https://www.topohvar.at/wp-content/uploads/2018/08/VJ-CZ-01-0.jpg 1080w" sizes="auto, (max-width: 640px) 100vw, 640px" /></strong></p>
<p><strong>Ime / Name<br />
</strong>Križ / Kreuz »Vodanović«</p>
<p><strong>Code: </strong>VJ-CZ-01               <strong>                   <a href="https://www.topohvar.at/orte/vj/vj-cz-03-1/"><img loading="lazy" decoding="async" class="alignnone wp-image-533 size-full" src="https://www.topohvar.at/wp-content/uploads/2018/07/push-l-30.jpg" alt="" width="61" height="30" /></a> <a href="https://www.topohvar.at/orte/vj/"><img loading="lazy" decoding="async" class="alignnone wp-image-535 size-full" src="https://www.topohvar.at/wp-content/uploads/2018/07/push-o-30.jpg" alt="" width="61" height="30" /></a> <a href="https://www.topohvar.at/orte/vj/vj-cz-02-1/"><img loading="lazy" decoding="async" class="alignnone wp-image-536 size-full" src="https://www.topohvar.at/wp-content/uploads/2018/07/push-r-30.jpg" alt="" width="61" height="30" /></a></strong></p>
<hr />
<p><strong>Adresa / Adresse<br />
</strong>Vrbanj, Pod Hum, na cesti prema Starom Gradu / an der Straße nach Stari Grad</p>
<p><strong>Lokalna položaj / Position<a href="https://goo.gl/maps/VGpchiuL5UiVfngV8"><img loading="lazy" decoding="async" class="alignright wp-image-6975" src="https://www.topohvar.at/wp-content/uploads/2018/08/0879.jpg" alt="" width="134" height="100" /></a><br />
</strong><span style="color: #3366ff;"><a style="color: #3366ff;" href="https://goo.gl/maps/VGpchiuL5UiVfngV8">Latitude: N 43,17078°    Longitude: E 16,64016° </a></span><strong><br />
</strong>Visina / Höhe: 77 m</p>
<p><strong>Zemljište / Grundstücke<br />
</strong>2214/8<div class='content-column one_half'><div style="padding-right:6px;"><p><strong>Datum snimanja / Erfassungsdatum<br />
</strong>14.05.2013 12:30:58</p>
<hr />
<p><strong>Informacije</strong></p>
<p>Kapelica stoji na rubu maslinovog vrta, na putu prema Starom Gradu. Pod križem je ploča sa sljedećim natpisom:</p></div></div><div class='content-column one_half last_column'><div style="padding-right:0px;padding-left:6px;"><p><strong>Zaštitni položaj / Schutzstellung<br />
</strong>&#8211;</p>
<hr />
<p><strong>Info</strong></p>
<p>Der Bildstock steht am Rand eines Olivengartens, an der Straße nach Stari Grad. Unter einem Kreuz befindet sich eine Tafel mit folgender Inschrift:</p></div></div><div class='clear_column'></div><div class='content-column one_half'><div style="padding-right:6px;"><p style="text-align: center;">OVDJE SU PALENEVIME ZRTVE<br />
OD FAŠISTA 3. I. 1943<br />
OTAC I SIN<br />
ANTE VODANOVIĆ ROĐ. 1879<br />
MARKO ROĐ: 1908<br />
PODIŽ SUPRUGA KATA<br />
SVOJOM OBITELJOM</p></div></div><div class='content-column one_half last_column'><div style="padding-right:0px;padding-left:6px;"><p style="text-align: center;">Hier sind Faschisten zum Opfer<br />
gefallen am 3. Jänner 1943<br />
Vater und Sohn<br />
Ante Vodanović, geboren 1879<br />
und Marko, geboren 1908,<br />
In Gedenken Ehefrau Kata<br />
und ihre Familie</p></div></div><div class='clear_column'></div></p>
<hr />
<p><strong>Linkovi / Links</strong></p>
<p>&#8211;</p>

<p>Ime / Name Križ / Kreuz »Vodanović« Code: VJ-CZ-01                                     Adresa / Adresse Vrbanj, Pod Hum, na cesti prema Starom Gradu / an der Straße nach &hellip; <a href="https://www.topohvar.at/topo/orte/vj/vj-cz-01-1/">Weiterlesen <span class="meta-nav">&rarr;</span></a></p>
