{"id":6724,"date":"2018-08-21T15:08:24","date_gmt":"2018-08-21T13:08:24","guid":{"rendered":"https:\/\/www.topohvar.at\/?page_id=6724"},"modified":"2020-03-04T09:57:12","modified_gmt":"2020-03-04T08:57:12","slug":"vj-cz-02-1","status":"publish","type":"page","link":"https:\/\/www.topohvar.at\/topo\/orte\/vj\/vj-cz-02-1\/","title":{"rendered":"VRBANJ &#8211; Kri\u017e \u00bbu \u017eupni ured\u00ab"},"content":{"rendered":"<p><strong><img loading=\"lazy\" decoding=\"async\" class=\"alignnone wp-image-6586 size-large\" src=\"https:\/\/www.topohvar.at\/wp-content\/uploads\/2018\/08\/VJ-CZ-02-0-1024x503.jpg\" alt=\"\" width=\"640\" height=\"314\" srcset=\"https:\/\/www.topohvar.at\/wp-content\/uploads\/2018\/08\/VJ-CZ-02-0-1024x503.jpg 1024w, https:\/\/www.topohvar.at\/wp-content\/uploads\/2018\/08\/VJ-CZ-02-0-300x147.jpg 300w, https:\/\/www.topohvar.at\/wp-content\/uploads\/2018\/08\/VJ-CZ-02-0-768x377.jpg 768w, https:\/\/www.topohvar.at\/wp-content\/uploads\/2018\/08\/VJ-CZ-02-0.jpg 1080w\" sizes=\"auto, (max-width: 640px) 100vw, 640px\" \/><\/strong><\/p>\n<p><strong>Ime \/ Name<br \/>\n<\/strong>Kri\u017e \u00bbu \u017eupni ured\u00ab \/ Kreuz beim Pfarrhof<\/p>\n<p><strong>Code: <\/strong>VJ-CZ-02\u00a0 \u00a0 \u00a0 \u00a0 \u00a0 \u00a0 \u00a0 \u00a0 \u00a0 \u00a0 \u00a0 \u00a0 \u00a0<strong>\u00a0 \u00a0 \u00a0 \u00a0 \u00a0<a href=\"https:\/\/www.topohvar.at\/orte\/vj\/vj-cz-01-1\/\"><img loading=\"lazy\" decoding=\"async\" class=\"alignnone wp-image-533 size-full\" src=\"https:\/\/www.topohvar.at\/wp-content\/uploads\/2018\/07\/push-l-30.jpg\" alt=\"\" width=\"61\" height=\"30\" \/><\/a>\u00a0<a href=\"https:\/\/www.topohvar.at\/orte\/vj\/\"><img loading=\"lazy\" decoding=\"async\" class=\"alignnone wp-image-535 size-full\" src=\"https:\/\/www.topohvar.at\/wp-content\/uploads\/2018\/07\/push-o-30.jpg\" alt=\"\" width=\"61\" height=\"30\" \/><\/a>\u00a0<a href=\"https:\/\/www.topohvar.at\/orte\/vj\/vj-cz-03-1\/\"><img loading=\"lazy\" decoding=\"async\" class=\"alignnone wp-image-536 size-full\" src=\"https:\/\/www.topohvar.at\/wp-content\/uploads\/2018\/07\/push-r-30.jpg\" alt=\"\" width=\"61\" height=\"30\" \/><\/a><\/strong><\/p>\n<hr \/>\n<p><strong>Adresa \/ Adresse<br \/>\n<\/strong>Vrbanj, nasuprot \u017eupne crkve \/ gegen\u00fcber der Pfarrkirche<\/p>\n<p><strong>Lokalna polo\u017eaj \/ Position<a href=\"https:\/\/goo.gl\/maps\/eRe1HmEoxWxwHrn79\"><img loading=\"lazy\" decoding=\"async\" class=\"alignright wp-image-6980\" src=\"https:\/\/www.topohvar.at\/wp-content\/uploads\/2018\/08\/0880.jpg\" alt=\"\" width=\"134\" height=\"100\" \/><\/a><br \/>\n<\/strong><span style=\"color: #3366ff;\"><a style=\"color: #3366ff;\" href=\"https:\/\/goo.gl\/maps\/eRe1HmEoxWxwHrn79\">Latitude: N 43,16644\u00b0\u00a0 \u00a0 Longitude: E 16,64532\u00b0\u00a0<\/a><\/span><strong><br \/>\n<\/strong>Visina \/ H\u00f6he: 10 m<\/p>\n<p><strong>Zemlji\u0161te \/ Grundst\u00fccke<br \/>\n<\/strong>2966<div class='content-column one_half'><div style=\"padding-right:6px;\"><p><strong>Datum snimanja \/ Erfassungsdatum<br \/>\n<\/strong>22.05.2013 10:26:01<\/p>\n<hr \/>\n<p><strong>Informacije<\/strong><\/p>\n<p>Kameno postolje sa kri\u017eem koje se danas nalazi u parku nasuprot \u017eupne ku\u0107e bilo je do betoniranja pjace (po\u010detak 1968 g.) postavljeno na vrh pjace sa desne strane po\u010detka puta za Ravnicu a nasuprot Jurondetove ku\u0107e.<\/p><\/div><\/div><div class='content-column one_half last_column'><div style=\"padding-right:0px;padding-left:6px;\"><p><strong>Za\u0161titni polo\u017eaj \/ Schutzstellung<br \/>\n<\/strong>&#8211;<\/p>\n<hr \/>\n<p><strong>Info<\/strong><\/p>\n<p>Das Kreuz mit Steinsockel, das sich heute im Park gegen\u00fcber dem Pfarrhaus befindet, stand &#8211; bis der Platz Anfang 1968 betoniert wurde &#8211; am oberen Ende der Piazza, an der rechten Seite zu Beginn des Weges nach Ravnic gegen\u00fcber dem Haus Jurondetov.<\/p><\/div><\/div><div class='clear_column'><\/div><div class='content-column one_half'><div style=\"padding-right:6px;\"><p>Zatim je premje\u0161teno i uzidano u ogradni zid oko \u0160imatorija na jugozapadni ugao zida (desno od glavnom ulaza na \u0160imatorij).<\/p><\/div><\/div><div class='content-column one_half last_column'><div style=\"padding-right:0px;padding-left:6px;\"><p>Es wurde dann entfernt und in der Zaunmauer bei \u0160imatoria an der s\u00fcdwestlichen Ecke der Mauer (direkt beim Haupteingang \u0160imatorij) montiert.<\/p><\/div><\/div><div class='clear_column'><\/div><div class='content-column one_half'><div style=\"padding-right:6px;\"><p>Kada je sagra\u0111ena nova \u017eupna ku\u0107a i kri\u017e je u travnju 1989 premje\u0161ten na sada\u0161nje mjesto.<\/p><\/div><\/div><div class='content-column one_half last_column'><div style=\"padding-right:0px;padding-left:6px;\"><p>Als das neue Pfarrhaus errichtet wurde, wurde das Kreuz im April 1989 an den heutigen Ort verlegt.<\/p><\/div><\/div><div class='clear_column'><\/div><\/p>\n<hr \/>\n<p><strong>Linkovi \/ Links<\/strong><\/p>\n<p>&#8211;<\/p>\n","protected":false},"excerpt":{"rendered":"<p>Ime \/ Name Kri\u017e \u00bbu \u017eupni ured\u00ab \/ Kreuz beim Pfarrhof Code: VJ-CZ-02\u00a0 \u00a0 \u00a0 \u00a0 \u00a0 \u00a0 \u00a0 \u00a0 \u00a0 \u00a0 \u00a0 \u00a0 \u00a0\u00a0 \u00a0 \u00a0 \u00a0 \u00a0\u00a0\u00a0 Adresa \/ Adresse Vrbanj, nasuprot \u017eupne crkve \/ gegen\u00fcber der Pfarrkirche &hellip; <a href=\"https:\/\/www.topohvar.at\/topo\/orte\/vj\/vj-cz-02-1\/\">Weiterlesen <span class=\"meta-nav\">&rarr;<\/span><\/a><\/p>\n","protected":false},"author":1,"featured_media":0,"parent":111,"menu_order":0,"comment_status":"closed","ping_status":"closed","template":"","meta":{"footnotes":""},"class_list":["post-6724","page","type-page","status-publish","hentry"],"_links":{"self":[{"href":"https:\/\/www.topohvar.at\/topo\/wp-json\/wp\/v2\/pages\/6724","targetHints":{"allow":["GET"]}}],"collection":[{"href":"https:\/\/www.topohvar.at\/topo\/wp-json\/wp\/v2\/pages"}],"about":[{"href":"https:\/\/www.topohvar.at\/topo\/wp-json\/wp\/v2\/types\/page"}],"author":[{"embeddable":true,"href":"https:\/\/www.topohvar.at\/topo\/wp-json\/wp\/v2\/users\/1"}],"replies":[{"embeddable":true,"href":"https:\/\/www.topohvar.at\/topo\/wp-json\/wp\/v2\/comments?post=6724"}],"version-history":[{"count":7,"href":"https:\/\/www.topohvar.at\/topo\/wp-json\/wp\/v2\/pages\/6724\/revisions"}],"predecessor-version":[{"id":32239,"href":"https:\/\/www.topohvar.at\/topo\/wp-json\/wp\/v2\/pages\/6724\/revisions\/32239"}],"up":[{"embeddable":true,"href":"https:\/\/www.topohvar.at\/topo\/wp-json\/wp\/v2\/pages\/111"}],"wp:attachment":[{"href":"https:\/\/www.topohvar.at\/topo\/wp-json\/wp\/v2\/media?parent=6724"}],"curies":[{"name":"wp","href":"https:\/\/api.w.org\/{rel}","templated":true}]}}

VRBANJ &#8211; Križ »u župni ured«

<p><strong><img loading="lazy" decoding="async" class="alignnone wp-image-6586 size-large" src="https://www.topohvar.at/wp-content/uploads/2018/08/VJ-CZ-02-0-1024x503.jpg" alt="" width="640" height="314" srcset="https://www.topohvar.at/wp-content/uploads/2018/08/VJ-CZ-02-0-1024x503.jpg 1024w, https://www.topohvar.at/wp-content/uploads/2018/08/VJ-CZ-02-0-300x147.jpg 300w, https://www.topohvar.at/wp-content/uploads/2018/08/VJ-CZ-02-0-768x377.jpg 768w, https://www.topohvar.at/wp-content/uploads/2018/08/VJ-CZ-02-0.jpg 1080w" sizes="auto, (max-width: 640px) 100vw, 640px" /></strong></p>
<p><strong>Ime / Name<br />
</strong>Križ »u župni ured« / Kreuz beim Pfarrhof</p>
<p><strong>Code: </strong>VJ-CZ-02                         <strong>         <a href="https://www.topohvar.at/orte/vj/vj-cz-01-1/"><img loading="lazy" decoding="async" class="alignnone wp-image-533 size-full" src="https://www.topohvar.at/wp-content/uploads/2018/07/push-l-30.jpg" alt="" width="61" height="30" /></a> <a href="https://www.topohvar.at/orte/vj/"><img loading="lazy" decoding="async" class="alignnone wp-image-535 size-full" src="https://www.topohvar.at/wp-content/uploads/2018/07/push-o-30.jpg" alt="" width="61" height="30" /></a> <a href="https://www.topohvar.at/orte/vj/vj-cz-03-1/"><img loading="lazy" decoding="async" class="alignnone wp-image-536 size-full" src="https://www.topohvar.at/wp-content/uploads/2018/07/push-r-30.jpg" alt="" width="61" height="30" /></a></strong></p>
<hr />
<p><strong>Adresa / Adresse<br />
</strong>Vrbanj, nasuprot župne crkve / gegenüber der Pfarrkirche</p>
<p><strong>Lokalna položaj / Position<a href="https://goo.gl/maps/eRe1HmEoxWxwHrn79"><img loading="lazy" decoding="async" class="alignright wp-image-6980" src="https://www.topohvar.at/wp-content/uploads/2018/08/0880.jpg" alt="" width="134" height="100" /></a><br />
</strong><span style="color: #3366ff;"><a style="color: #3366ff;" href="https://goo.gl/maps/eRe1HmEoxWxwHrn79">Latitude: N 43,16644°    Longitude: E 16,64532° </a></span><strong><br />
</strong>Visina / Höhe: 10 m</p>
<p><strong>Zemljište / Grundstücke<br />
</strong>2966<div class='content-column one_half'><div style="padding-right:6px;"><p><strong>Datum snimanja / Erfassungsdatum<br />
</strong>22.05.2013 10:26:01</p>
<hr />
<p><strong>Informacije</strong></p>
<p>Kameno postolje sa križem koje se danas nalazi u parku nasuprot župne kuće bilo je do betoniranja pjace (početak 1968 g.) postavljeno na vrh pjace sa desne strane početka puta za Ravnicu a nasuprot Jurondetove kuće.</p></div></div><div class='content-column one_half last_column'><div style="padding-right:0px;padding-left:6px;"><p><strong>Zaštitni položaj / Schutzstellung<br />
</strong>&#8211;</p>
<hr />
<p><strong>Info</strong></p>
<p>Das Kreuz mit Steinsockel, das sich heute im Park gegenüber dem Pfarrhaus befindet, stand &#8211; bis der Platz Anfang 1968 betoniert wurde &#8211; am oberen Ende der Piazza, an der rechten Seite zu Beginn des Weges nach Ravnic gegenüber dem Haus Jurondetov.</p></div></div><div class='clear_column'></div><div class='content-column one_half'><div style="padding-right:6px;"><p>Zatim je premješteno i uzidano u ogradni zid oko Šimatorija na jugozapadni ugao zida (desno od glavnom ulaza na Šimatorij).</p></div></div><div class='content-column one_half last_column'><div style="padding-right:0px;padding-left:6px;"><p>Es wurde dann entfernt und in der Zaunmauer bei Šimatoria an der südwestlichen Ecke der Mauer (direkt beim Haupteingang Šimatorij) montiert.</p></div></div><div class='clear_column'></div><div class='content-column one_half'><div style="padding-right:6px;"><p>Kada je sagrađena nova župna kuća i križ je u travnju 1989 premješten na sadašnje mjesto.</p></div></div><div class='content-column one_half last_column'><div style="padding-right:0px;padding-left:6px;"><p>Als das neue Pfarrhaus errichtet wurde, wurde das Kreuz im April 1989 an den heutigen Ort verlegt.</p></div></div><div class='clear_column'></div></p>
<hr />
<p><strong>Linkovi / Links</strong></p>
<p>&#8211;</p>

<p>Ime / Name Križ »u župni ured« / Kreuz beim Pfarrhof Code: VJ-CZ-02                                     Adresa / Adresse Vrbanj, nasuprot župne crkve / gegenüber der Pfarrkirche &hellip; <a href="https://www.topohvar.at/topo/orte/vj/vj-cz-02-1/">Weiterlesen <span class="meta-nav">&rarr;</span></a></p>
