{"id":6732,"date":"2018-08-21T15:15:10","date_gmt":"2018-08-21T13:15:10","guid":{"rendered":"https:\/\/www.topohvar.at\/?page_id=6732"},"modified":"2022-02-14T14:40:24","modified_gmt":"2022-02-14T13:40:24","slug":"vj-po-01-1","status":"publish","type":"page","link":"https:\/\/www.topohvar.at\/topo\/orte\/vj\/vj-po-01-1\/","title":{"rendered":"VRBANJ &#8211; Povijesni lokalitet \u00bbGra\u010di\u0161\u0107e\u00ab"},"content":{"rendered":"<p><strong><img loading=\"lazy\" decoding=\"async\" class=\"alignnone wp-image-6666 size-large\" src=\"https:\/\/www.topohvar.at\/wp-content\/uploads\/2018\/08\/VJ-PO-01-0-1024x503.jpg\" alt=\"\" width=\"640\" height=\"314\" srcset=\"https:\/\/www.topohvar.at\/wp-content\/uploads\/2018\/08\/VJ-PO-01-0-1024x503.jpg 1024w, https:\/\/www.topohvar.at\/wp-content\/uploads\/2018\/08\/VJ-PO-01-0-300x147.jpg 300w, https:\/\/www.topohvar.at\/wp-content\/uploads\/2018\/08\/VJ-PO-01-0-768x377.jpg 768w, https:\/\/www.topohvar.at\/wp-content\/uploads\/2018\/08\/VJ-PO-01-0.jpg 1080w\" sizes=\"auto, (max-width: 640px) 100vw, 640px\" \/><\/strong><\/p>\n<p><strong>Ime \/ Name<br \/>\n<\/strong>Povijesni lokalitet \/ historischer Ort \u00bbGra\u010di\u0161\u0107e\u00ab<\/p>\n<p><strong>Code: <\/strong>VJ-PO-01\u00a0 \u00a0 \u00a0 \u00a0 \u00a0 \u00a0 \u00a0 \u00a0<strong>\u00a0 \u00a0 \u00a0 \u00a0 \u00a0 \u00a0 \u00a0 \u00a0 \u00a0 \u00a0 \u00a0 \u00a0 <a href=\"https:\/\/www.topohvar.at\/orte\/vj\/vj-pg-00-1\/\"><img loading=\"lazy\" decoding=\"async\" class=\"alignnone wp-image-533 size-full\" src=\"https:\/\/www.topohvar.at\/wp-content\/uploads\/2018\/07\/push-l-30.jpg\" alt=\"\" width=\"61\" height=\"30\" \/><\/a>\u00a0<a href=\"https:\/\/www.topohvar.at\/orte\/vj\/\"><img loading=\"lazy\" decoding=\"async\" class=\"alignnone wp-image-535 size-full\" src=\"https:\/\/www.topohvar.at\/wp-content\/uploads\/2018\/07\/push-o-30.jpg\" alt=\"\" width=\"61\" height=\"30\" \/><\/a>\u00a0<a href=\"https:\/\/www.topohvar.at\/orte\/vj\/vj-po-02-1\/\"><img loading=\"lazy\" decoding=\"async\" class=\"alignnone wp-image-536 size-full\" src=\"https:\/\/www.topohvar.at\/wp-content\/uploads\/2018\/07\/push-r-30.jpg\" alt=\"\" width=\"61\" height=\"30\" \/><\/a><\/strong><\/p>\n<hr \/>\n<p><strong>Adresa \/ Adresse<br \/>\n<\/strong>Vrbanj,\u00a0O\u0161tar glava (Molo bardo)<\/p>\n<p><strong>Lokalna polo\u017eaj \/ Position<a href=\"https:\/\/goo.gl\/maps\/3RjwsQ1f9C7i9RGy7\"><img loading=\"lazy\" decoding=\"async\" class=\"alignright wp-image-7082\" src=\"https:\/\/www.topohvar.at\/wp-content\/uploads\/2018\/08\/0897.jpg\" alt=\"\" width=\"134\" height=\"100\" \/><\/a><br \/>\n<\/strong><a href=\"https:\/\/goo.gl\/maps\/3RjwsQ1f9C7i9RGy7\">Latitude: N 43,16155\u00b0\u00a0 \u00a0 Longitude: E 16,64535\u00b0<\/a>\u00a0<strong><br \/>\n<\/strong>Visina \/ H\u00f6he: 148 m<\/p>\n<p><strong>Zemlji\u0161te \/ Grundst\u00fccke<br \/>\n<\/strong>3380\/1-3, 3381, 3942\/1, 3945, 3946\/1<div class='content-column one_half'><div style=\"padding-right:6px;\"><p><strong>Datum snimanja \/ Erfassungsdatum<br \/>\n<\/strong>17.05.2015 10:29:27<\/p>\n<hr \/>\n<p><strong>Informacije<\/strong><\/p>\n<p>Najve\u0107e gradinsko nalazi\u0161te na ovom prostoru je gradina Gra\u010di\u0161\u0107e smje\u0161tena na be\u017euljku Molo bardo (154 m nad morem). Otkrila je 1984. godine prilikom detaljnog pregleda starijih avionskih snimaka, iz vremena kada ovo brdo nije bilo obraslo borovom \u0161umom.<\/p><\/div><\/div><div class='content-column one_half last_column'><div style=\"padding-right:0px;padding-left:6px;\"><p><strong>Za\u0161titni polo\u017eaj \/ Schutzstellung<br \/>\n<\/strong>&#8211;<\/p>\n<hr \/>\n<p><strong>Info<\/strong><\/p>\n<p>Der gr\u00f6\u00dfte Ringwall in diesem Gebiet ist die Festung Gra\u010di\u0161\u0107e am Molo-Bardo (154 m.\u00fc.M.). Er wurde 1984 im Zuge einer detaillierten Auswertung alter Flugbilder entdeckt, in einer Zeit, als dieser H\u00fcgel nicht mit Pinien bewachsen war.<\/p><\/div><\/div><div class='clear_column'><\/div><div class='content-column one_half'><div style=\"padding-right:6px;\"><p>Do gradine se dolazi kada se od Vrbanja krene prema jugu put Svir\u010da. Na vrhu bre\u017euljka, iznad kapele sv. Liberata, nalazi se manji plato koji na istoku zavr\u0161ava jezi\u010dastim produ\u017eetkom \u0161to dominira Jel\u0161anskim poljem, nadziru\u0107i prostor prema Vrboskoj, Jelsi, Pitvama i Vrisniku.<\/p><\/div><\/div><div class='content-column one_half last_column'><div style=\"padding-right:0px;padding-left:6px;\"><p>Zur Festung kommt man, wenn man von Vrbanj aus nach S\u00fcden in Richtung Svir\u010de geht. Auf der Spitze des H\u00fcgels, oberhalb der Kapelle des hl. Liberat, gibt es eine kleinere Hochebene, die sich nach Osten erweitert. Sie beherrscht das Jelsaer Feld und das Gebiet in Richtung Vrboska, Jelsa, Pitve und Vrisnik.<\/p><\/div><\/div><div class='clear_column'><\/div><div class='content-column one_half'><div style=\"padding-right:6px;\"><p>Na tom mjestu smje\u0161teno je utvr\u0111enje od suhozida, elipsastog oblika, du\u017eine oko 100 m u pravcu istok-zapad i oko 50 m sjever-jug. Pristup je mogu\u0107 samo sa zapada, dok se sa svih ostalih strana nalaze prili\u010dno strme padine. Na zapadnoj, pristupa\u010dnoj strani nalazi se jak bedem, danas u rasutom stanju, \u0161irine 8-10 m, da bi se kasnije suzio na 4-5 m. Na sjevernoj strani lice bedema sa\u010duvano je na vi\u0161e mjesta i \u010dine ga ve\u0107i komadi lomljenog kamena. Zbog velikog pada terena, na ju\u017enoj strani zidovi su uglavnom obru\u0161eni, mada je pravac pru\u017eanja bedema jo\u0161 uvijek vidljiv. Unutarnji plato, blago nagnut prema jugoistoku, ispresijecan je uru\u0161enim zidovima gra\u0111enim u suho od lomljenog kamenja.<\/p><\/div><\/div><div class='content-column one_half last_column'><div style=\"padding-right:0px;padding-left:6px;\"><p>An dieser Stelle gab es eine Festungsanlage aus Trockensteinmauern, mit elliptischer Form, im Ausma\u00df von ca. 100 m von Osten nach Westen und 50 m von Norden nach S\u00fcden. Der Zugang ist nur vom Westen her m\u00f6glich, da alle anderen Seiten ziemlich steil abfallen. An der vom Westen her zug\u00e4nglichen Seite befindet sich ein starker Wall, dessen Masse im heutigen Zustand eine Breite 10,8 m die sich allm\u00e4hlich bis auf 4-5 m verengt, aufweist. An der Nordseite sind an mehreren Stellen noch Mauerreste, die aus gr\u00f6\u00dferen Bruchsteinen gemacht wurden, erhalten. Wegen des stark abfallenden Gel\u00e4ndes, sind an der S\u00fcdseite die Mauern im Allgemeinen geschliffen, dennoch ist die Richtung der W\u00e4nde noch erkennbar. Das innere Plateau ist flach, leicht nach S\u00fcdosten abfallend und von Bruchst\u00fccken der verfallenen Trockensteinmauern \u00fcbers\u00e4t.<\/p><\/div><\/div><div class='clear_column'><\/div><div class='content-column one_half'><div style=\"padding-right:6px;\"><p>Relativno o\u010duvani bedemi za\u0161titili su ovaj prostor od ja\u010deg ispiranja, pa ako isklju\u010dimo ve\u0107a o\u0161te\u0107enja nanijeta ranijom obradom zemlji\u0161ta, mo\u017ee se o\u010dekivati otkri\u0107e intaktnog sloja. Prilikom obilaska gradine prikupljeno je ulomaka atipi\u010dne pretpovijesne keramike, tako da, za sada, kronolo\u0161ka atribucija ovog, o\u010dito zna\u010dajnog, nalazi\u0161ta, ostaje neizvjesna. S Gra\u010di\u0161\u0107a se ne vidi cijelo Starogradsko poje, ve\u0107 samo njegov isto\u010dni dio i predio prema Jelsi i Pitvama.<\/p><\/div><\/div><div class='content-column one_half last_column'><div style=\"padding-right:0px;padding-left:6px;\"><p>Relativ erhaltene W\u00e4lle sch\u00fctzten diesen Bereich vor st\u00e4rkerer Auswaschung. Wenn wir also gr\u00f6\u00dfere Sch\u00e4den durch fr\u00fchere landwirtschaftliche Bebauung ausschlie\u00dfen, konnte erwartet werden, eine intakte Schicht zu finden. W\u00e4hrend der Besichtigung der Festung wurden Fragmente von atypischen pr\u00e4historischen Keramiken gesammelt, so dass die zeitliche Zuordnung dieses scheinbar bedeutsamen Ortes vorerst unsicher bleibt. Die gesamte Stari-Grader Ebene ist von Gra\u010di\u0161\u0107e aus nicht sichtbar, sondern nur der \u00f6stliche Teil und das Gebiet in Richtung Jelsa und Pitve.<\/p><\/div><\/div><div class='clear_column'><\/div><div class='content-column one_half'><div style=\"padding-right:6px;\"><p>Danas je ovo podru\u010dje opet jako \u0161umovito.<\/p><\/div><\/div><div class='content-column one_half last_column'><div style=\"padding-right:0px;padding-left:6px;\"><p>Heute ist die Gegend wieder stark bewaldet.<\/p><\/div><\/div><div class='clear_column'><\/div><\/p>\n<hr \/>\n<p><strong>Linkovi \/ Links<\/strong><\/p>\n<p>&#8211;<\/p>\n","protected":false},"excerpt":{"rendered":"<p>Ime \/ Name Povijesni lokalitet \/ historischer Ort \u00bbGra\u010di\u0161\u0107e\u00ab Code: VJ-PO-01\u00a0 \u00a0 \u00a0 \u00a0 \u00a0 \u00a0 \u00a0 \u00a0\u00a0 \u00a0 \u00a0 \u00a0 \u00a0 \u00a0 \u00a0 \u00a0 \u00a0 \u00a0 \u00a0 \u00a0 \u00a0\u00a0 Adresa \/ Adresse Vrbanj,\u00a0O\u0161tar glava (Molo bardo) Lokalna polo\u017eaj \/ &hellip; <a href=\"https:\/\/www.topohvar.at\/topo\/orte\/vj\/vj-po-01-1\/\">Weiterlesen <span class=\"meta-nav\">&rarr;<\/span><\/a><\/p>\n","protected":false},"author":1,"featured_media":0,"parent":111,"menu_order":0,"comment_status":"closed","ping_status":"closed","template":"","meta":{"footnotes":""},"class_list":["post-6732","page","type-page","status-publish","hentry"],"_links":{"self":[{"href":"https:\/\/www.topohvar.at\/topo\/wp-json\/wp\/v2\/pages\/6732","targetHints":{"allow":["GET"]}}],"collection":[{"href":"https:\/\/www.topohvar.at\/topo\/wp-json\/wp\/v2\/pages"}],"about":[{"href":"https:\/\/www.topohvar.at\/topo\/wp-json\/wp\/v2\/types\/page"}],"author":[{"embeddable":true,"href":"https:\/\/www.topohvar.at\/topo\/wp-json\/wp\/v2\/users\/1"}],"replies":[{"embeddable":true,"href":"https:\/\/www.topohvar.at\/topo\/wp-json\/wp\/v2\/comments?post=6732"}],"version-history":[{"count":9,"href":"https:\/\/www.topohvar.at\/topo\/wp-json\/wp\/v2\/pages\/6732\/revisions"}],"predecessor-version":[{"id":57343,"href":"https:\/\/www.topohvar.at\/topo\/wp-json\/wp\/v2\/pages\/6732\/revisions\/57343"}],"up":[{"embeddable":true,"href":"https:\/\/www.topohvar.at\/topo\/wp-json\/wp\/v2\/pages\/111"}],"wp:attachment":[{"href":"https:\/\/www.topohvar.at\/topo\/wp-json\/wp\/v2\/media?parent=6732"}],"curies":[{"name":"wp","href":"https:\/\/api.w.org\/{rel}","templated":true}]}}