{"id":6741,"date":"2018-08-21T15:21:08","date_gmt":"2018-08-21T13:21:08","guid":{"rendered":"https:\/\/www.topohvar.at\/?page_id=6741"},"modified":"2021-12-08T06:54:45","modified_gmt":"2021-12-08T05:54:45","slug":"vj-in-03-1","status":"publish","type":"page","link":"https:\/\/www.topohvar.at\/topo\/orte\/vj\/vj-in-03-1\/","title":{"rendered":"VRBANJ &#8211; Natpis \u00bb1797\u00ab"},"content":{"rendered":"<p><strong><img loading=\"lazy\" decoding=\"async\" class=\"alignnone wp-image-6592 size-large\" src=\"https:\/\/www.topohvar.at\/wp-content\/uploads\/2018\/08\/vj-in-03-0-1024x503.jpg\" alt=\"\" width=\"640\" height=\"314\" srcset=\"https:\/\/www.topohvar.at\/wp-content\/uploads\/2018\/08\/vj-in-03-0-1024x503.jpg 1024w, https:\/\/www.topohvar.at\/wp-content\/uploads\/2018\/08\/vj-in-03-0-300x147.jpg 300w, https:\/\/www.topohvar.at\/wp-content\/uploads\/2018\/08\/vj-in-03-0-768x377.jpg 768w, https:\/\/www.topohvar.at\/wp-content\/uploads\/2018\/08\/vj-in-03-0.jpg 1080w\" sizes=\"auto, (max-width: 640px) 100vw, 640px\" \/><\/strong><\/p>\n<p><strong>Ime \/ Name<br \/>\n<\/strong>Natpis \/ Inschrift \u00bb1797\u00ab<\/p>\n<p><strong>Code: <\/strong>VJ-IN-03\u00a0 \u00a0 \u00a0 \u00a0 \u00a0 \u00a0 \u00a0 \u00a0<strong>\u00a0 \u00a0 \u00a0 \u00a0 \u00a0 \u00a0 \u00a0 \u00a0 \u00a0 \u00a0 \u00a0 \u00a0\u00a0<a href=\"https:\/\/www.topohvar.at\/orte\/vj\/vj-in-02-1\/\"><img loading=\"lazy\" decoding=\"async\" class=\"alignnone wp-image-533 size-full\" src=\"https:\/\/www.topohvar.at\/wp-content\/uploads\/2018\/07\/push-l-30.jpg\" alt=\"\" width=\"61\" height=\"30\" \/><\/a>\u00a0<a href=\"https:\/\/www.topohvar.at\/orte\/vj\/\"><img loading=\"lazy\" decoding=\"async\" class=\"alignnone wp-image-535 size-full\" src=\"https:\/\/www.topohvar.at\/wp-content\/uploads\/2018\/07\/push-o-30.jpg\" alt=\"\" width=\"61\" height=\"30\" \/><\/a>\u00a0 \u00a0 \u00a0\u00a0<\/strong><\/p>\n<hr \/>\n<p><strong>Adresa \/ Adresse<br \/>\n<\/strong>Vrbanj, ku\u0107a \/ Haus Lu\u0161i\u0107<\/p>\n<p><strong>Lokalna polo\u017eaj \/ Position<a href=\"https:\/\/goo.gl\/maps\/TDoH4TwpgprHKRx18\"><img loading=\"lazy\" decoding=\"async\" class=\"alignright wp-image-6992\" src=\"https:\/\/www.topohvar.at\/wp-content\/uploads\/2018\/08\/1744.jpg\" alt=\"\" width=\"134\" height=\"100\" \/><\/a><br \/>\n<\/strong><span style=\"color: #3366ff;\"><a style=\"color: #3366ff;\" href=\"https:\/\/goo.gl\/maps\/TDoH4TwpgprHKRx18\">Latitude: N 43,16608\u00b0\u00a0 \u00a0 Longitude: E 16,64408\u00b0<\/a>\u00a0<\/span><strong><br \/>\n<\/strong>Visina \/ H\u00f6he: 92 m<\/p>\n<p><strong>Zemlji\u0161te \/ Grundst\u00fccke<br \/>\n<\/strong>*593\/2, *593\/3<div class='content-column one_half'><div style=\"padding-right:6px;\"><p><strong>Datum snimanja \/ Erfassungsdatum<br \/>\n<\/strong>13.05.2018 10:02:00<\/p>\n<hr \/>\n<p><strong>Informacije<\/strong><\/p>\n<p style=\"text-align: left;\">Natpis na klju\u010dnom kamenu luka prekrasne kamene kapije:<\/p><\/div><\/div><div class='content-column one_half last_column'><div style=\"padding-right:0px;padding-left:6px;\"><p><strong>Za\u0161titni polo\u017eaj \/ Schutzstellung<br \/>\n<\/strong>&#8211;<\/p>\n<hr \/>\n<p><strong>Info<\/strong><\/p>\n<p>Inschrift am Schlussstein des Rundbogens eines sch\u00f6nen Steintores:<\/p><\/div><\/div><div class='clear_column'><\/div><\/p>\n<p style=\"text-align: center;\">1797<br \/>\n+<br \/>\nIHS<\/p>\n<div class='content-column one_half'><div style=\"padding-right:6px;\"><p>Natpis nam donosi vjerojatno godinu gradnje ku\u0107e uz kristrogram IHS koji je \u010ddston tijekom baroka bio postavljan na vidljiva mjesta, pogotovonadvratnicima svjetovnih, privatnih te sakralnih objekata. Kratica je nastala kra\u0107enjem Isusovih imena. IHSOYS na gr\u010dkom jeziku, a od kasnog srednjeg vijeka, a posebno pod utjecajem isusova\u010dkog reda, prikazuje se zajedno s kri\u017eem i srcem koje probadaju tri \u010davala, kao spomen na Kristovo muku. Drugo je tuma\u010denje da je to kratica naziva Iesus Hominum Salvator, tj. Isus spasitelj ljudi.<\/p><\/div><\/div><div class='content-column one_half last_column'><div style=\"padding-right:0px;padding-left:6px;\"><p>Die Inschrift bringt uns wahrscheinlich das Baujahr des Hauses neben dem Christogramm IHS, das im Barock an sichtbaren Stellen angebracht wurde, insbesondere an den St\u00fcrzen weltlicher, privater und sakraler Bauten. Das Akronym entstand durch die Verk\u00fcrzung der Namen Jesu. IHSOYS auf Griechisch und aus dem sp\u00e4ten Mittelalter und insbesondere unter dem Einfluss des Jesuitenordens wird zusammen mit einem Kreuz und einem von drei N\u00e4geln durchbohrten Herzen als Erinnerung an die Passion Christi dargestellt. Eine andere Interpretation ist, dass es sich um eine Abk\u00fcrzung von Jesus Hominum Salvator handelt, dh. Jesus der Retter der Menschen.<\/p><\/div><\/div><div class='clear_column'><\/div><div class='content-column one_half'><div style=\"padding-right:6px;\"><p><em>(Citat s izlo\u017ebe \u201cPisma i Pismenost otoka Hvara\u201d galerija (crkva) sv. Jerolima, lipanj 2021)<\/em><\/p><\/div><\/div><div class='content-column one_half last_column'><div style=\"padding-right:0px;padding-left:6px;\"><p><em>(Zitat aus der Ausstellung \u201cSchrift und Schreibkunst der Insel Hvar\u201d Galerie (Kirche) sv. <\/em><em>Jerolim, Juni 2021)<\/em><\/p><\/div><\/div><div class='clear_column'><\/div><\/p>\n<hr \/>\n<p><strong>Linkovi \/ Links<\/strong><\/p>\n<p>&#8211;<\/p>\n","protected":false},"excerpt":{"rendered":"<p>Ime \/ Name Natpis \/ Inschrift \u00bb1797\u00ab Code: VJ-IN-03\u00a0 \u00a0 \u00a0 \u00a0 \u00a0 \u00a0 \u00a0 \u00a0\u00a0 \u00a0 \u00a0 \u00a0 \u00a0 \u00a0 \u00a0 \u00a0 \u00a0 \u00a0 \u00a0 \u00a0\u00a0\u00a0\u00a0 \u00a0 \u00a0\u00a0 Adresa \/ Adresse Vrbanj, ku\u0107a \/ Haus Lu\u0161i\u0107 Lokalna polo\u017eaj \/ &hellip; <a href=\"https:\/\/www.topohvar.at\/topo\/orte\/vj\/vj-in-03-1\/\">Weiterlesen <span class=\"meta-nav\">&rarr;<\/span><\/a><\/p>\n","protected":false},"author":1,"featured_media":0,"parent":111,"menu_order":0,"comment_status":"closed","ping_status":"closed","template":"","meta":{"footnotes":""},"class_list":["post-6741","page","type-page","status-publish","hentry"],"_links":{"self":[{"href":"https:\/\/www.topohvar.at\/topo\/wp-json\/wp\/v2\/pages\/6741","targetHints":{"allow":["GET"]}}],"collection":[{"href":"https:\/\/www.topohvar.at\/topo\/wp-json\/wp\/v2\/pages"}],"about":[{"href":"https:\/\/www.topohvar.at\/topo\/wp-json\/wp\/v2\/types\/page"}],"author":[{"embeddable":true,"href":"https:\/\/www.topohvar.at\/topo\/wp-json\/wp\/v2\/users\/1"}],"replies":[{"embeddable":true,"href":"https:\/\/www.topohvar.at\/topo\/wp-json\/wp\/v2\/comments?post=6741"}],"version-history":[{"count":12,"href":"https:\/\/www.topohvar.at\/topo\/wp-json\/wp\/v2\/pages\/6741\/revisions"}],"predecessor-version":[{"id":54934,"href":"https:\/\/www.topohvar.at\/topo\/wp-json\/wp\/v2\/pages\/6741\/revisions\/54934"}],"up":[{"embeddable":true,"href":"https:\/\/www.topohvar.at\/topo\/wp-json\/wp\/v2\/pages\/111"}],"wp:attachment":[{"href":"https:\/\/www.topohvar.at\/topo\/wp-json\/wp\/v2\/media?parent=6741"}],"curies":[{"name":"wp","href":"https:\/\/api.w.org\/{rel}","templated":true}]}}