{"id":6774,"date":"2018-08-21T15:48:20","date_gmt":"2018-08-21T13:48:20","guid":{"rendered":"https:\/\/www.topohvar.at\/?page_id=6774"},"modified":"2020-03-04T10:12:03","modified_gmt":"2020-03-04T09:12:03","slug":"vj-mo-03-1","status":"publish","type":"page","link":"https:\/\/www.topohvar.at\/topo\/orte\/vj\/vj-mo-03-1\/","title":{"rendered":"VRBANJ &#8211; Spomenik \u00bbpaljenju sela od talijanskih okupatora\u00ab"},"content":{"rendered":"<p><strong><img loading=\"lazy\" decoding=\"async\" class=\"alignnone wp-image-6612 size-large\" src=\"https:\/\/www.topohvar.at\/wp-content\/uploads\/2018\/08\/VJ-MO-03-0-1024x503.jpg\" alt=\"\" width=\"640\" height=\"314\" srcset=\"https:\/\/www.topohvar.at\/wp-content\/uploads\/2018\/08\/VJ-MO-03-0-1024x503.jpg 1024w, https:\/\/www.topohvar.at\/wp-content\/uploads\/2018\/08\/VJ-MO-03-0-300x147.jpg 300w, https:\/\/www.topohvar.at\/wp-content\/uploads\/2018\/08\/VJ-MO-03-0-768x377.jpg 768w, https:\/\/www.topohvar.at\/wp-content\/uploads\/2018\/08\/VJ-MO-03-0.jpg 1080w\" sizes=\"auto, (max-width: 640px) 100vw, 640px\" \/><\/strong><\/p>\n<p><strong>Ime \/ Name<br \/>\n<\/strong>Spomenik \u00bbpaljenju sela od talijanskih okupatora\u00ab \/\u00a0Gedenktafel an den durch die italienischen Besatzer verbrannten Ort<\/p>\n<p><strong>Code: <\/strong>VJ-MO-03\u00a0 \u00a0 \u00a0 \u00a0 \u00a0 \u00a0 \u00a0 \u00a0 \u00a0 \u00a0 \u00a0 \u00a0 \u00a0<strong>\u00a0 \u00a0 \u00a0 \u00a0 \u00a0<a href=\"https:\/\/www.topohvar.at\/orte\/vj\/vj-mo-02-1\/\"><img loading=\"lazy\" decoding=\"async\" class=\"alignnone wp-image-533 size-full\" src=\"https:\/\/www.topohvar.at\/wp-content\/uploads\/2018\/07\/push-l-30.jpg\" alt=\"\" width=\"61\" height=\"30\" \/><\/a>\u00a0<a href=\"https:\/\/www.topohvar.at\/orte\/vj\/\"><img loading=\"lazy\" decoding=\"async\" class=\"alignnone wp-image-535 size-full\" src=\"https:\/\/www.topohvar.at\/wp-content\/uploads\/2018\/07\/push-o-30.jpg\" alt=\"\" width=\"61\" height=\"30\" \/><\/a>\u00a0<a href=\"https:\/\/www.topohvar.at\/orte\/vj\/vj-mo-04-1\/\"><img loading=\"lazy\" decoding=\"async\" class=\"alignnone wp-image-536 size-full\" src=\"https:\/\/www.topohvar.at\/wp-content\/uploads\/2018\/07\/push-r-30.jpg\" alt=\"\" width=\"61\" height=\"30\" \/><\/a><\/strong><\/p>\n<hr \/>\n<p><strong>Adresa \/ Adresse<br \/>\n<\/strong>Vrbanj, na zapadnom ulazu u selo<\/p>\n<p><strong>Lokalna polo\u017eaj \/ Position<a href=\"https:\/\/goo.gl\/maps\/cMWMk4yw9hD5HCDQ8\"><img loading=\"lazy\" decoding=\"async\" class=\"alignright wp-image-7097\" src=\"https:\/\/www.topohvar.at\/wp-content\/uploads\/2018\/08\/0894.jpg\" alt=\"\" width=\"134\" height=\"100\" \/><\/a><br \/>\n<\/strong><span style=\"color: #3366ff;\"><a style=\"color: #3366ff;\" href=\"https:\/\/goo.gl\/maps\/cMWMk4yw9hD5HCDQ8\">Latitude: N 43,16909\u00b0\u00a0 \u00a0 Longitude: E 16,64239\u00b0\u00a0<\/a><\/span><strong><br \/>\n<\/strong>Visina \/ H\u00f6he: 54 m<\/p>\n<p><strong>Zemlji\u0161te \/ Grundst\u00fccke<br \/>\n<\/strong>2259\/1<div class='content-column one_half'><div style=\"padding-right:6px;\"><p><strong>Datum snimanja \/ Erfassungsdatum<br \/>\n<\/strong>17.05.2014 16:58:46<\/p>\n<hr \/>\n<p><strong>Informacije<\/strong><\/p>\n<p>Spomen plo\u010da od bijelog mramora, dimenzija 75 x 60, na betonskom zidu, dimenzija 134 x 224, postavljena je uz cestu na zapadnom ulazu u selo. Obilje\u017eava datum kada su talijanski fa\u0161isti spalili selo i ubili dvojicu rodoljuba. Spomenik je postavljen od Mjesnog NO Vrbanj, 27. jula 1951. godine uz proslavu Dana ustanka naroda Hrvatske.<\/p><\/div><\/div><div class='content-column one_half last_column'><div style=\"padding-right:0px;padding-left:6px;\"><p><strong>Za\u0161titni polo\u017eaj \/ Schutzstellung<br \/>\n<\/strong>&#8211;<\/p>\n<hr \/>\n<p><strong>Info<\/strong><\/p>\n<p>Die Gedenktafel aus wei\u00dfem Marmor im Ausma\u00df von 75 x 60 cm ist an einem Betonmonument im Ausma\u00df von 134 x 224 cm befestigt. Es befindet sich an der Stra\u00dfe am westlichen Dorfeingang. Die Gedenktafel erinnert an das Datum, an dem die italienischen Faschisten das Dorf verbrannten und zwei Patrioten t\u00f6teten. Das Denkmal wurde von der lokalen nationalen Organisation Vrbanj, am 27. Juli 1951 am kroatischen Nationalfeiertag errichtet.<\/p><\/div><\/div><div class='clear_column'><\/div><div class='content-column one_half'><div style=\"padding-right:6px;\"><p style=\"text-align: left;\">Natpis:<\/p>\n<p style=\"text-align: center;\">TRE\u0106EV JANUARA 1943<br \/>\nTALAJNSKI FA\u0160ISTI SPALILI SU<br \/>\nI UNI\u0160TILI OVO SELO I UBILI<br \/>\nDVOJICU RODOLJUBA KAO ODMAZDU<br \/>\nZA MASOVNO U\u010cE\u0160\u0106E VRBANJANA<br \/>\nU OSLOBODILA\u010cKOM RATU<br \/>\nU SPOMEN DESETGODI\u0160NJICE<br \/>\nNARODNOG USTANKA PODI\u017dE<\/p>\n<p style=\"text-align: center;\">27. JULA 1951. GOD.\u00a0 \u00a0 \u00a0 \u00a0 \u00a0 \u00a0 \u00a0 \u00a0 NAROD VRBANJA<\/p><\/div><\/div><div class='content-column one_half last_column'><div style=\"padding-right:0px;padding-left:6px;\"><p>Inschrift:<\/p>\n<p style=\"text-align: center;\">Am 3. J\u00e4nner 1943<br \/>\nverbrannten und zerst\u00f6rten italienische<br \/>\nFaschisten\u00a0dieses Dorf und t\u00f6teten<br \/>\nzwei Patrioten<br \/>\nals Vergeltung f\u00fcr die Massenbeteiligung<br \/>\nam Befreiungskrieg.<br \/>\nErrichtet zum Gedenken an den zehnten<br \/>\nJahrestag des Volksaufstandes.<\/p>\n<p style=\"text-align: center;\">27. Juli 1951.\u00a0 \u00a0 \u00a0 \u00a0 \u00a0 \u00a0 Das Volk von Vrbanj<\/p><\/div><\/div><div class='clear_column'><\/div><\/p>\n<hr \/>\n<p><strong>Linkovi \/ Links<\/strong><\/p>\n<p>&#8211;<\/p>\n","protected":false},"excerpt":{"rendered":"<p>Ime \/ Name Spomenik \u00bbpaljenju sela od talijanskih okupatora\u00ab \/\u00a0Gedenktafel an den durch die italienischen Besatzer verbrannten Ort Code: VJ-MO-03\u00a0 \u00a0 \u00a0 \u00a0 \u00a0 \u00a0 \u00a0 \u00a0 \u00a0 \u00a0 \u00a0 \u00a0 \u00a0\u00a0 \u00a0 \u00a0 \u00a0 \u00a0\u00a0\u00a0 Adresa \/ Adresse Vrbanj, &hellip; <a href=\"https:\/\/www.topohvar.at\/topo\/orte\/vj\/vj-mo-03-1\/\">Weiterlesen <span class=\"meta-nav\">&rarr;<\/span><\/a><\/p>\n","protected":false},"author":1,"featured_media":0,"parent":111,"menu_order":0,"comment_status":"closed","ping_status":"closed","template":"","meta":{"footnotes":""},"class_list":["post-6774","page","type-page","status-publish","hentry"],"_links":{"self":[{"href":"https:\/\/www.topohvar.at\/topo\/wp-json\/wp\/v2\/pages\/6774","targetHints":{"allow":["GET"]}}],"collection":[{"href":"https:\/\/www.topohvar.at\/topo\/wp-json\/wp\/v2\/pages"}],"about":[{"href":"https:\/\/www.topohvar.at\/topo\/wp-json\/wp\/v2\/types\/page"}],"author":[{"embeddable":true,"href":"https:\/\/www.topohvar.at\/topo\/wp-json\/wp\/v2\/users\/1"}],"replies":[{"embeddable":true,"href":"https:\/\/www.topohvar.at\/topo\/wp-json\/wp\/v2\/comments?post=6774"}],"version-history":[{"count":11,"href":"https:\/\/www.topohvar.at\/topo\/wp-json\/wp\/v2\/pages\/6774\/revisions"}],"predecessor-version":[{"id":32262,"href":"https:\/\/www.topohvar.at\/topo\/wp-json\/wp\/v2\/pages\/6774\/revisions\/32262"}],"up":[{"embeddable":true,"href":"https:\/\/www.topohvar.at\/topo\/wp-json\/wp\/v2\/pages\/111"}],"wp:attachment":[{"href":"https:\/\/www.topohvar.at\/topo\/wp-json\/wp\/v2\/media?parent=6774"}],"curies":[{"name":"wp","href":"https:\/\/api.w.org\/{rel}","templated":true}]}}

<p><strong><img loading="lazy" decoding="async" class="alignnone wp-image-6612 size-large" src="https://www.topohvar.at/wp-content/uploads/2018/08/VJ-MO-03-0-1024x503.jpg" alt="" width="640" height="314" srcset="https://www.topohvar.at/wp-content/uploads/2018/08/VJ-MO-03-0-1024x503.jpg 1024w, https://www.topohvar.at/wp-content/uploads/2018/08/VJ-MO-03-0-300x147.jpg 300w, https://www.topohvar.at/wp-content/uploads/2018/08/VJ-MO-03-0-768x377.jpg 768w, https://www.topohvar.at/wp-content/uploads/2018/08/VJ-MO-03-0.jpg 1080w" sizes="auto, (max-width: 640px) 100vw, 640px" /></strong></p>
<p><strong>Ime / Name<br />
</strong>Spomenik »paljenju sela od talijanskih okupatora« / Gedenktafel an den durch die italienischen Besatzer verbrannten Ort</p>
<p><strong>Code: </strong>VJ-MO-03                         <strong>         <a href="https://www.topohvar.at/orte/vj/vj-mo-02-1/"><img loading="lazy" decoding="async" class="alignnone wp-image-533 size-full" src="https://www.topohvar.at/wp-content/uploads/2018/07/push-l-30.jpg" alt="" width="61" height="30" /></a> <a href="https://www.topohvar.at/orte/vj/"><img loading="lazy" decoding="async" class="alignnone wp-image-535 size-full" src="https://www.topohvar.at/wp-content/uploads/2018/07/push-o-30.jpg" alt="" width="61" height="30" /></a> <a href="https://www.topohvar.at/orte/vj/vj-mo-04-1/"><img loading="lazy" decoding="async" class="alignnone wp-image-536 size-full" src="https://www.topohvar.at/wp-content/uploads/2018/07/push-r-30.jpg" alt="" width="61" height="30" /></a></strong></p>
<hr />
<p><strong>Adresa / Adresse<br />
</strong>Vrbanj, na zapadnom ulazu u selo</p>
<p><strong>Lokalna položaj / Position<a href="https://goo.gl/maps/cMWMk4yw9hD5HCDQ8"><img loading="lazy" decoding="async" class="alignright wp-image-7097" src="https://www.topohvar.at/wp-content/uploads/2018/08/0894.jpg" alt="" width="134" height="100" /></a><br />
</strong><span style="color: #3366ff;"><a style="color: #3366ff;" href="https://goo.gl/maps/cMWMk4yw9hD5HCDQ8">Latitude: N 43,16909°    Longitude: E 16,64239° </a></span><strong><br />
</strong>Visina / Höhe: 54 m</p>
<p><strong>Zemljište / Grundstücke<br />
</strong>2259/1<div class='content-column one_half'><div style="padding-right:6px;"><p><strong>Datum snimanja / Erfassungsdatum<br />
</strong>17.05.2014 16:58:46</p>
<hr />
<p><strong>Informacije</strong></p>
<p>Spomen ploča od bijelog mramora, dimenzija 75 x 60, na betonskom zidu, dimenzija 134 x 224, postavljena je uz cestu na zapadnom ulazu u selo. Obilježava datum kada su talijanski fašisti spalili selo i ubili dvojicu rodoljuba. Spomenik je postavljen od Mjesnog NO Vrbanj, 27. jula 1951. godine uz proslavu Dana ustanka naroda Hrvatske.</p></div></div><div class='content-column one_half last_column'><div style="padding-right:0px;padding-left:6px;"><p><strong>Zaštitni položaj / Schutzstellung<br />
</strong>&#8211;</p>
<hr />
<p><strong>Info</strong></p>
<p>Die Gedenktafel aus weißem Marmor im Ausmaß von 75 x 60 cm ist an einem Betonmonument im Ausmaß von 134 x 224 cm befestigt. Es befindet sich an der Straße am westlichen Dorfeingang. Die Gedenktafel erinnert an das Datum, an dem die italienischen Faschisten das Dorf verbrannten und zwei Patrioten töteten. Das Denkmal wurde von der lokalen nationalen Organisation Vrbanj, am 27. Juli 1951 am kroatischen Nationalfeiertag errichtet.</p></div></div><div class='clear_column'></div><div class='content-column one_half'><div style="padding-right:6px;"><p style="text-align: left;">Natpis:</p>
<p style="text-align: center;">TREĆEV JANUARA 1943<br />
TALAJNSKI FAŠISTI SPALILI SU<br />
I UNIŠTILI OVO SELO I UBILI<br />
DVOJICU RODOLJUBA KAO ODMAZDU<br />
ZA MASOVNO UČEŠĆE VRBANJANA<br />
U OSLOBODILAČKOM RATU<br />
U SPOMEN DESETGODIŠNJICE<br />
NARODNOG USTANKA PODIŽE</p>
<p style="text-align: center;">27. JULA 1951. GOD.                NAROD VRBANJA</p></div></div><div class='content-column one_half last_column'><div style="padding-right:0px;padding-left:6px;"><p>Inschrift:</p>
<p style="text-align: center;">Am 3. Jänner 1943<br />
verbrannten und zerstörten italienische<br />
Faschisten dieses Dorf und töteten<br />
zwei Patrioten<br />
als Vergeltung für die Massenbeteiligung<br />
am Befreiungskrieg.<br />
Errichtet zum Gedenken an den zehnten<br />
Jahrestag des Volksaufstandes.</p>
<p style="text-align: center;">27. Juli 1951.            Das Volk von Vrbanj</p></div></div><div class='clear_column'></div></p>
<hr />
<p><strong>Linkovi / Links</strong></p>
<p>&#8211;</p>
