{"id":6794,"date":"2018-08-21T16:08:36","date_gmt":"2018-08-21T14:08:36","guid":{"rendered":"https:\/\/www.topohvar.at\/?page_id=6794"},"modified":"2023-08-19T15:35:46","modified_gmt":"2023-08-19T13:35:46","slug":"vj-og-01-1","status":"publish","type":"page","link":"https:\/\/www.topohvar.at\/topo\/orte\/vj\/vj-og-01-1\/","title":{"rendered":"VRBANJ &#8211; Objekt \u00bbStaro groblje\u00ab"},"content":{"rendered":"<p><strong><img loading=\"lazy\" decoding=\"async\" class=\"alignnone wp-image-6618 size-large\" src=\"https:\/\/www.topohvar.at\/wp-content\/uploads\/2018\/08\/vj-og-01-0-1024x503.jpg\" alt=\"\" width=\"640\" height=\"314\" srcset=\"https:\/\/www.topohvar.at\/wp-content\/uploads\/2018\/08\/vj-og-01-0-1024x503.jpg 1024w, https:\/\/www.topohvar.at\/wp-content\/uploads\/2018\/08\/vj-og-01-0-300x147.jpg 300w, https:\/\/www.topohvar.at\/wp-content\/uploads\/2018\/08\/vj-og-01-0-768x377.jpg 768w, https:\/\/www.topohvar.at\/wp-content\/uploads\/2018\/08\/vj-og-01-0.jpg 1080w\" sizes=\"auto, (max-width: 640px) 100vw, 640px\" \/><\/strong><\/p>\n<p><strong>Ime \/ Name<br \/>\n<\/strong>Objekt \u00bbStaro groblje\u00ab \/ Alter Friedhof<\/p>\n<p><strong>Code: <\/strong>VJ-OG-01\u00a0 \u00a0 \u00a0 \u00a0 \u00a0 \u00a0 \u00a0 \u00a0<strong>\u00a0 \u00a0 \u00a0 \u00a0 \u00a0 \u00a0 \u00a0 \u00a0 \u00a0 <a href=\"https:\/\/www.topohvar.at\/topo\/orte\/vj\/vj-ov-01-1\"><img loading=\"lazy\" decoding=\"async\" class=\"alignnone wp-image-12300 size-full\" src=\"https:\/\/www.topohvar.at\/wp-content\/uploads\/2018\/09\/push-vor-30.jpg\" alt=\"\" width=\"61\" height=\"30\" \/><\/a> <a href=\"https:\/\/www.topohvar.at\/orte\/vj\/\"><img loading=\"lazy\" decoding=\"async\" class=\"alignnone wp-image-535 size-full\" src=\"https:\/\/www.topohvar.at\/wp-content\/uploads\/2018\/07\/push-o-30.jpg\" alt=\"\" width=\"61\" height=\"30\" \/><\/a>\u00a0<a href=\"https:\/\/www.topohvar.at\/orte\/vj\/vj-og-02-1\/\"><img loading=\"lazy\" decoding=\"async\" class=\"alignnone wp-image-536 size-full\" src=\"https:\/\/www.topohvar.at\/wp-content\/uploads\/2018\/07\/push-r-30.jpg\" alt=\"\" width=\"61\" height=\"30\" \/><\/a> <a href=\"https:\/\/www.topohvar.at\/topo\/orte\/vj\/vj-ob-02-1\"><img loading=\"lazy\" decoding=\"async\" class=\"alignnone wp-image-12299 size-full\" src=\"https:\/\/www.topohvar.at\/wp-content\/uploads\/2018\/09\/push-next-30.jpg\" alt=\"\" width=\"61\" height=\"30\" \/><\/a><\/strong><\/p>\n<hr \/>\n<p><strong>Adresa \/ Adresse<br \/>\n<\/strong>Vrbanj, Staro Groblje<\/p>\n<p><strong>Lokalna polo\u017eaj \/ Position<a href=\"https:\/\/goo.gl\/maps\/txnph3XBMPb4bhT39\"><img loading=\"lazy\" decoding=\"async\" class=\"alignright wp-image-6898\" src=\"https:\/\/www.topohvar.at\/wp-content\/uploads\/2018\/08\/0866.jpg\" alt=\"\" width=\"134\" height=\"100\" \/><\/a><br \/>\n<\/strong><span style=\"color: #3366ff;\"><a style=\"color: #3366ff;\" href=\"https:\/\/goo.gl\/maps\/txnph3XBMPb4bhT39\">Latitude: N 43,16689\u00b0\u00a0 \u00a0 Longitude: E 16,64564\u00b0\u00a0<\/a><\/span><strong><br \/>\n<\/strong>Visina \/ H\u00f6he: 84 m<\/p>\n<p><strong>Zemlji\u0161te \/ Grundst\u00fccke<br \/>\n<\/strong>*63<div class='content-column one_half'><div style=\"padding-right:6px;\"><p><strong>Datum snimanja \/ Erfassungsdatum<br \/>\n<\/strong>22.05.2013 10:13:21<\/p>\n<hr \/>\n<p><strong>Informacije<\/strong><\/p>\n<p>Staro groblje, okru\u017eeno zidinama, nalazi se sjeverno od \u017eupne crkve Sv. Duh.\u00a0Radovi na novom groblju zapo\u010deli su 1963g. Vi\u0161e godina se je ukop vr\u0161io na oba groblja da bi staro groblje kona\u010dno(osim za specifi\u010dne pojedina\u010dne ukope) van upotrebe bilo stavljeno 1988g.<\/p><\/div><\/div><div class='content-column one_half last_column'><div style=\"padding-right:0px;padding-left:6px;\"><p><strong>Za\u0161titni polo\u017eaj \/ Schutzstellung<br \/>\n<\/strong>&#8211;<\/p>\n<hr \/>\n<p><strong>Info<\/strong><\/p>\n<p>Der mit einer Umfassungsmauer umgebene alte Friedhof befindet sich n\u00f6rdlich der Pfarrkirche zum hl. Geist.\u00a0Die Arbeiten zum neuen Friedhof begannen im Jahr 1963. Einige Zeit wurde auf beiden Friedh\u00f6fen bestattet, bis der alte Friedhof im Jahr 1988 endg\u00fcltig (au\u00dfer einzelne Sonderf\u00e4lle) au\u00dfer Betrieb gesetzt wurde.<\/p><\/div><\/div><div class='clear_column'><\/div><\/p>\n<hr \/>\n<p><strong>Linkovi \/ Links<\/strong><\/p>\n<p><span style=\"color: #3366ff;\"><a style=\"color: #3366ff;\" href=\"https:\/\/www.topohvar.at\/orte\/vj\/vj-ck-01-1\/\">Kapelica groblja \/ Friedhofskirche<\/a><br \/>\n<\/span><span style=\"color: #3366ff;\"><a style=\"color: #3366ff;\" href=\"https:\/\/www.topohvar.at\/orte\/vj\/vj-cz-03-1\/\">Kri\u017e na groblju \/ Kreuz am Friedhof<\/a><\/span><\/p>\n","protected":false},"excerpt":{"rendered":"<p>Ime \/ Name Objekt \u00bbStaro groblje\u00ab \/ Alter Friedhof Code: VJ-OG-01\u00a0 \u00a0 \u00a0 \u00a0 \u00a0 \u00a0 \u00a0 \u00a0\u00a0 \u00a0 \u00a0 \u00a0 \u00a0 \u00a0 \u00a0 \u00a0 \u00a0 \u00a0 Adresa \/ Adresse Vrbanj, Staro Groblje Lokalna polo\u017eaj \/ Position Latitude: N 43,16689\u00b0\u00a0 &hellip; <a href=\"https:\/\/www.topohvar.at\/topo\/orte\/vj\/vj-og-01-1\/\">Weiterlesen <span class=\"meta-nav\">&rarr;<\/span><\/a><\/p>\n","protected":false},"author":1,"featured_media":0,"parent":111,"menu_order":0,"comment_status":"closed","ping_status":"closed","template":"","meta":{"footnotes":""},"class_list":["post-6794","page","type-page","status-publish","hentry"],"_links":{"self":[{"href":"https:\/\/www.topohvar.at\/topo\/wp-json\/wp\/v2\/pages\/6794","targetHints":{"allow":["GET"]}}],"collection":[{"href":"https:\/\/www.topohvar.at\/topo\/wp-json\/wp\/v2\/pages"}],"about":[{"href":"https:\/\/www.topohvar.at\/topo\/wp-json\/wp\/v2\/types\/page"}],"author":[{"embeddable":true,"href":"https:\/\/www.topohvar.at\/topo\/wp-json\/wp\/v2\/users\/1"}],"replies":[{"embeddable":true,"href":"https:\/\/www.topohvar.at\/topo\/wp-json\/wp\/v2\/comments?post=6794"}],"version-history":[{"count":18,"href":"https:\/\/www.topohvar.at\/topo\/wp-json\/wp\/v2\/pages\/6794\/revisions"}],"predecessor-version":[{"id":64313,"href":"https:\/\/www.topohvar.at\/topo\/wp-json\/wp\/v2\/pages\/6794\/revisions\/64313"}],"up":[{"embeddable":true,"href":"https:\/\/www.topohvar.at\/topo\/wp-json\/wp\/v2\/pages\/111"}],"wp:attachment":[{"href":"https:\/\/www.topohvar.at\/topo\/wp-json\/wp\/v2\/media?parent=6794"}],"curies":[{"name":"wp","href":"https:\/\/api.w.org\/{rel}","templated":true}]}}

<p><strong><img loading="lazy" decoding="async" class="alignnone wp-image-6618 size-large" src="https://www.topohvar.at/wp-content/uploads/2018/08/vj-og-01-0-1024x503.jpg" alt="" width="640" height="314" srcset="https://www.topohvar.at/wp-content/uploads/2018/08/vj-og-01-0-1024x503.jpg 1024w, https://www.topohvar.at/wp-content/uploads/2018/08/vj-og-01-0-300x147.jpg 300w, https://www.topohvar.at/wp-content/uploads/2018/08/vj-og-01-0-768x377.jpg 768w, https://www.topohvar.at/wp-content/uploads/2018/08/vj-og-01-0.jpg 1080w" sizes="auto, (max-width: 640px) 100vw, 640px" /></strong></p>
<p><strong>Ime / Name<br />
</strong>Objekt »Staro groblje« / Alter Friedhof</p>
<p><strong>Code: </strong>VJ-OG-01               <strong>                  <a href="https://www.topohvar.at/topo/orte/vj/vj-ov-01-1"><img loading="lazy" decoding="async" class="alignnone wp-image-12300 size-full" src="https://www.topohvar.at/wp-content/uploads/2018/09/push-vor-30.jpg" alt="" width="61" height="30" /></a> <a href="https://www.topohvar.at/orte/vj/"><img loading="lazy" decoding="async" class="alignnone wp-image-535 size-full" src="https://www.topohvar.at/wp-content/uploads/2018/07/push-o-30.jpg" alt="" width="61" height="30" /></a> <a href="https://www.topohvar.at/orte/vj/vj-og-02-1/"><img loading="lazy" decoding="async" class="alignnone wp-image-536 size-full" src="https://www.topohvar.at/wp-content/uploads/2018/07/push-r-30.jpg" alt="" width="61" height="30" /></a> <a href="https://www.topohvar.at/topo/orte/vj/vj-ob-02-1"><img loading="lazy" decoding="async" class="alignnone wp-image-12299 size-full" src="https://www.topohvar.at/wp-content/uploads/2018/09/push-next-30.jpg" alt="" width="61" height="30" /></a></strong></p>
<hr />
<p><strong>Adresa / Adresse<br />
</strong>Vrbanj, Staro Groblje</p>
<p><strong>Lokalna položaj / Position<a href="https://goo.gl/maps/txnph3XBMPb4bhT39"><img loading="lazy" decoding="async" class="alignright wp-image-6898" src="https://www.topohvar.at/wp-content/uploads/2018/08/0866.jpg" alt="" width="134" height="100" /></a><br />
</strong><span style="color: #3366ff;"><a style="color: #3366ff;" href="https://goo.gl/maps/txnph3XBMPb4bhT39">Latitude: N 43,16689°    Longitude: E 16,64564° </a></span><strong><br />
</strong>Visina / Höhe: 84 m</p>
<p><strong>Zemljište / Grundstücke<br />
</strong>*63<div class='content-column one_half'><div style="padding-right:6px;"><p><strong>Datum snimanja / Erfassungsdatum<br />
</strong>22.05.2013 10:13:21</p>
<hr />
<p><strong>Informacije</strong></p>
<p>Staro groblje, okruženo zidinama, nalazi se sjeverno od župne crkve Sv. Duh. Radovi na novom groblju započeli su 1963g. Više godina se je ukop vršio na oba groblja da bi staro groblje konačno(osim za specifične pojedinačne ukope) van upotrebe bilo stavljeno 1988g.</p></div></div><div class='content-column one_half last_column'><div style="padding-right:0px;padding-left:6px;"><p><strong>Zaštitni položaj / Schutzstellung<br />
</strong>&#8211;</p>
<hr />
<p><strong>Info</strong></p>
<p>Der mit einer Umfassungsmauer umgebene alte Friedhof befindet sich nördlich der Pfarrkirche zum hl. Geist. Die Arbeiten zum neuen Friedhof begannen im Jahr 1963. Einige Zeit wurde auf beiden Friedhöfen bestattet, bis der alte Friedhof im Jahr 1988 endgültig (außer einzelne Sonderfälle) außer Betrieb gesetzt wurde.</p></div></div><div class='clear_column'></div></p>
<hr />
<p><strong>Linkovi / Links</strong></p>
<p><span style="color: #3366ff;"><a style="color: #3366ff;" href="https://www.topohvar.at/orte/vj/vj-ck-01-1/">Kapelica groblja / Friedhofskirche</a><br />
</span><span style="color: #3366ff;"><a style="color: #3366ff;" href="https://www.topohvar.at/orte/vj/vj-cz-03-1/">Križ na groblju / Kreuz am Friedhof</a></span></p>

<p>Ime / Name Objekt »Staro groblje« / Alter Friedhof Code: VJ-OG-01                                   Adresa / Adresse Vrbanj, Staro Groblje Lokalna položaj / Position Latitude: N 43,16689°  &hellip; <a href="https://www.topohvar.at/topo/orte/vj/vj-og-01-1/">Weiterlesen <span class="meta-nav">&rarr;</span></a></p>
