{"id":6796,"date":"2018-08-21T16:10:15","date_gmt":"2018-08-21T14:10:15","guid":{"rendered":"https:\/\/www.topohvar.at\/?page_id=6796"},"modified":"2021-06-30T08:56:36","modified_gmt":"2021-06-30T06:56:36","slug":"vj-og-02-1","status":"publish","type":"page","link":"https:\/\/www.topohvar.at\/topo\/orte\/vj\/vj-og-02-1\/","title":{"rendered":"VRBANJ &#8211; Objekt \u00bbNovo groblje\u00ab"},"content":{"rendered":"<p><a name=\"seite_oben\"><\/a><br \/>\n<strong><img loading=\"lazy\" decoding=\"async\" class=\"alignnone wp-image-6619 size-large\" src=\"https:\/\/www.topohvar.at\/wp-content\/uploads\/2018\/08\/vj-og-02-0-1024x503.jpg\" alt=\"\" width=\"640\" height=\"314\" srcset=\"https:\/\/www.topohvar.at\/wp-content\/uploads\/2018\/08\/vj-og-02-0-1024x503.jpg 1024w, https:\/\/www.topohvar.at\/wp-content\/uploads\/2018\/08\/vj-og-02-0-300x147.jpg 300w, https:\/\/www.topohvar.at\/wp-content\/uploads\/2018\/08\/vj-og-02-0-768x377.jpg 768w, https:\/\/www.topohvar.at\/wp-content\/uploads\/2018\/08\/vj-og-02-0.jpg 1080w\" sizes=\"auto, (max-width: 640px) 100vw, 640px\" \/><\/strong><\/p>\n<p><strong>Ime \/ Name<br \/>\n<\/strong>Objekt \u00bbNovo groblje\u00ab \/ Neuer Friedhof<\/p>\n<p><strong>Code: <\/strong>VJ-OG-02\u00a0 \u00a0 \u00a0 \u00a0 \u00a0 \u00a0 \u00a0 \u00a0<strong>\u00a0 \u00a0 \u00a0 \u00a0 \u00a0 \u00a0 \u00a0 \u00a0 \u00a0 <a href=\"https:\/\/www.topohvar.at\/topo\/orte\/vj\/vj-ov-01-1\"><img loading=\"lazy\" decoding=\"async\" class=\"alignnone wp-image-12300 size-full\" src=\"https:\/\/www.topohvar.at\/wp-content\/uploads\/2018\/09\/push-vor-30.jpg\" alt=\"\" width=\"61\" height=\"30\" \/><\/a> <a href=\"https:\/\/www.topohvar.at\/orte\/vj\/vj-og-01-1\/\"><img loading=\"lazy\" decoding=\"async\" class=\"alignnone wp-image-533 size-full\" src=\"https:\/\/www.topohvar.at\/wp-content\/uploads\/2018\/07\/push-l-30.jpg\" alt=\"\" width=\"61\" height=\"30\" \/><\/a>\u00a0<a href=\"https:\/\/www.topohvar.at\/orte\/vj\/\"><img loading=\"lazy\" decoding=\"async\" class=\"alignnone wp-image-535 size-full\" src=\"https:\/\/www.topohvar.at\/wp-content\/uploads\/2018\/07\/push-o-30.jpg\" alt=\"\" width=\"61\" height=\"30\" \/><\/a> <a href=\"https:\/\/www.topohvar.at\/topo\/orte\/vj\/vj-ob-01-1\"><img loading=\"lazy\" decoding=\"async\" class=\"alignnone wp-image-12299 size-full\" src=\"https:\/\/www.topohvar.at\/wp-content\/uploads\/2018\/09\/push-next-30.jpg\" alt=\"\" width=\"61\" height=\"30\" \/><\/a><\/strong><\/p>\n<hr \/>\n<p><strong>Adresa \/ Adresse<br \/>\n<\/strong>Vrbanj, Novo groblje \/ Neuer Friedhof<\/p>\n<p><strong>Lokacija \/ Position<a href=\"https:\/\/goo.gl\/maps\/qx1QkffkHQMDyuRq8\"><img loading=\"lazy\" decoding=\"async\" class=\"alignright wp-image-7142\" src=\"https:\/\/www.topohvar.at\/wp-content\/uploads\/2018\/08\/1727.jpg\" alt=\"\" width=\"134\" height=\"100\" \/><\/a><br \/>\n<\/strong><span style=\"color: #3366ff;\"><a style=\"color: #3366ff;\" href=\"https:\/\/goo.gl\/maps\/qx1QkffkHQMDyuRq8\">Latitude: N 43,16929\u00b0\u00a0 \u00a0 Longitude: E 16,64651\u00b0\u00a0<\/a><\/span><strong><br \/>\n<\/strong>Visina \/ H\u00f6he: 59 m<\/p>\n<p><strong>Katastarska \u010destica \/ Grundst\u00fccke<br \/>\n<\/strong>2401, 2402\/1-2, 2403, 2404\/1, 2405, 2407\/3<div class='content-column one_half'><div style=\"padding-right:6px;\"><p><strong>Datum snimanja \/ Erfassungsdatum<br \/>\n<\/strong>22.05.2013 11:20:00<\/p>\n<hr \/>\n<p><strong>Informacije<\/strong><\/p>\n<p>Groblje se nalazi sjeverno od sela Vrbanj, u blizini male crkve sv. Kozme i Damjana. Od ceste prema sjeveru, dugo stubi\u0161te vodi do platoa groblja.<\/p><\/div><\/div><div class='content-column one_half last_column'><div style=\"padding-right:0px;padding-left:6px;\"><p><strong>Stupanj za\u0161tite \/ Schutzstellung<br \/>\n<\/strong>&#8211;<\/p>\n<hr \/>\n<p><strong>Info<\/strong><\/p>\n<p>Der Friedhof befindet sich n\u00f6rdlich der Ortschaft Vrbanj in der N\u00e4he der kleinen Kirche der Heiligen Cosma und Damian. Von der im Norden angrenzenden Stra\u00dfe f\u00fchrt eine lange Stiege auf das Plateau des Friedhofs.<\/p><\/div><\/div><div class='clear_column'><\/div><div class='content-column one_half'><div style=\"padding-right:6px;\"><p>Radovi na novom groblju zapo\u010deli su 1963g. a prvi ukopi su obavljeni 1977g. Vi\u0161e godina se je ukop vr\u0161io na oba groblja da bi staro groblje kona\u010dno(osim za specifi\u010dne pojedina\u010dne ukope) van upotrebe bilo stavljeno 1988g. Sada\u0161nji put do groblja betoniran je 1991g.<\/p><\/div><\/div><div class='content-column one_half last_column'><div style=\"padding-right:0px;padding-left:6px;\"><p>Die Arbeiten zum neuen Friedhof begannen im Jahr 1963. Die ersten Begr\u00e4bnisse erfolgten 1977. Einige Zeit wurde auf beiden Friedh\u00f6fen bestattet, bis der alte Friedhof im Jahr 1988 endg\u00fcltig (au\u00dfer einzelne Sonderf\u00e4lle) au\u00dfer Betrieb gesetzt wurde. Die heutige Stra\u00dfe zum Friedhof wurde im Jahr 1991 asphaltiert.<\/p><\/div><\/div><div class='clear_column'><\/div><\/p>\n<p style=\"text-align: right;\"><a href=\"#seite_oben\">gore \/ Seitenanfang<\/a><\/p>\n<hr \/>\n<p><strong>Linkovi \/ Links<\/strong><\/p>\n<p><span style=\"color: #3366ff;\"><a style=\"color: #3366ff;\" href=\"https:\/\/www.topohvar.at\/orte\/vj\/vj-mo-06-1\/\">Spomenik kapela pala borcima \/ Ged\u00e4chtniskapelle der Gefallenen<\/a><\/span><\/p>\n","protected":false},"excerpt":{"rendered":"<p>Ime \/ Name Objekt \u00bbNovo groblje\u00ab \/ Neuer Friedhof Code: VJ-OG-02\u00a0 \u00a0 \u00a0 \u00a0 \u00a0 \u00a0 \u00a0 \u00a0\u00a0 \u00a0 \u00a0 \u00a0 \u00a0 \u00a0 \u00a0 \u00a0 \u00a0 \u00a0 Adresa \/ Adresse Vrbanj, Novo groblje \/ Neuer Friedhof Lokacija \/ Position Latitude: &hellip; <a href=\"https:\/\/www.topohvar.at\/topo\/orte\/vj\/vj-og-02-1\/\">Weiterlesen <span class=\"meta-nav\">&rarr;<\/span><\/a><\/p>\n","protected":false},"author":1,"featured_media":0,"parent":111,"menu_order":0,"comment_status":"closed","ping_status":"closed","template":"","meta":{"footnotes":""},"class_list":["post-6796","page","type-page","status-publish","hentry"],"_links":{"self":[{"href":"https:\/\/www.topohvar.at\/topo\/wp-json\/wp\/v2\/pages\/6796","targetHints":{"allow":["GET"]}}],"collection":[{"href":"https:\/\/www.topohvar.at\/topo\/wp-json\/wp\/v2\/pages"}],"about":[{"href":"https:\/\/www.topohvar.at\/topo\/wp-json\/wp\/v2\/types\/page"}],"author":[{"embeddable":true,"href":"https:\/\/www.topohvar.at\/topo\/wp-json\/wp\/v2\/users\/1"}],"replies":[{"embeddable":true,"href":"https:\/\/www.topohvar.at\/topo\/wp-json\/wp\/v2\/comments?post=6796"}],"version-history":[{"count":15,"href":"https:\/\/www.topohvar.at\/topo\/wp-json\/wp\/v2\/pages\/6796\/revisions"}],"predecessor-version":[{"id":7139,"href":"https:\/\/www.topohvar.at\/topo\/wp-json\/wp\/v2\/pages\/6796\/revisions\/7139"}],"up":[{"embeddable":true,"href":"https:\/\/www.topohvar.at\/topo\/wp-json\/wp\/v2\/pages\/111"}],"wp:attachment":[{"href":"https:\/\/www.topohvar.at\/topo\/wp-json\/wp\/v2\/media?parent=6796"}],"curies":[{"name":"wp","href":"https:\/\/api.w.org\/{rel}","templated":true}]}}

<p><a name="seite_oben"></a><br />
<strong><img loading="lazy" decoding="async" class="alignnone wp-image-6619 size-large" src="https://www.topohvar.at/wp-content/uploads/2018/08/vj-og-02-0-1024x503.jpg" alt="" width="640" height="314" srcset="https://www.topohvar.at/wp-content/uploads/2018/08/vj-og-02-0-1024x503.jpg 1024w, https://www.topohvar.at/wp-content/uploads/2018/08/vj-og-02-0-300x147.jpg 300w, https://www.topohvar.at/wp-content/uploads/2018/08/vj-og-02-0-768x377.jpg 768w, https://www.topohvar.at/wp-content/uploads/2018/08/vj-og-02-0.jpg 1080w" sizes="auto, (max-width: 640px) 100vw, 640px" /></strong></p>
<p><strong>Ime / Name<br />
</strong>Objekt »Novo groblje« / Neuer Friedhof</p>
<p><strong>Code: </strong>VJ-OG-02               <strong>                  <a href="https://www.topohvar.at/topo/orte/vj/vj-ov-01-1"><img loading="lazy" decoding="async" class="alignnone wp-image-12300 size-full" src="https://www.topohvar.at/wp-content/uploads/2018/09/push-vor-30.jpg" alt="" width="61" height="30" /></a> <a href="https://www.topohvar.at/orte/vj/vj-og-01-1/"><img loading="lazy" decoding="async" class="alignnone wp-image-533 size-full" src="https://www.topohvar.at/wp-content/uploads/2018/07/push-l-30.jpg" alt="" width="61" height="30" /></a> <a href="https://www.topohvar.at/orte/vj/"><img loading="lazy" decoding="async" class="alignnone wp-image-535 size-full" src="https://www.topohvar.at/wp-content/uploads/2018/07/push-o-30.jpg" alt="" width="61" height="30" /></a> <a href="https://www.topohvar.at/topo/orte/vj/vj-ob-01-1"><img loading="lazy" decoding="async" class="alignnone wp-image-12299 size-full" src="https://www.topohvar.at/wp-content/uploads/2018/09/push-next-30.jpg" alt="" width="61" height="30" /></a></strong></p>
<hr />
<p><strong>Adresa / Adresse<br />
</strong>Vrbanj, Novo groblje / Neuer Friedhof</p>
<p><strong>Lokacija / Position<a href="https://goo.gl/maps/qx1QkffkHQMDyuRq8"><img loading="lazy" decoding="async" class="alignright wp-image-7142" src="https://www.topohvar.at/wp-content/uploads/2018/08/1727.jpg" alt="" width="134" height="100" /></a><br />
</strong><span style="color: #3366ff;"><a style="color: #3366ff;" href="https://goo.gl/maps/qx1QkffkHQMDyuRq8">Latitude: N 43,16929°    Longitude: E 16,64651° </a></span><strong><br />
</strong>Visina / Höhe: 59 m</p>
<p><strong>Katastarska čestica / Grundstücke<br />
</strong>2401, 2402/1-2, 2403, 2404/1, 2405, 2407/3<div class='content-column one_half'><div style="padding-right:6px;"><p><strong>Datum snimanja / Erfassungsdatum<br />
</strong>22.05.2013 11:20:00</p>
<hr />
<p><strong>Informacije</strong></p>
<p>Groblje se nalazi sjeverno od sela Vrbanj, u blizini male crkve sv. Kozme i Damjana. Od ceste prema sjeveru, dugo stubište vodi do platoa groblja.</p></div></div><div class='content-column one_half last_column'><div style="padding-right:0px;padding-left:6px;"><p><strong>Stupanj zaštite / Schutzstellung<br />
</strong>&#8211;</p>
<hr />
<p><strong>Info</strong></p>
<p>Der Friedhof befindet sich nördlich der Ortschaft Vrbanj in der Nähe der kleinen Kirche der Heiligen Cosma und Damian. Von der im Norden angrenzenden Straße führt eine lange Stiege auf das Plateau des Friedhofs.</p></div></div><div class='clear_column'></div><div class='content-column one_half'><div style="padding-right:6px;"><p>Radovi na novom groblju započeli su 1963g. a prvi ukopi su obavljeni 1977g. Više godina se je ukop vršio na oba groblja da bi staro groblje konačno(osim za specifične pojedinačne ukope) van upotrebe bilo stavljeno 1988g. Sadašnji put do groblja betoniran je 1991g.</p></div></div><div class='content-column one_half last_column'><div style="padding-right:0px;padding-left:6px;"><p>Die Arbeiten zum neuen Friedhof begannen im Jahr 1963. Die ersten Begräbnisse erfolgten 1977. Einige Zeit wurde auf beiden Friedhöfen bestattet, bis der alte Friedhof im Jahr 1988 endgültig (außer einzelne Sonderfälle) außer Betrieb gesetzt wurde. Die heutige Straße zum Friedhof wurde im Jahr 1991 asphaltiert.</p></div></div><div class='clear_column'></div></p>
<p style="text-align: right;"><a href="#seite_oben">gore / Seitenanfang</a></p>
<hr />
<p><strong>Linkovi / Links</strong></p>
<p><span style="color: #3366ff;"><a style="color: #3366ff;" href="https://www.topohvar.at/orte/vj/vj-mo-06-1/">Spomenik kapela pala borcima / Gedächtniskapelle der Gefallenen</a></span></p>
